{"id":132,"date":"2019-02-18T11:12:16","date_gmt":"2019-02-18T10:12:16","guid":{"rendered":"http:\/\/patrimoine-avesnois.fr\/censes\/?page_id=132"},"modified":"2019-02-18T11:12:16","modified_gmt":"2019-02-18T10:12:16","slug":"les-censes-de-labbaye-de-cambron","status":"publish","type":"page","link":"http:\/\/patrimoine-avesnois.fr\/censes\/les-censes-de-labbaye-de-cambron\/","title":{"rendered":"Les censes de l&rsquo;abbaye de Cambron"},"content":{"rendered":"\n<p class=\"has-text-color has-medium-font-size has-bright-red-color\">Bermeries<\/p>\n\n\n\n<div class=\"wp-block-image\"><figure class=\"aligncenter\"><img data-recalc-dims=\"1\" loading=\"lazy\" decoding=\"async\" width=\"713\" height=\"474\" data-attachment-id=\"133\" data-permalink=\"http:\/\/patrimoine-avesnois.fr\/censes\/les-censes-de-labbaye-de-cambron\/capture-60\/\" data-orig-file=\"https:\/\/i0.wp.com\/patrimoine-avesnois.fr\/censes\/wp-content\/uploads\/2019\/02\/Capture-59.png?fit=713%2C474\" data-orig-size=\"713,474\" data-comments-opened=\"1\" data-image-meta=\"{&quot;aperture&quot;:&quot;0&quot;,&quot;credit&quot;:&quot;&quot;,&quot;camera&quot;:&quot;&quot;,&quot;caption&quot;:&quot;&quot;,&quot;created_timestamp&quot;:&quot;0&quot;,&quot;copyright&quot;:&quot;&quot;,&quot;focal_length&quot;:&quot;0&quot;,&quot;iso&quot;:&quot;0&quot;,&quot;shutter_speed&quot;:&quot;0&quot;,&quot;title&quot;:&quot;&quot;,&quot;orientation&quot;:&quot;0&quot;}\" data-image-title=\"Capture\" data-image-description=\"\" data-image-caption=\"\" data-large-file=\"https:\/\/i0.wp.com\/patrimoine-avesnois.fr\/censes\/wp-content\/uploads\/2019\/02\/Capture-59.png?fit=713%2C474\" src=\"https:\/\/i0.wp.com\/patrimoine-avesnois.fr\/censes\/wp-content\/uploads\/2019\/02\/Capture-59.png?resize=713%2C474\" alt=\"\" class=\"wp-image-133\" srcset=\"https:\/\/i0.wp.com\/patrimoine-avesnois.fr\/censes\/wp-content\/uploads\/2019\/02\/Capture-59.png?w=713 713w, https:\/\/i0.wp.com\/patrimoine-avesnois.fr\/censes\/wp-content\/uploads\/2019\/02\/Capture-59.png?resize=300%2C199 300w\" sizes=\"auto, (max-width: 713px) 85vw, 713px\" \/><figcaption>La ferme de Cambron<\/figcaption><\/figure><\/div>\n\n\n\n<p>Deux fermes appartenaient \u00e0 l\u2019abbaye de Cambron\u00a0: l\u2019importante ferme de Cambron et la ferme du Bois de Cambron. <\/p>\n\n\n\n<p>Avant les \u00e9v\u00e9nements r\u00e9volutionnaires, la premi\u00e8re ferme \u00e9tait afferm\u00e9e \u00e0 Pascal Brayere (1717 1771) et \u00e0 son \u00e9pouse Marie Barbe Leleu (1707 1771). Leur fille Marie Barbe (1748 1820) se maria en 1770 avec Thomas Joseph Manesse (1746 1821). <\/p>\n\n\n\n<p>Celui-ci acheta la ferme en l\u2019An IV (09\/1795 09\/1796).<\/p>\n\n\n\n<p>La seconde ferme \u00e9tait afferm\u00e9e \u00e0 Fr\u00e9deric Evrard qui\nl\u2019acheta \u00e9galement apr\u00e8s les \u00e9meutes de 1789.<strong><\/strong><\/p>\n","protected":false},"excerpt":{"rendered":"<p>Bermeries Deux fermes appartenaient \u00e0 l\u2019abbaye de Cambron\u00a0: l\u2019importante ferme de Cambron et la ferme du Bois de Cambron. Avant les \u00e9v\u00e9nements r\u00e9volutionnaires, la premi\u00e8re ferme \u00e9tait afferm\u00e9e \u00e0 Pascal Brayere (1717 1771) et \u00e0 son \u00e9pouse Marie Barbe Leleu (1707 1771). Leur fille Marie Barbe (1748 1820) se maria en 1770 avec Thomas Joseph &hellip; <a href=\"http:\/\/patrimoine-avesnois.fr\/censes\/les-censes-de-labbaye-de-cambron\/\" class=\"more-link\">Continuer la lecture<span class=\"screen-reader-text\"> de &laquo;&nbsp;Les censes de l&rsquo;abbaye de Cambron&nbsp;&raquo;<\/span><\/a><\/p>\n","protected":false},"author":2,"featured_media":0,"parent":0,"menu_order":0,"comment_status":"closed","ping_status":"closed","template":"","meta":{"jetpack_post_was_ever_published":false,"footnotes":""},"class_list":["post-132","page","type-page","status-publish","hentry"],"jetpack_sharing_enabled":true,"jetpack_shortlink":"https:\/\/wp.me\/PaKSRG-28","jetpack-related-posts":[],"_links":{"self":[{"href":"http:\/\/patrimoine-avesnois.fr\/censes\/wp-json\/wp\/v2\/pages\/132","targetHints":{"allow":["GET"]}}],"collection":[{"href":"http:\/\/patrimoine-avesnois.fr\/censes\/wp-json\/wp\/v2\/pages"}],"about":[{"href":"http:\/\/patrimoine-avesnois.fr\/censes\/wp-json\/wp\/v2\/types\/page"}],"author":[{"embeddable":true,"href":"http:\/\/patrimoine-avesnois.fr\/censes\/wp-json\/wp\/v2\/users\/2"}],"replies":[{"embeddable":true,"href":"http:\/\/patrimoine-avesnois.fr\/censes\/wp-json\/wp\/v2\/comments?post=132"}],"version-history":[{"count":1,"href":"http:\/\/patrimoine-avesnois.fr\/censes\/wp-json\/wp\/v2\/pages\/132\/revisions"}],"predecessor-version":[{"id":134,"href":"http:\/\/patrimoine-avesnois.fr\/censes\/wp-json\/wp\/v2\/pages\/132\/revisions\/134"}],"wp:attachment":[{"href":"http:\/\/patrimoine-avesnois.fr\/censes\/wp-json\/wp\/v2\/media?parent=132"}],"curies":[{"name":"wp","href":"https:\/\/api.w.org\/{rel}","templated":true}]}}