{"id":224,"date":"2019-02-19T13:25:49","date_gmt":"2019-02-19T12:25:49","guid":{"rendered":"http:\/\/patrimoine-avesnois.fr\/censes\/?page_id=224"},"modified":"2019-04-25T13:41:48","modified_gmt":"2019-04-25T11:41:48","slug":"les-censes-du-duc-dorleans","status":"publish","type":"page","link":"http:\/\/patrimoine-avesnois.fr\/censes\/les-censes-du-duc-dorleans\/","title":{"rendered":"Les censes du Duc d\u2019Orl\u00e9ans"},"content":{"rendered":"\n<p>Le duc d\u2019Orl\u00e9ans se trouvant en situation financi\u00e8re\nd\u00e9licate et pour se soustraire aux actives poursuites de ses cr\u00e9anciers, se vit\nforc\u00e9 de conclure un concordat avec eux le 9 janvier 1792.<\/p>\n\n\n\n<p>La vente des biens ayant alors \u00e9t\u00e9 r\u00e9solue, la terre\nd\u2019Avesnes fut adjug\u00e9e le 17 juillet 1792 au sieur Corsange qui la revendit en\nd\u00e9tail, apr\u00e8s que la convention nationale par un d\u00e9cret du 1<sup>er<\/sup> mai\n1793 eut lev\u00e9 le s\u00e9questre qu\u2019elle avait mis sur tous ses biens par un autre\nd\u00e9cret du 16 avril pr\u00e9c\u00e9dent (Notice historique sur la terre et pairie\nd&rsquo;Avesnes, en Hainaut sign\u00e9&nbsp;Michaux, Adrien-Joseph).<\/p>\n\n\n\n<p>Parmi ses biens de la Terre d\u2019Avesnes figuraient les censes\nsuivantes&nbsp;: <\/p>\n\n\n\n<p class=\"has-text-color has-medium-font-size has-bright-red-color\"><strong>Damousies<\/strong><\/p>\n\n\n\n<p>Le duc d\u2019Orl\u00e9ans y poss\u00e9dait la ferme du lieu (Notice historique sur la terre et pairie d&rsquo;Avesnes, en Hainaut sign\u00e9\u00a0Michaux Adrien-Joseph). <br>En 1974 , Jean Mossay en donne des pr\u00e9cisions : \u00ab\u00a0elle est dite ch\u00e2teau ferme de l&rsquo;Agace\u00a0\u00bb. <\/p>\n\n\n\n<div class=\"wp-block-image\"><figure class=\"aligncenter\"><img data-recalc-dims=\"1\" loading=\"lazy\" decoding=\"async\" width=\"840\" height=\"298\" data-attachment-id=\"225\" data-permalink=\"http:\/\/patrimoine-avesnois.fr\/censes\/les-censes-du-duc-dorleans\/capture-117\/\" data-orig-file=\"https:\/\/i0.wp.com\/patrimoine-avesnois.fr\/censes\/wp-content\/uploads\/2019\/02\/Capture-116.png?fit=863%2C306\" data-orig-size=\"863,306\" data-comments-opened=\"1\" data-image-meta=\"{&quot;aperture&quot;:&quot;0&quot;,&quot;credit&quot;:&quot;&quot;,&quot;camera&quot;:&quot;&quot;,&quot;caption&quot;:&quot;&quot;,&quot;created_timestamp&quot;:&quot;0&quot;,&quot;copyright&quot;:&quot;&quot;,&quot;focal_length&quot;:&quot;0&quot;,&quot;iso&quot;:&quot;0&quot;,&quot;shutter_speed&quot;:&quot;0&quot;,&quot;title&quot;:&quot;&quot;,&quot;orientation&quot;:&quot;0&quot;}\" data-image-title=\"Capture\" data-image-description=\"\" data-image-caption=\"\" data-large-file=\"https:\/\/i0.wp.com\/patrimoine-avesnois.fr\/censes\/wp-content\/uploads\/2019\/02\/Capture-116.png?fit=840%2C298\" src=\"https:\/\/i0.wp.com\/patrimoine-avesnois.fr\/censes\/wp-content\/uploads\/2019\/02\/Capture-116.png?resize=840%2C298\" alt=\"\" class=\"wp-image-225\" srcset=\"https:\/\/i0.wp.com\/patrimoine-avesnois.fr\/censes\/wp-content\/uploads\/2019\/02\/Capture-116.png?w=863 863w, https:\/\/i0.wp.com\/patrimoine-avesnois.fr\/censes\/wp-content\/uploads\/2019\/02\/Capture-116.png?resize=300%2C106 300w, https:\/\/i0.wp.com\/patrimoine-avesnois.fr\/censes\/wp-content\/uploads\/2019\/02\/Capture-116.png?resize=768%2C272 768w\" sizes=\"auto, (max-width: 709px) 85vw, (max-width: 909px) 67vw, (max-width: 1362px) 62vw, 840px\" \/><figcaption>Ferme situ\u00e9e sur la<a href=\"https:\/\/www.google.fr\/maps\/@50.2310795,4.0112441,3a,75y,250.9h,82.16t\/data=!3m6!1e1!3m4!1s9w911sZoeymcLIsKbglbfA!2e0!7i13312!8i6656\"> D 27<\/a> (Rue de Maubeuge chez M Bernard Huftier)<\/figcaption><\/figure><\/div>\n\n\n\n<div class=\"wp-block-image\"><figure class=\"aligncenter\"><img loading=\"lazy\" decoding=\"async\" width=\"4608\" height=\"2592\" data-attachment-id=\"489\" data-permalink=\"http:\/\/patrimoine-avesnois.fr\/censes\/les-censes-du-duc-dorleans\/ferme-lagace-2\/\" data-orig-file=\"https:\/\/i0.wp.com\/patrimoine-avesnois.fr\/censes\/wp-content\/uploads\/2019\/04\/Ferme-lAgace-2.jpg?fit=4608%2C2592\" data-orig-size=\"4608,2592\" data-comments-opened=\"1\" data-image-meta=\"{&quot;aperture&quot;:&quot;7.8&quot;,&quot;credit&quot;:&quot;&quot;,&quot;camera&quot;:&quot;DMC-SZ10&quot;,&quot;caption&quot;:&quot;&quot;,&quot;created_timestamp&quot;:&quot;1556186527&quot;,&quot;copyright&quot;:&quot;&quot;,&quot;focal_length&quot;:&quot;4.3&quot;,&quot;iso&quot;:&quot;100&quot;,&quot;shutter_speed&quot;:&quot;0.00625&quot;,&quot;title&quot;:&quot;&quot;,&quot;orientation&quot;:&quot;0&quot;}\" data-image-title=\"Ferme l&amp;rsquo;Agace (2)\" data-image-description=\"\" data-image-caption=\"\" data-large-file=\"https:\/\/i0.wp.com\/patrimoine-avesnois.fr\/censes\/wp-content\/uploads\/2019\/04\/Ferme-lAgace-2.jpg?fit=840%2C473\" src=\"https:\/\/i0.wp.com\/patrimoine-avesnois.fr\/censes\/wp-content\/uploads\/2019\/04\/Ferme-lAgace-2.jpg?fit=840%2C473\" alt=\"\" class=\"wp-image-489\" srcset=\"https:\/\/i0.wp.com\/patrimoine-avesnois.fr\/censes\/wp-content\/uploads\/2019\/04\/Ferme-lAgace-2.jpg?w=4608 4608w, https:\/\/i0.wp.com\/patrimoine-avesnois.fr\/censes\/wp-content\/uploads\/2019\/04\/Ferme-lAgace-2.jpg?resize=300%2C169 300w, https:\/\/i0.wp.com\/patrimoine-avesnois.fr\/censes\/wp-content\/uploads\/2019\/04\/Ferme-lAgace-2.jpg?resize=768%2C432 768w, https:\/\/i0.wp.com\/patrimoine-avesnois.fr\/censes\/wp-content\/uploads\/2019\/04\/Ferme-lAgace-2.jpg?resize=1024%2C576 1024w, https:\/\/i0.wp.com\/patrimoine-avesnois.fr\/censes\/wp-content\/uploads\/2019\/04\/Ferme-lAgace-2.jpg?resize=1200%2C675 1200w, https:\/\/i0.wp.com\/patrimoine-avesnois.fr\/censes\/wp-content\/uploads\/2019\/04\/Ferme-lAgace-2.jpg?w=1680 1680w, https:\/\/i0.wp.com\/patrimoine-avesnois.fr\/censes\/wp-content\/uploads\/2019\/04\/Ferme-lAgace-2.jpg?w=2520 2520w\" sizes=\"auto, (max-width: 709px) 85vw, (max-width: 909px) 67vw, (max-width: 1362px) 62vw, 840px\" \/><\/figure><\/div>\n\n\n\n<div class=\"wp-block-image\"><figure class=\"aligncenter\"><img loading=\"lazy\" decoding=\"async\" width=\"4608\" height=\"2592\" data-attachment-id=\"490\" data-permalink=\"http:\/\/patrimoine-avesnois.fr\/censes\/les-censes-du-duc-dorleans\/ferme-lagace-1\/\" data-orig-file=\"https:\/\/i0.wp.com\/patrimoine-avesnois.fr\/censes\/wp-content\/uploads\/2019\/04\/Ferme-lAgace-1.jpg?fit=4608%2C2592\" data-orig-size=\"4608,2592\" data-comments-opened=\"1\" data-image-meta=\"{&quot;aperture&quot;:&quot;3.1&quot;,&quot;credit&quot;:&quot;&quot;,&quot;camera&quot;:&quot;DMC-SZ10&quot;,&quot;caption&quot;:&quot;&quot;,&quot;created_timestamp&quot;:&quot;1556186483&quot;,&quot;copyright&quot;:&quot;&quot;,&quot;focal_length&quot;:&quot;4.3&quot;,&quot;iso&quot;:&quot;100&quot;,&quot;shutter_speed&quot;:&quot;0.00125&quot;,&quot;title&quot;:&quot;&quot;,&quot;orientation&quot;:&quot;1&quot;}\" data-image-title=\"Ferme l&amp;rsquo;Agace (1)\" data-image-description=\"\" data-image-caption=\"\" data-large-file=\"https:\/\/i0.wp.com\/patrimoine-avesnois.fr\/censes\/wp-content\/uploads\/2019\/04\/Ferme-lAgace-1.jpg?fit=840%2C473\" src=\"https:\/\/i0.wp.com\/patrimoine-avesnois.fr\/censes\/wp-content\/uploads\/2019\/04\/Ferme-lAgace-1.jpg?fit=840%2C473\" alt=\"\" class=\"wp-image-490\" srcset=\"https:\/\/i0.wp.com\/patrimoine-avesnois.fr\/censes\/wp-content\/uploads\/2019\/04\/Ferme-lAgace-1.jpg?w=4608 4608w, https:\/\/i0.wp.com\/patrimoine-avesnois.fr\/censes\/wp-content\/uploads\/2019\/04\/Ferme-lAgace-1.jpg?resize=300%2C169 300w, https:\/\/i0.wp.com\/patrimoine-avesnois.fr\/censes\/wp-content\/uploads\/2019\/04\/Ferme-lAgace-1.jpg?resize=768%2C432 768w, https:\/\/i0.wp.com\/patrimoine-avesnois.fr\/censes\/wp-content\/uploads\/2019\/04\/Ferme-lAgace-1.jpg?resize=1024%2C576 1024w, https:\/\/i0.wp.com\/patrimoine-avesnois.fr\/censes\/wp-content\/uploads\/2019\/04\/Ferme-lAgace-1.jpg?resize=1200%2C675 1200w, https:\/\/i0.wp.com\/patrimoine-avesnois.fr\/censes\/wp-content\/uploads\/2019\/04\/Ferme-lAgace-1.jpg?w=1680 1680w, https:\/\/i0.wp.com\/patrimoine-avesnois.fr\/censes\/wp-content\/uploads\/2019\/04\/Ferme-lAgace-1.jpg?w=2520 2520w\" sizes=\"auto, (max-width: 709px) 85vw, (max-width: 909px) 67vw, (max-width: 1362px) 62vw, 840px\" \/><\/figure><\/div>\n\n\n\n<div class=\"wp-block-image\"><figure class=\"aligncenter is-resized\"><img loading=\"lazy\" decoding=\"async\" data-attachment-id=\"491\" data-permalink=\"http:\/\/patrimoine-avesnois.fr\/censes\/les-censes-du-duc-dorleans\/copie-ferme-lagace-3\/\" data-orig-file=\"https:\/\/i0.wp.com\/patrimoine-avesnois.fr\/censes\/wp-content\/uploads\/2019\/04\/copie-Ferme-lAgace-3.jpg?fit=2589%2C3451\" data-orig-size=\"2589,3451\" data-comments-opened=\"1\" data-image-meta=\"{&quot;aperture&quot;:&quot;5.2&quot;,&quot;credit&quot;:&quot;&quot;,&quot;camera&quot;:&quot;DMC-SZ10&quot;,&quot;caption&quot;:&quot;&quot;,&quot;created_timestamp&quot;:&quot;1556186551&quot;,&quot;copyright&quot;:&quot;&quot;,&quot;focal_length&quot;:&quot;24.8&quot;,&quot;iso&quot;:&quot;100&quot;,&quot;shutter_speed&quot;:&quot;0.003125&quot;,&quot;title&quot;:&quot;&quot;,&quot;orientation&quot;:&quot;0&quot;}\" data-image-title=\"copie Ferme l&amp;rsquo;Agace (3)\" data-image-description=\"\" data-image-caption=\"\" data-large-file=\"https:\/\/i0.wp.com\/patrimoine-avesnois.fr\/censes\/wp-content\/uploads\/2019\/04\/copie-Ferme-lAgace-3.jpg?fit=768%2C1024\" src=\"https:\/\/i2.wp.com\/patrimoine-avesnois.fr\/censes\/wp-content\/uploads\/2019\/04\/copie-Ferme-lAgace-3.jpg?fit=768%2C1024\" alt=\"\" class=\"wp-image-491\" width=\"576\" height=\"768\" srcset=\"https:\/\/i0.wp.com\/patrimoine-avesnois.fr\/censes\/wp-content\/uploads\/2019\/04\/copie-Ferme-lAgace-3.jpg?w=2589 2589w, https:\/\/i0.wp.com\/patrimoine-avesnois.fr\/censes\/wp-content\/uploads\/2019\/04\/copie-Ferme-lAgace-3.jpg?resize=225%2C300 225w, https:\/\/i0.wp.com\/patrimoine-avesnois.fr\/censes\/wp-content\/uploads\/2019\/04\/copie-Ferme-lAgace-3.jpg?resize=768%2C1024 768w, https:\/\/i0.wp.com\/patrimoine-avesnois.fr\/censes\/wp-content\/uploads\/2019\/04\/copie-Ferme-lAgace-3.jpg?resize=1200%2C1600 1200w, https:\/\/i0.wp.com\/patrimoine-avesnois.fr\/censes\/wp-content\/uploads\/2019\/04\/copie-Ferme-lAgace-3.jpg?w=1680 1680w, https:\/\/i0.wp.com\/patrimoine-avesnois.fr\/censes\/wp-content\/uploads\/2019\/04\/copie-Ferme-lAgace-3.jpg?w=2520 2520w\" sizes=\"auto, (max-width: 576px) 85vw, 576px\" \/><figcaption> Le blason, peut-\u00eatre celui du duc d&rsquo;Orl\u00e9ans, a \u00e9t\u00e9 piquet\u00e9 \u00e0 la R\u00e9volution. <\/figcaption><\/figure><\/div>\n\n\n\n<p class=\"has-text-color has-medium-font-size has-bright-red-color\"><strong>Eclaibes<\/strong><\/p>\n\n\n\n<p>Au XVI e et XVII e si\u00e8cle la famille de Cro\u00ff poss\u00e9dait la\nterre d\u2019Eclaibes. Ainsi Eclaibes passa aux mains d\u2019Ernest-Alexandre Dominique\nde Croy, 1675 \u00e0 1686 puis \u00e0 Philippe-Louis de Hennin dit d&rsquo;Alsace 1686 \u00e0 1688,\nqui le transmit \u00e0 son fils a\u00een\u00e9 Charles-Louis-Antoine de Hennin 1688-1706.<\/p>\n\n\n\n<p>Son principal cr\u00e9ancier. Philippe Il duc d\u2019Orl\u00e9ans fut mis\nen possession d&rsquo;Eclaibes par un arr\u00eat du parlement de Paris du 31 Juillet 1706,\nmort en 1723. Louis III duc d&rsquo;Orl\u00e9ans son fils lui succ\u00e9da 1723-1752, puis\nLouis-Philippe, fils de Louis III duc d&rsquo;Orl\u00e9ans 1752-1785, enfin\nLouis-Philippe-Joseph duc d&rsquo;Orl\u00e9ans 1785-1793 abandonna \u00e0 ses cr\u00e9anciers la\nterre et seigneurie d&rsquo;Avesnes qui fut vendue aux ench\u00e8res par lots. Les\narchives d&rsquo;Eclaibes conservent quelques papiers de l&rsquo;administration des ducs\nd&rsquo;Orl\u00e9ans, les b\u00e2timents de rapport, moulins, fermes, furent r\u00e9\u00e9difi\u00e9s et\nsoigneusement entretenus mais la forteresse devenue inutile \u00e9tait \u00e0 cette\n\u00e9poque d\u00e9j\u00e0 abandonn\u00e9e.<\/p>\n\n\n\n<p>Ainsi on y lit&nbsp;:<\/p>\n\n\n\n<p>\u00ab&nbsp;La cense de la Basse-court compos\u00e9e de b\u00e2timents en\ntr\u00e8s bon \u00e9tat, quatre vingt quatre arpens de terre, huit arpens trente sept\nverges de pr\u00e8s, dix sept arpens de p\u00e2ture&nbsp;\u00bb.<\/p>\n\n\n\n<p>\u00ab&nbsp;La cense Expilly situ\u00e9e au dit lieu contenant dix\nsept arpens quatre vingt neuf verges de terres, six arpens quarante huit verges\nde pr\u00e9, huit arpens trente deux verges de p\u00e2ture&nbsp;\u00bb.<\/p>\n\n\n\n<p class=\"has-text-color has-medium-font-size has-bright-red-color\"><strong>Ferri\u00e8re-la-Grande <\/strong><\/p>\n\n\n\n<p>Le duc d\u2019Orl\u00e9ans y poss\u00e9dait une ferme, une portion de terrage\net des rentes (Notice historique sur la terre et pairie d&rsquo;Avesnes, en Hainaut sign\u00e9&nbsp;Michaux\nAdrien-Joseph).<\/p>\n\n\n\n<p class=\"has-text-color has-medium-font-size has-bright-red-color\"><strong>Noyelles-sur-Sambre<\/strong><\/p>\n\n\n\n<p>La ferme de Sassogne&nbsp;est situ\u00e9e pr\u00e8s d\u2019un ancien\nch\u00e2teau qui a disparu et comporte une belle porte en pierres de tailles surmont\u00e9e\nd&rsquo;un \u00e9cusson aux armes d&rsquo;Orl\u00e9ans. <\/p>\n\n\n\n<p>La ferme dite du ch\u00e2teau occupait le c\u00f4t\u00e9 gauche et le fond\nde la tour \u00e9tait indispensable pour l&rsquo;exploitation des biens qui en d\u00e9pendaient.\nElle fut relev\u00e9e aussit\u00f4t que la paix, bannie 25 ans du pays, y fut enfin ramen\u00e9e\npar le trait\u00e9 des Pyr\u00e9n\u00e9es en 1659.\n C&rsquo;est ce qui explique pourquoi le d\u00e9nombrement pr\u00e9cit\u00e9\nde 1662 comprend toujours la cense ou maitairie dans le chasteau. Elle fut\nconstamment lou\u00e9e \u00e0 partir du 22 janvier 1660. On en trouve la preuve dans diff\u00e9rents\nactes post\u00e9rieurs&nbsp; passes dans l&rsquo;int\u00e9r\u00eat\ndes fermiers qui y sont toujours d\u00e9sign\u00e9s comme censiers du chasteau de\nSassoigne. <\/p>\n\n\n\n<p>Au commencement du 18\u00b0 si\u00e8cle, la cense, que l\u2019on avait\nd&rsquo;abord reb\u00e2tie avec pr\u00e9cipitation et sans grand soin, et que l&rsquo;on avait mal\nentretenue depuis, tombait de nouveau en ruines et r\u00e9clamait de tr\u00e8s fortes r\u00e9parations.\nLe duc d&rsquo;Orl\u00e9ans, devenu propri\u00e9taire de la pairie d&rsquo;Avesnes, comprit qu&rsquo;il\nserait pour lui plus avantageux de construire un b\u00e2timent neuf, propre \u00e0 sa\ndestination, plut\u00f4t que de restaurer encore l&rsquo;ancien qui n&rsquo;offrait que peu de commodit\u00e9s.\nAussi, en 1734, une belle maison de ferme e venait d&rsquo;\u00eatre \u00e9lev\u00e9e par ses soins\nsur la colline surplombant \u00e0 l\u2019est le ch\u00e2teau dans un terrain plus convenable\net beaucoup moins humide. <\/p>\n\n\n\n<p>On y employa une grande partie des d\u00e9bris des vieux\n\u00e9difices, gisant sur le sol. Lei surplus fut successivement utilis\u00e9 dans divers\nautres b\u00e2timents particuliers. Tellement que vers 1830, il ne restait plus de\nl&rsquo;ancienne forteresse, que les bases des tours, les constructions souterraines\ncomprenant de grandes sages et galeries communiquant entre elles. On ne peut\nque difficilement se figurer l&rsquo;\u00e9norme quantit\u00e9 de mat\u00e9riaux qui restaient\nenfouis surtout dans les fondations qu&rsquo;on n&rsquo;\u00e9tait parvenu asseoir solidement\nqu&rsquo;en les enfon\u00e7ant profond\u00e9ment \u00e0 travers les terres mouvantes qui les\nenvironnent. M. Azambre J.-B., propri\u00e9taire de la ferme de Sassogne et des\nprairies inferieures o\u00f9 se, trouvait le ch\u00e2teau, r\u00e9solut en 1836, de d\u00e9blayer et\nd&rsquo;\u00e9galiser le terrain des fortifications pour en tirer meilleur parti. Ses\ntravaux lui profit\u00e8rent au-del\u00e0 de toute esp\u00e9rance ; car, outre l&rsquo;am\u00e9lioration\nde sa propri\u00e9t\u00e9, il retira plus de 10&nbsp;000 francs de la vente des pierres\net gr\u00e8s qu\u2019il fit extraire.<\/p>\n\n\n\n<p>Dans la vente des biens de la famille d&rsquo;Orl\u00e9ans, en juillet 1792, la ferme fut ainsi d\u00e9nomm\u00e9e : une ferme compos\u00e9e de beaux b\u00e2timents, cinquante-sept arpents, soixante-dix-huit verges de terre, quarante deux arpents, cinquante cinq verges de pr\u00e8s et trente trois arpents, soixante dix huit verges de p\u00e2tures. (Notice historique sur le ch\u00e2teau de Sassogne par Michaux l\u2019Ain\u00e9&nbsp;: M\u00e9moires de la Soci\u00e9t\u00e9 arch\u00e9ologique de l&rsquo;arrondissement 1907)<\/p>\n\n\n\n<p class=\"has-text-color has-medium-font-size has-bright-red-color\"><strong>Ramousies<\/strong><\/p>\n\n\n\n<p>Le duc d\u2019Orl\u00e9ans y poss\u00e9dait la garde de Belleux, une ferme\net des rentes (Notice historique sur la terre et pairie d&rsquo;Avesnes, en Hainaut sign\u00e9&nbsp;Michaux,\nAdrien-Joseph).<\/p>\n","protected":false},"excerpt":{"rendered":"<p>Le duc d\u2019Orl\u00e9ans se trouvant en situation financi\u00e8re d\u00e9licate et pour se soustraire aux actives poursuites de ses cr\u00e9anciers, se vit forc\u00e9 de conclure un concordat avec eux le 9 janvier 1792. La vente des biens ayant alors \u00e9t\u00e9 r\u00e9solue, la terre d\u2019Avesnes fut adjug\u00e9e le 17 juillet 1792 au sieur Corsange qui la revendit &hellip; <a href=\"http:\/\/patrimoine-avesnois.fr\/censes\/les-censes-du-duc-dorleans\/\" class=\"more-link\">Continuer la lecture<span class=\"screen-reader-text\"> de &laquo;&nbsp;Les censes du Duc d\u2019Orl\u00e9ans&nbsp;&raquo;<\/span><\/a><\/p>\n","protected":false},"author":2,"featured_media":0,"parent":0,"menu_order":0,"comment_status":"closed","ping_status":"closed","template":"","meta":{"footnotes":""},"class_list":["post-224","page","type-page","status-publish","hentry"],"jetpack_sharing_enabled":true,"jetpack_shortlink":"https:\/\/wp.me\/PaKSRG-3C","jetpack-related-posts":[],"_links":{"self":[{"href":"http:\/\/patrimoine-avesnois.fr\/censes\/wp-json\/wp\/v2\/pages\/224","targetHints":{"allow":["GET"]}}],"collection":[{"href":"http:\/\/patrimoine-avesnois.fr\/censes\/wp-json\/wp\/v2\/pages"}],"about":[{"href":"http:\/\/patrimoine-avesnois.fr\/censes\/wp-json\/wp\/v2\/types\/page"}],"author":[{"embeddable":true,"href":"http:\/\/patrimoine-avesnois.fr\/censes\/wp-json\/wp\/v2\/users\/2"}],"replies":[{"embeddable":true,"href":"http:\/\/patrimoine-avesnois.fr\/censes\/wp-json\/wp\/v2\/comments?post=224"}],"version-history":[{"count":2,"href":"http:\/\/patrimoine-avesnois.fr\/censes\/wp-json\/wp\/v2\/pages\/224\/revisions"}],"predecessor-version":[{"id":492,"href":"http:\/\/patrimoine-avesnois.fr\/censes\/wp-json\/wp\/v2\/pages\/224\/revisions\/492"}],"wp:attachment":[{"href":"http:\/\/patrimoine-avesnois.fr\/censes\/wp-json\/wp\/v2\/media?parent=224"}],"curies":[{"name":"wp","href":"https:\/\/api.w.org\/{rel}","templated":true}]}}