{"id":231,"date":"2019-02-19T13:28:34","date_gmt":"2019-02-19T12:28:34","guid":{"rendered":"http:\/\/patrimoine-avesnois.fr\/censes\/?page_id=231"},"modified":"2019-02-19T13:28:34","modified_gmt":"2019-02-19T12:28:34","slug":"la-cense-du-marquis-de-la-coste","status":"publish","type":"page","link":"http:\/\/patrimoine-avesnois.fr\/censes\/la-cense-du-marquis-de-la-coste\/","title":{"rendered":"La cense du Marquis de La Coste"},"content":{"rendered":"\n<p class=\"has-text-color has-medium-font-size has-bright-red-color\"><strong>Saint-R\u00e9my-Chauss\u00e9e<\/strong><\/p>\n\n\n\n<p>Le terrage de Saint-R\u00e9my-Chauss\u00e9e \u00e9tait partag\u00e9 entre les\nmoines d&rsquo;Hautmont et le seigneur de la commune. Au XVI\u00b0 si\u00e8cle, les seigneurs\nde Saint-R\u00e9my-Chauss\u00e9e \u00e9taient d&rsquo;une famille du pays portant le nom de Druez. <\/p>\n\n\n\n<p>Au XVIII\u00b0, c\u2019\u00e9taient des personnages que l&rsquo;on qualifiait du titre\nde barons de Saint-R\u00e9my. <\/p>\n\n\n\n<p>A la fin du XVIII e si\u00e8cle, une partie de leurs domaines,\nparmi lesquels il fallait compter un beau moulin et peut \u00eatre une ferme, appartenait\nau marquis Claude Marie-Bernard de La Coste, propri\u00e9taire \u00e0 Sebourg. <\/p>\n","protected":false},"excerpt":{"rendered":"<p>Saint-R\u00e9my-Chauss\u00e9e Le terrage de Saint-R\u00e9my-Chauss\u00e9e \u00e9tait partag\u00e9 entre les moines d&rsquo;Hautmont et le seigneur de la commune. Au XVI\u00b0 si\u00e8cle, les seigneurs de Saint-R\u00e9my-Chauss\u00e9e \u00e9taient d&rsquo;une famille du pays portant le nom de Druez. Au XVIII\u00b0, c\u2019\u00e9taient des personnages que l&rsquo;on qualifiait du titre de barons de Saint-R\u00e9my. A la fin du XVIII e si\u00e8cle, &hellip; <a href=\"http:\/\/patrimoine-avesnois.fr\/censes\/la-cense-du-marquis-de-la-coste\/\" class=\"more-link\">Continuer la lecture<span class=\"screen-reader-text\"> de &laquo;&nbsp;La cense du Marquis de La Coste&nbsp;&raquo;<\/span><\/a><\/p>\n","protected":false},"author":2,"featured_media":0,"parent":0,"menu_order":0,"comment_status":"closed","ping_status":"closed","template":"","meta":{"jetpack_post_was_ever_published":false,"footnotes":""},"class_list":["post-231","page","type-page","status-publish","hentry"],"jetpack_sharing_enabled":true,"jetpack_shortlink":"https:\/\/wp.me\/PaKSRG-3J","jetpack-related-posts":[],"_links":{"self":[{"href":"http:\/\/patrimoine-avesnois.fr\/censes\/wp-json\/wp\/v2\/pages\/231","targetHints":{"allow":["GET"]}}],"collection":[{"href":"http:\/\/patrimoine-avesnois.fr\/censes\/wp-json\/wp\/v2\/pages"}],"about":[{"href":"http:\/\/patrimoine-avesnois.fr\/censes\/wp-json\/wp\/v2\/types\/page"}],"author":[{"embeddable":true,"href":"http:\/\/patrimoine-avesnois.fr\/censes\/wp-json\/wp\/v2\/users\/2"}],"replies":[{"embeddable":true,"href":"http:\/\/patrimoine-avesnois.fr\/censes\/wp-json\/wp\/v2\/comments?post=231"}],"version-history":[{"count":1,"href":"http:\/\/patrimoine-avesnois.fr\/censes\/wp-json\/wp\/v2\/pages\/231\/revisions"}],"predecessor-version":[{"id":232,"href":"http:\/\/patrimoine-avesnois.fr\/censes\/wp-json\/wp\/v2\/pages\/231\/revisions\/232"}],"wp:attachment":[{"href":"http:\/\/patrimoine-avesnois.fr\/censes\/wp-json\/wp\/v2\/media?parent=231"}],"curies":[{"name":"wp","href":"https:\/\/api.w.org\/{rel}","templated":true}]}}