{"id":24,"date":"2019-02-07T10:32:22","date_gmt":"2019-02-07T09:32:22","guid":{"rendered":"http:\/\/patrimoine-avesnois.fr\/censes\/?page_id=24"},"modified":"2019-09-23T11:06:48","modified_gmt":"2019-09-23T09:06:48","slug":"tableaux-des-censes-ecclesiastiques-et-seigneuriales","status":"publish","type":"page","link":"http:\/\/patrimoine-avesnois.fr\/censes\/tableaux-des-censes-ecclesiastiques-et-seigneuriales\/","title":{"rendered":"Tableaux des censes eccl\u00e9siastiques et seigneuriales"},"content":{"rendered":"\n<table class=\"wp-block-table\"><tbody><tr><td>\n  Maroilles\n  <\/td><td>\n  12\n  <\/td><\/tr><tr><td>\n  Hautmont\n  <\/td><td>\n  19\n  <\/td><\/tr><tr><td>\n  Maubeuge\n  <\/td><td>   15   <\/td><\/tr><tr><td>\n  Liessies\n  <\/td><td>\n  7\n  <\/td><\/tr><tr><td>\n  Aulne\n  <\/td><td>\n  4\n  <\/td><\/tr><tr><td>\n  Lobbes\n  <\/td><td>\n  1\n  <\/td><\/tr><tr><td>\n  Cambron\n  <\/td><td>\n  2\n  <\/td><\/tr><tr><td>\n  St Denis\n  en Broqueroie\n  <\/td><td>\n  1\n  <\/td><\/tr><tr><td>\n  St Denis\n  <\/td><td>\n  1\n  <\/td><\/tr><tr><td>\n  Bonne\n  Esperance\n  <\/td><td>\n  1\n  <\/td><\/tr><tr><td>\n  Vicoigne\n  <\/td><td>\n  1\n  <\/td><\/tr><tr><td>\n  St\n  S\u00e9pulcre de Cambrai\n  <\/td><td>\n  1\n  <\/td><\/tr><tr><td>\n  Chapitre\n  M\u00e9tropolitain de Cambrai\n  <\/td><td>\n  2\n  <\/td><\/tr><tr><td>\n  Ordre de\n  Malte\n  <\/td><td>\n  4\n  <\/td><\/tr><tr><td>\n  Couvent\n  des Oratoriens\n  <\/td><td>\n  1\n  <\/td><\/tr><tr><td>\n  Anchin\n  <\/td><td>\n  3\n  <\/td><\/tr><tr><td>\n  Haspres\n  <\/td><td>\n  1\n  <\/td><\/tr><tr><td>   <strong>Censes Eccl\u00e9siastiques&nbsp;\/   Abbaye   <\/strong><\/td><td>   <strong>76   <\/strong><\/td><\/tr><\/tbody><\/table>\n\n\n\n<p><\/p>\n\n\n\n<table class=\"wp-block-table\"><tbody><tr><td>\n  Domaine\n  Royal\n  <\/td><td>\n  4\n  <\/td><\/tr><tr><td>\n  Duc\n  d&rsquo;Orl\u00e9ans\n  <\/td><td>\n  6\n  <\/td><\/tr><tr><td>\n  Prince de\n  Cro\u00ff\n  <\/td><td>\n  1\n  <\/td><\/tr><tr><td>\n  Prince de\n  Ligne\n  <\/td><td>\n  1\n  <\/td><\/tr><tr><td>\n  Marquis\n  de la Coste\n  <\/td><td>\n  1\n  <\/td><\/tr><tr><td>\n  Comte de\n  M\u00e9rode\n  <\/td><td>\n  1\n  <\/td><\/tr><tr><td>\n  Comte\n  d&rsquo;Egmont\n  <\/td><td>\n  3\n  <\/td><\/tr><tr><td>\n  Charles\n  Bady\n  <\/td><td>\n  5\n  <\/td><\/tr><tr><td>\n  de\n  Pr\u00e9seau\n  <\/td><td>\n  2\n  <\/td><\/tr><tr><td>\n  de\n  Franeau\n  <\/td><td>\n  2\n  <\/td><\/tr><tr><td>\n  de\n  N\u00e9donchel\n  <\/td><td>\n  4\n  <\/td><\/tr><tr><td>\n  de\n  Carondelet\n  <\/td><td>\n  1\n  <\/td><\/tr><tr><td>\n  Dusart\n  <\/td><td>\n  2\n  <\/td><\/tr><tr><td>\n  Veuve\n  Boursier\n  <\/td><td>\n  2\n  <\/td><\/tr><tr><td>\n  de Landas\n  <\/td><td>\n  1\n  <\/td><\/tr><tr><td>\n  de Fourmestraux\n  <\/td><td>\n  1\n  <\/td><\/tr><tr><td>\n  de Lignol\n  <\/td><td>\n  1\n  <\/td><\/tr><tr><td>\n  de Mauroy\n  <\/td><td>\n  1\n  <\/td><\/tr><tr><td>\n  de La\n  Marcq\n  <\/td><td>\n  1\n  <\/td><\/tr><tr><td>\n  de\n  Balique\n  <\/td><td>\n  1\n  <\/td><\/tr><tr><td>\n  de\n  Robersart\n  <\/td><td>\n  1\n  <\/td><\/tr><tr><td>\n  Wautier\n  <\/td><td>\n  1\n  <\/td><\/tr><tr><td>\n  Lefebvre\n  <\/td><td>\n  1\n  <\/td><\/tr><tr><td>\n  Wamant\n  <\/td><td>\n  1\n  <\/td><\/tr><tr><td>\n  de\n  Kroezer\n  <\/td><td>\n  1\n  <\/td><\/tr><tr><td>\n  Hospices\n  des Vieillards\n  <\/td><td>\n  1\n  <\/td><\/tr><tr><td>\n  H\u00f4pital\n  <\/td><td>\n  2\n  <\/td><\/tr><tr><td>\n  Delegove\n  <\/td><td>\n  1\n  <\/td><\/tr><tr><td>\n  De Lattre\n  <\/td><td>\n  1\n  <\/td><\/tr><tr><td>   <strong>Censes   Seigneuriales<\/strong>   <\/td><td>   <strong>51 <\/strong>  <\/td><\/tr><\/tbody><\/table>\n\n\n\n<p><\/p>\n\n\n\n<p style=\"text-align:center\" class=\"has-medium-font-size\"><strong>Fermes non localis\u00e9es&nbsp;:<\/strong><\/p>\n\n\n\n<p><strong>Censes eccl\u00e9siastiques&nbsp;<\/strong>:<\/p>\n\n\n\n<p>Beaudignies (Cense relevant du Chapitre Ste Aldegonde de Maubeuge)<\/p>\n\n\n\n<p>Frasnoy (Cense relevant des Chevaliers de Malte) <\/p>\n\n\n\n<p><strong>Censes seigneuriales&nbsp;: <\/strong><\/p>\n\n\n\n<p>Eclaibes (Cense de la Basse-Court et Cense Expilly)<\/p>\n\n\n\n<p>Ferri\u00e8re-la-Grande (Cense appartenant au duc d\u2019Orl\u00e9ans)<\/p>\n\n\n\n<p>Solre-le-Ch\u00e2teau<\/p>\n\n\n\n<p>Tr\u00e9lon (Ferme dite du Gareau, l\u2019autre d\u00e9nomm\u00e9e du Jonquoi)<\/p>\n\n\n\n<p>La Longueville<\/p>\n\n\n\n<p>Sassegnies<\/p>\n\n\n\n<p>Bellignies<\/p>\n\n\n\n<p>Dourlers<\/p>\n\n\n\n<p>Lez-Fontaine<\/p>\n\n\n\n<p>Louvroil<\/p>\n\n\n\n<p>Jolimetz<\/p>\n\n\n\n<p>Louvignies<\/p>\n\n\n\n<p>Vieux-Mesnil<\/p>\n\n\n\n<p>Clairfayts<\/p>\n\n\n\n<p>Cerfontaine<\/p>\n\n\n\n<p>Choisies<\/p>\n\n\n\n<p>Aibes<\/p>\n\n\n\n<p>Fourmies<\/p>\n","protected":false},"excerpt":{"rendered":"<p>Maroilles 12 Hautmont 19 Maubeuge 15 Liessies 7 Aulne 4 Lobbes 1 Cambron 2 St Denis en Broqueroie 1 St Denis 1 Bonne Esperance 1 Vicoigne 1 St S\u00e9pulcre de Cambrai 1 Chapitre M\u00e9tropolitain de Cambrai 2 Ordre de Malte 4 Couvent des Oratoriens 1 Anchin 3 Haspres 1 Censes Eccl\u00e9siastiques&nbsp;\/ Abbaye 76 Domaine Royal &hellip; <a href=\"http:\/\/patrimoine-avesnois.fr\/censes\/tableaux-des-censes-ecclesiastiques-et-seigneuriales\/\" class=\"more-link\">Continuer la lecture<span class=\"screen-reader-text\"> de &laquo;&nbsp;Tableaux des censes eccl\u00e9siastiques et seigneuriales&nbsp;&raquo;<\/span><\/a><\/p>\n","protected":false},"author":2,"featured_media":0,"parent":0,"menu_order":0,"comment_status":"closed","ping_status":"closed","template":"","meta":{"jetpack_post_was_ever_published":false,"footnotes":""},"class_list":["post-24","page","type-page","status-publish","hentry"],"jetpack_sharing_enabled":true,"jetpack_shortlink":"https:\/\/wp.me\/PaKSRG-o","jetpack-related-posts":[],"_links":{"self":[{"href":"http:\/\/patrimoine-avesnois.fr\/censes\/wp-json\/wp\/v2\/pages\/24","targetHints":{"allow":["GET"]}}],"collection":[{"href":"http:\/\/patrimoine-avesnois.fr\/censes\/wp-json\/wp\/v2\/pages"}],"about":[{"href":"http:\/\/patrimoine-avesnois.fr\/censes\/wp-json\/wp\/v2\/types\/page"}],"author":[{"embeddable":true,"href":"http:\/\/patrimoine-avesnois.fr\/censes\/wp-json\/wp\/v2\/users\/2"}],"replies":[{"embeddable":true,"href":"http:\/\/patrimoine-avesnois.fr\/censes\/wp-json\/wp\/v2\/comments?post=24"}],"version-history":[{"count":10,"href":"http:\/\/patrimoine-avesnois.fr\/censes\/wp-json\/wp\/v2\/pages\/24\/revisions"}],"predecessor-version":[{"id":503,"href":"http:\/\/patrimoine-avesnois.fr\/censes\/wp-json\/wp\/v2\/pages\/24\/revisions\/503"}],"wp:attachment":[{"href":"http:\/\/patrimoine-avesnois.fr\/censes\/wp-json\/wp\/v2\/media?parent=24"}],"curies":[{"name":"wp","href":"https:\/\/api.w.org\/{rel}","templated":true}]}}