{"id":245,"date":"2019-02-19T14:38:51","date_gmt":"2019-02-19T13:38:51","guid":{"rendered":"http:\/\/patrimoine-avesnois.fr\/censes\/?page_id=245"},"modified":"2019-02-19T14:38:51","modified_gmt":"2019-02-19T13:38:51","slug":"les-censes-de-jacques-marguerite-de-preseau","status":"publish","type":"page","link":"http:\/\/patrimoine-avesnois.fr\/censes\/les-censes-de-jacques-marguerite-de-preseau\/","title":{"rendered":"Les censes de Jacques Marguerite de Pr\u00e9seau"},"content":{"rendered":"\n<p class=\"has-text-color has-medium-font-size has-bright-red-color\"><strong>Dompierre-sur-Helpe<\/strong><\/p>\n\n\n\n<div class=\"wp-block-image\"><figure class=\"aligncenter\"><img data-recalc-dims=\"1\" loading=\"lazy\" decoding=\"async\" width=\"775\" height=\"516\" data-attachment-id=\"246\" data-permalink=\"http:\/\/patrimoine-avesnois.fr\/censes\/les-censes-de-jacques-marguerite-de-preseau\/capture-124\/\" data-orig-file=\"https:\/\/i0.wp.com\/patrimoine-avesnois.fr\/censes\/wp-content\/uploads\/2019\/02\/Capture-123.png?fit=775%2C516\" data-orig-size=\"775,516\" data-comments-opened=\"1\" data-image-meta=\"{&quot;aperture&quot;:&quot;0&quot;,&quot;credit&quot;:&quot;&quot;,&quot;camera&quot;:&quot;&quot;,&quot;caption&quot;:&quot;&quot;,&quot;created_timestamp&quot;:&quot;0&quot;,&quot;copyright&quot;:&quot;&quot;,&quot;focal_length&quot;:&quot;0&quot;,&quot;iso&quot;:&quot;0&quot;,&quot;shutter_speed&quot;:&quot;0&quot;,&quot;title&quot;:&quot;&quot;,&quot;orientation&quot;:&quot;0&quot;}\" data-image-title=\"Capture\" data-image-description=\"\" data-image-caption=\"\" data-large-file=\"https:\/\/i0.wp.com\/patrimoine-avesnois.fr\/censes\/wp-content\/uploads\/2019\/02\/Capture-123.png?fit=775%2C516\" src=\"https:\/\/i0.wp.com\/patrimoine-avesnois.fr\/censes\/wp-content\/uploads\/2019\/02\/Capture-123.png?resize=775%2C516\" alt=\"\" class=\"wp-image-246\" srcset=\"https:\/\/i0.wp.com\/patrimoine-avesnois.fr\/censes\/wp-content\/uploads\/2019\/02\/Capture-123.png?w=775 775w, https:\/\/i0.wp.com\/patrimoine-avesnois.fr\/censes\/wp-content\/uploads\/2019\/02\/Capture-123.png?resize=300%2C200 300w, https:\/\/i0.wp.com\/patrimoine-avesnois.fr\/censes\/wp-content\/uploads\/2019\/02\/Capture-123.png?resize=768%2C511 768w\" sizes=\"auto, (max-width: 775px) 85vw, 775px\" \/><\/figure><\/div>\n\n\n\n<p>L&rsquo;origine de la ferme remonterait au 15e si\u00e8cle.&nbsp;<br>\nEn 1602, le comte de Berlaimont vendit une maison de cense \u00e0 J. d&rsquo;Anneux.<br>\nEn 1674, le terrain fut vendu \u00e0 Nicolas de Pr\u00e9seau, r\u00e9cemment anobli. Il cumula\nles fonctions de greffier du magistrat, contr\u00f4leur des Fortifications et pr\u00e9v\u00f4t\nde la terre d&rsquo;Avesnes. Il entreprit pr\u00e8s de la ferme la construction d\u2019un\nch\u00e2teau, achev\u00e9 en 1714.&nbsp;<br>\nLa ferme fut agrandie durant la deuxi\u00e8me moiti\u00e9 du 18e si\u00e8cle. On ajouta alors un\ncertain nombre de b\u00e2timents : les premi\u00e8res \u00e9curies au sud, datant de 1742\nenviron, d\u00e9truites, les haras qui ferment toujours l&rsquo;actuelle cour de ferme,\nconstruits vers 1769 par Jacques-Marguerite de Pr\u00e9seau (1731-1800), inspecteur\ng\u00e9n\u00e9ral de la Mar\u00e9chauss\u00e9e et ma\u00eetre de cavalerie.<\/p>\n\n\n\n<p>On acc\u00e8de aux b\u00e2timents agricoles par une all\u00e9e de platanes.\nLa grande cour de ferme est entour\u00e9e de multiples b\u00e2timents : au nord-ouest se\ntrouve la b\u00e2tisse la plus ancienne (du 16e si\u00e8cle ?) en pierre grossi\u00e8rement\ntaill\u00e9e, de 40 m\u00e8tres\nde long, \u00e0 deux niveaux d&rsquo;\u00e9l\u00e9vation ; vers le nord sont dispos\u00e9es deux\nhabitations priv\u00e9es, r\u00e9cemment restaur\u00e9es ; vers le sud se trouve une ruine.\nLes c\u00f4t\u00e9s nord et sud de la cour sont ferm\u00e9s par les larges et hauts b\u00e2timents\ndes anciens haras, construits en gros moellons de pierre et cha\u00eenes d&rsquo;angles en\npierre taill\u00e9e, couverts d&rsquo;ardoises, \u00e0 la large charpente en bon \u00e9tat. En face,\nles \u00e9curies pr\u00e9sentent deux niveaux, de multiples ouvertures mur\u00e9es, quelques\nboxes au sol pav\u00e9. Vers le nord se trouvent une porcherie et un pigeonnier. A\nl&rsquo;ouest, une grange, agrandie vers 1769, au volume interne imposant et \u00e0 la\ncharpente d&rsquo;origine remarquable, comporte une fa\u00e7ade pignon. Le ch\u00e2teau\nconsiste en une grande demeure rurale, de plan rectangulaire, cantonn\u00e9e de\nquatre pavillons carr\u00e9s plus \u00e9lev\u00e9s que le corps principal. La fa\u00e7ade sud donne\nsur le jardin et domine le parc \u00e0 l&rsquo;ouest. L&rsquo;\u00e9difice montre des cha\u00eenages\nd&rsquo;angles, des entourages de baies et des cordons en briques et pierres en\nharpe, et une ma\u00e7onnerie en moellons de pierre grise. Le parc constitue un\nvaste ensemble paysager remarquable, avec trois \u00e9tangs (\u00e0 l&rsquo;origine, des\nviviers) sur un hectare, une source au nord-est formalis\u00e9e par une fontaine\nmonumentale en pierre bleue avec ex\u00e8dres, escalier et terrasse, datant\nvraisemblablement du milieu du 18e si\u00e8cle. Les \u00e9tangs alimentaient un moulin en\ncontrebas qui existe toujours en amont de la rivi\u00e8re. On trouve \u00e9galement une\nglaci\u00e8re en pierre effondr\u00e9e et deux petits ponts. Au sud, l&rsquo;ancien jardin \u00e0 la\nfran\u00e7aise a \u00e9t\u00e9 remplac\u00e9 par une pelouse \u00e0 l&rsquo;anglaise, probablement vers 1860 :\ncette partie est s\u00e9par\u00e9e des \u00e9tangs par un mur de soubassement en pierre,\nsurmont\u00e9 de vases. La grande all\u00e9e et l&rsquo;all\u00e9e de tilleuls ont \u00e9t\u00e9 r\u00e9cemment\nrebois\u00e9es. Le mur de cl\u00f4ture est en moellons de pierre bleue appareill\u00e9s. Le\ngrand portail au nord-est est encadr\u00e9 de deux pavillons abandonn\u00e9s.<br>\nSource texte :&nbsp;<a href=\"http:\/\/www.culture.gouv.fr\/public\/mistral\/mersri_fr?ACTION=CHERCHER&amp;FIELD_1=REF&amp;VALUE_1=PA59000057\" target=\"_blank\" rel=\"noreferrer noopener\">http:\/\/www.culture.gouv.fr<\/a><\/p>\n\n\n\n<p class=\"has-text-color has-medium-font-size has-bright-red-color\"><strong>Floyon<\/strong><\/p>\n\n\n\n<p>Floyon formait\ndans le moyen-\u00e2ge une seigneurie particuli\u00e8re, \u00e9cliss\u00e9e de la terre d&rsquo;Avesnes.\nLa famille de Berlaimont la poss\u00e9dait d\u00e9j\u00e0 au XIVe si\u00e8cle. <\/p>\n\n\n\n<p>En 1681, elle\npassa, par acquisition dans celle de Jean-Baptiste Pr\u00e9seau, seigneur du lieu et\ngrand bailli de la pairie d&rsquo;Avesnes. Elle resta \u00e0 sa post\u00e9rit\u00e9 jusqu\u2019en 1785.<\/p>\n\n\n\n<p>Alors,\nJacques-Marguerite de Pr\u00e9seau, seigneur de Dompierre et d&rsquo;Hugemont l\u2019acquit \u00e0\nson tour moyennant 600.000\n livres (Notice historique sur la Terre et Pairie\nd\u2019Avesnes en Hainaut. Archives d\u2019Hugemont).<\/p>\n\n\n\n<p>Nul doute qu\u2019une\ncense devait lui appartenir dans cette terre. <strong><\/strong><\/p>\n","protected":false},"excerpt":{"rendered":"<p>Dompierre-sur-Helpe L&rsquo;origine de la ferme remonterait au 15e si\u00e8cle.&nbsp; En 1602, le comte de Berlaimont vendit une maison de cense \u00e0 J. d&rsquo;Anneux. En 1674, le terrain fut vendu \u00e0 Nicolas de Pr\u00e9seau, r\u00e9cemment anobli. Il cumula les fonctions de greffier du magistrat, contr\u00f4leur des Fortifications et pr\u00e9v\u00f4t de la terre d&rsquo;Avesnes. Il entreprit pr\u00e8s &hellip; <a href=\"http:\/\/patrimoine-avesnois.fr\/censes\/les-censes-de-jacques-marguerite-de-preseau\/\" class=\"more-link\">Continuer la lecture<span class=\"screen-reader-text\"> de &laquo;&nbsp;Les censes de Jacques Marguerite de Pr\u00e9seau&nbsp;&raquo;<\/span><\/a><\/p>\n","protected":false},"author":2,"featured_media":0,"parent":0,"menu_order":0,"comment_status":"closed","ping_status":"closed","template":"","meta":{"jetpack_post_was_ever_published":false,"footnotes":""},"class_list":["post-245","page","type-page","status-publish","hentry"],"jetpack_sharing_enabled":true,"jetpack_shortlink":"https:\/\/wp.me\/PaKSRG-3X","jetpack-related-posts":[],"_links":{"self":[{"href":"http:\/\/patrimoine-avesnois.fr\/censes\/wp-json\/wp\/v2\/pages\/245","targetHints":{"allow":["GET"]}}],"collection":[{"href":"http:\/\/patrimoine-avesnois.fr\/censes\/wp-json\/wp\/v2\/pages"}],"about":[{"href":"http:\/\/patrimoine-avesnois.fr\/censes\/wp-json\/wp\/v2\/types\/page"}],"author":[{"embeddable":true,"href":"http:\/\/patrimoine-avesnois.fr\/censes\/wp-json\/wp\/v2\/users\/2"}],"replies":[{"embeddable":true,"href":"http:\/\/patrimoine-avesnois.fr\/censes\/wp-json\/wp\/v2\/comments?post=245"}],"version-history":[{"count":1,"href":"http:\/\/patrimoine-avesnois.fr\/censes\/wp-json\/wp\/v2\/pages\/245\/revisions"}],"predecessor-version":[{"id":247,"href":"http:\/\/patrimoine-avesnois.fr\/censes\/wp-json\/wp\/v2\/pages\/245\/revisions\/247"}],"wp:attachment":[{"href":"http:\/\/patrimoine-avesnois.fr\/censes\/wp-json\/wp\/v2\/media?parent=245"}],"curies":[{"name":"wp","href":"https:\/\/api.w.org\/{rel}","templated":true}]}}