{"id":291,"date":"2019-02-20T11:09:08","date_gmt":"2019-02-20T10:09:08","guid":{"rendered":"http:\/\/patrimoine-avesnois.fr\/censes\/?page_id=291"},"modified":"2019-02-23T10:19:32","modified_gmt":"2019-02-23T09:19:32","slug":"la-cense-de-mauroy","status":"publish","type":"page","link":"http:\/\/patrimoine-avesnois.fr\/censes\/la-cense-de-mauroy\/","title":{"rendered":"La cense de Mauroy"},"content":{"rendered":"\n<p class=\"has-text-color has-medium-font-size has-bright-red-color\"><strong>Clairfayts<\/strong><\/p>\n\n\n\n<div class=\"wp-block-image\"><figure class=\"aligncenter\"><img data-recalc-dims=\"1\" loading=\"lazy\" decoding=\"async\" width=\"639\" height=\"62\" data-attachment-id=\"292\" data-permalink=\"http:\/\/patrimoine-avesnois.fr\/censes\/la-cense-de-mauroy\/capture-146\/\" data-orig-file=\"https:\/\/i0.wp.com\/patrimoine-avesnois.fr\/censes\/wp-content\/uploads\/2019\/02\/Capture-145.png?fit=639%2C62\" data-orig-size=\"639,62\" data-comments-opened=\"1\" data-image-meta=\"{&quot;aperture&quot;:&quot;0&quot;,&quot;credit&quot;:&quot;&quot;,&quot;camera&quot;:&quot;&quot;,&quot;caption&quot;:&quot;&quot;,&quot;created_timestamp&quot;:&quot;0&quot;,&quot;copyright&quot;:&quot;&quot;,&quot;focal_length&quot;:&quot;0&quot;,&quot;iso&quot;:&quot;0&quot;,&quot;shutter_speed&quot;:&quot;0&quot;,&quot;title&quot;:&quot;&quot;,&quot;orientation&quot;:&quot;0&quot;}\" data-image-title=\"Capture\" data-image-description=\"\" data-image-caption=\"\" data-large-file=\"https:\/\/i0.wp.com\/patrimoine-avesnois.fr\/censes\/wp-content\/uploads\/2019\/02\/Capture-145.png?fit=639%2C62\" src=\"https:\/\/i0.wp.com\/patrimoine-avesnois.fr\/censes\/wp-content\/uploads\/2019\/02\/Capture-145.png?resize=639%2C62\" alt=\"\" class=\"wp-image-292\" srcset=\"https:\/\/i0.wp.com\/patrimoine-avesnois.fr\/censes\/wp-content\/uploads\/2019\/02\/Capture-145.png?w=639 639w, https:\/\/i0.wp.com\/patrimoine-avesnois.fr\/censes\/wp-content\/uploads\/2019\/02\/Capture-145.png?resize=300%2C29 300w\" sizes=\"auto, (max-width: 639px) 85vw, 639px\" \/><\/figure><\/div>\n\n\n\n<p>La s\u00e9rie T des Archives nationales\u00a0 conserve les archives des particuliers \u00e9migr\u00e9s ou condamn\u00e9s pendant la R\u00e9volution.<\/p>\n\n\n\n<p> Notice biographique\u00a0:<\/p>\n\n\n\n<p>La sous-s\u00e9rie comprend les papiers de Denis Jean de Mauroy, \u00e9migr\u00e9.<\/p>\n\n\n\n<p>Denis Jean de Mauroy, chevalier, marquis de Mauroy, seigneur des ch\u00e2tellenies de Pugny et du Breuil-Besnard, naquit le 31 octobre 1737. Il \u00e9tait fils de Fran\u00e7ois Denis, marquis de Mauroy, lieutenant g\u00e9n\u00e9ral, gouverneur de la ville et du ch\u00e2teau de Tarascon, et de Genevi\u00e8ve Fran\u00e7oise de Pleurre. Tout comme son p\u00e8re, il suivit la carri\u00e8re des armes. Sous-lieutenant des gendarmes du comte d&rsquo;Artois en 1765, il \u00e9tait parvenu au grade de mar\u00e9chal de camp \u00e0 la veille de la R\u00e9volution.Il avait \u00e9pous\u00e9 Catherine Grassin.<\/p>\n\n\n\n<p>Identifiant de l&rsquo;unit\u00e9 documentaire :  <br>T\/\/1-T\/\/345 &#8211; T\/\/257\/1-T\/\/257\/2 <\/p>\n\n\n\n<h2 class=\"wp-block-heading\"><\/h2>\n\n\n\n<p> <\/p>\n","protected":false},"excerpt":{"rendered":"<p>Clairfayts La s\u00e9rie T des Archives nationales\u00a0 conserve les archives des particuliers \u00e9migr\u00e9s ou condamn\u00e9s pendant la R\u00e9volution. Notice biographique\u00a0: La sous-s\u00e9rie comprend les papiers de Denis Jean de Mauroy, \u00e9migr\u00e9. Denis Jean de Mauroy, chevalier, marquis de Mauroy, seigneur des ch\u00e2tellenies de Pugny et du Breuil-Besnard, naquit le 31 octobre 1737. Il \u00e9tait fils &hellip; <a href=\"http:\/\/patrimoine-avesnois.fr\/censes\/la-cense-de-mauroy\/\" class=\"more-link\">Continuer la lecture<span class=\"screen-reader-text\"> de &laquo;&nbsp;La cense de Mauroy&nbsp;&raquo;<\/span><\/a><\/p>\n","protected":false},"author":2,"featured_media":0,"parent":0,"menu_order":0,"comment_status":"closed","ping_status":"closed","template":"","meta":{"jetpack_post_was_ever_published":false,"footnotes":""},"class_list":["post-291","page","type-page","status-publish","hentry"],"jetpack_sharing_enabled":true,"jetpack_shortlink":"https:\/\/wp.me\/PaKSRG-4H","jetpack-related-posts":[],"_links":{"self":[{"href":"http:\/\/patrimoine-avesnois.fr\/censes\/wp-json\/wp\/v2\/pages\/291","targetHints":{"allow":["GET"]}}],"collection":[{"href":"http:\/\/patrimoine-avesnois.fr\/censes\/wp-json\/wp\/v2\/pages"}],"about":[{"href":"http:\/\/patrimoine-avesnois.fr\/censes\/wp-json\/wp\/v2\/types\/page"}],"author":[{"embeddable":true,"href":"http:\/\/patrimoine-avesnois.fr\/censes\/wp-json\/wp\/v2\/users\/2"}],"replies":[{"embeddable":true,"href":"http:\/\/patrimoine-avesnois.fr\/censes\/wp-json\/wp\/v2\/comments?post=291"}],"version-history":[{"count":3,"href":"http:\/\/patrimoine-avesnois.fr\/censes\/wp-json\/wp\/v2\/pages\/291\/revisions"}],"predecessor-version":[{"id":419,"href":"http:\/\/patrimoine-avesnois.fr\/censes\/wp-json\/wp\/v2\/pages\/291\/revisions\/419"}],"wp:attachment":[{"href":"http:\/\/patrimoine-avesnois.fr\/censes\/wp-json\/wp\/v2\/media?parent=291"}],"curies":[{"name":"wp","href":"https:\/\/api.w.org\/{rel}","templated":true}]}}

<p class="has-text-color has-medium-font-size has-bright-red-color"><strong>Clairfayts</strong></p>



<div class="wp-block-image"><figure class="aligncenter"><img data-recalc-dims="1" loading="lazy" decoding="async" width="639" height="62" data-attachment-id="292" data-permalink="http://patrimoine-avesnois.fr/censes/la-cense-de-mauroy/capture-146/" data-orig-file="https://i0.wp.com/patrimoine-avesnois.fr/censes/wp-content/uploads/2019/02/Capture-145.png?fit=639%2C62" data-orig-size="639,62" data-comments-opened="1" data-image-meta="{&quot;aperture&quot;:&quot;0&quot;,&quot;credit&quot;:&quot;&quot;,&quot;camera&quot;:&quot;&quot;,&quot;caption&quot;:&quot;&quot;,&quot;created_timestamp&quot;:&quot;0&quot;,&quot;copyright&quot;:&quot;&quot;,&quot;focal_length&quot;:&quot;0&quot;,&quot;iso&quot;:&quot;0&quot;,&quot;shutter_speed&quot;:&quot;0&quot;,&quot;title&quot;:&quot;&quot;,&quot;orientation&quot;:&quot;0&quot;}" data-image-title="Capture" data-image-description="" data-image-caption="" data-large-file="https://i0.wp.com/patrimoine-avesnois.fr/censes/wp-content/uploads/2019/02/Capture-145.png?fit=639%2C62" src="https://i0.wp.com/patrimoine-avesnois.fr/censes/wp-content/uploads/2019/02/Capture-145.png?resize=639%2C62" alt="" class="wp-image-292" srcset="https://i0.wp.com/patrimoine-avesnois.fr/censes/wp-content/uploads/2019/02/Capture-145.png?w=639 639w, https://i0.wp.com/patrimoine-avesnois.fr/censes/wp-content/uploads/2019/02/Capture-145.png?resize=300%2C29 300w" sizes="auto, (max-width: 639px) 85vw, 639px" /></figure></div>



<p>La série T des Archives nationales  conserve les archives des particuliers émigrés ou condamnés pendant la Révolution.</p>



<p> Notice biographique :</p>



<p>La sous-série comprend les papiers de Denis Jean de Mauroy, émigré.</p>



<p>Denis Jean de Mauroy, chevalier, marquis de Mauroy, seigneur des châtellenies de Pugny et du Breuil-Besnard, naquit le 31 octobre 1737. Il était fils de François Denis, marquis de Mauroy, lieutenant général, gouverneur de la ville et du château de Tarascon, et de Geneviève Françoise de Pleurre. Tout comme son père, il suivit la carrière des armes. Sous-lieutenant des gendarmes du comte d&rsquo;Artois en 1765, il était parvenu au grade de maréchal de camp à la veille de la Révolution.Il avait épousé Catherine Grassin.</p>



<p>Identifiant de l&rsquo;unité documentaire :  <br>T//1-T//345 &#8211; T//257/1-T//257/2 </p>



<h2 class="wp-block-heading"></h2>



<p> </p>

<p>Clairfayts La série T des Archives nationales  conserve les archives des particuliers émigrés ou condamnés pendant la Révolution. Notice biographique : La sous-série comprend les papiers de Denis Jean de Mauroy, émigré. Denis Jean de Mauroy, chevalier, marquis de Mauroy, seigneur des châtellenies de Pugny et du Breuil-Besnard, naquit le 31 octobre 1737. Il était fils &hellip; <a href="http://patrimoine-avesnois.fr/censes/la-cense-de-mauroy/" class="more-link">Continuer la lecture<span class="screen-reader-text"> de &laquo;&nbsp;La cense de Mauroy&nbsp;&raquo;</span></a></p>
