{"id":11893,"date":"2021-03-14T12:24:47","date_gmt":"2021-03-14T11:24:47","guid":{"rendered":"http:\/\/patrimoine-avesnois.fr\/chemin\/?page_id=11893"},"modified":"2023-06-14T17:32:04","modified_gmt":"2023-06-14T15:32:04","slug":"une-exposition-des-produits-fabriques-en-1897","status":"publish","type":"page","link":"http:\/\/patrimoine-avesnois.fr\/chemin\/une-exposition-des-produits-fabriques-en-1897\/","title":{"rendered":"Une exposition des produits fabriqu\u00e9s en 1897"},"content":{"rendered":"\n<p>En ao\u00fbt 1897 eut lieu \u00e0 Avesnes-sur-Helpe une exposition des produits fabriqu\u00e9s dans l&rsquo;arrondissement d&rsquo;Avesnes. Elle avait pour objectif de montrer au public toutes les faces d&rsquo;une activit\u00e9 industrielle stimul\u00e9e par la lutte avec la concurrence \u00e9trang\u00e8re.<\/p>\n\n\n\n<p>La liste des exposants nous procure des renseignements int\u00e9ressants :<\/p>\n\n\n\n<ul class=\"wp-block-list\"><li>Mr A Riquaire Ferri\u00e8re : fonderie (produits)<\/li><li> Etablissements M\u00e9tallurgiques de Ferri\u00e8re : profil\u00e9s de fer <\/li><li>Soci\u00e9t\u00e9 des Hauts Fourneaux de Maubeuge : Fontes, moules,  fers, aciers lamin\u00e9s.<\/li><li>Ateliers de construction Gehu-Dubuisson : brides de raccords <\/li><li>Mme Veuve Victor Rahir de Louvroil : limes, r\u00e2pes, marteaux et outils en acier fondu <\/li><li>La casserie Villers \u00e0 Solre-le-Ch\u00e2teau : fer blanc <\/li><li>Mr A.Durieux \u00e0 Aulnoy-les-Berlaimont : 2 vitraux <\/li><li>Mr Dejardin \u00e0 Avesnes : vis, briquet pour fer \u00e0 cheval<\/li><li>Glaneux Desir\u00e9 \u00e0 Etroeungt : objets indispensables au m\u00e9nage<\/li><li>Sculfort et Fockedey :  outils <\/li><li>Asselin \u00e0 Anor : p\u00e9trin m\u00e9canique et moteurs \u00e0 gaz et p\u00e9trole <\/li><li>Tournay Debressy, menuisier \u00e0 Avesnes : appareil \u00e0 d\u00e9biter le pain<\/li><li>Ateliers Forges et Fonderies d&rsquo;Hautmont : photos de leurs constructions Ecole de Costa-Rica-Palais, du Congo, :Eglise de Lens, Jet\u00e9e de Trouville<\/li><li>MM Depret&#8211; Fontaine \u00e0 Sars-Poteries : Poteries vernies ou non pour m\u00e9nage, jardin et laiterie <\/li><li>Produits r\u00e9fractaires de la Soci\u00e9t\u00e9 Anonyme de Feignies<\/li><li>M Dhaussy Soufflet d&rsquo;Englefontaine : drains, tuyaux, mitres de chemin\u00e9e, carreaux et tuiles. <\/li><li>Dupont fr\u00e8res de S\u00e9meries : produits r\u00e9fractaires, pav\u00e9s et gr\u00e8s artificiels, tuiles \u00e0 emboitements, briques creuses, couvertures de murs et bordures de jardin.<\/li><li>Felix Solder de Solre-le-Ch\u00e2teau : tuyaux en ciment <\/li><li>Bolvin Malarme de Beugnies : briques r\u00e9fractaires pour la construction des fours, pots de fleurs non vernis <\/li><li>Dumont Blairon de Beugnies : four de boulanger complet : vo\u00fbte \u00e9tablie sans mortier avec des briques \u00e0 crochet d&rsquo;une solidit\u00e9 \u00e0 toute \u00e9preuve, des dalles, des briques ventouses et des drains<\/li><li>R\u00e9my de Sars-Poteries :  poteries de gr\u00e8s, pots et terrines de tous calibres, il y  en a d&rsquo;\u00e9normes avec ou sans anses<\/li><li>Soci\u00e9t\u00e9 Anonyme de Marpent briques : pierres-blanches<\/li><li>Houzeau et Cie Fourmies : savons pour lisseuses, laines peign\u00e9es et ensimage, savon d&rsquo;ol\u00e9ine pour foulage et d\u00e9graissage des draps, huiles, potasse<\/li><li>Der\u00f4me de Bavay : engrais<\/li><li>Fromont d&rsquo;Avesnes : tourteaux de M Marchand de Dunkerque<\/li><li>Les verreries R\u00e9unies de Sars- Poteries : services. de tables unis, tall\u00e9s et grav\u00e9s, vases de tous genres au plus bas prix, bocaux, verreries pour pharmacie et laboratoires, un lustre tout en verre, support, pendeloques<\/li><li>M. L.Clavon de Tr\u00e9lon fond\u00e9e en 1828 : portique avec 500 champenoises <\/li><li>Anor : Berger , Lord et Cie : mati\u00e8res premi\u00e8res pour le verre et les<br>diff\u00e9rents outils<\/li><\/ul>\n\n\n\n<p>D&rsquo;autres ateliers artisanaux \u00e9taient aussi repr\u00e9sent\u00e9s ; bois, bobines, tubes , sabots, cordonnerie, peignes, brasses, laine, bonneterie, et en particulier la marbrerie de Cousolre avec ses 8 ateliers.<\/p>\n","protected":false},"excerpt":{"rendered":"<p>En ao\u00fbt 1897 eut lieu \u00e0 Avesnes-sur-Helpe une exposition des produits fabriqu\u00e9s dans l&rsquo;arrondissement d&rsquo;Avesnes. Elle avait pour objectif de montrer au public toutes les faces d&rsquo;une activit\u00e9 industrielle stimul\u00e9e par la lutte avec la concurrence \u00e9trang\u00e8re. La liste des exposants nous procure des renseignements int\u00e9ressants : Mr A Riquaire Ferri\u00e8re : fonderie (produits) Etablissements &hellip; <a href=\"http:\/\/patrimoine-avesnois.fr\/chemin\/une-exposition-des-produits-fabriques-en-1897\/\" class=\"more-link\">Continuer la lecture<span class=\"screen-reader-text\"> de &laquo;&nbsp;Une exposition des produits fabriqu\u00e9s en 1897&nbsp;&raquo;<\/span><\/a><\/p>\n","protected":false},"author":2,"featured_media":0,"parent":0,"menu_order":0,"comment_status":"closed","ping_status":"closed","template":"","meta":{"footnotes":""},"class_list":["post-11893","page","type-page","status-publish","hentry"],"jetpack_sharing_enabled":true,"jetpack_shortlink":"https:\/\/wp.me\/PaOEkN-35P","jetpack-related-posts":[],"_links":{"self":[{"href":"http:\/\/patrimoine-avesnois.fr\/chemin\/wp-json\/wp\/v2\/pages\/11893","targetHints":{"allow":["GET"]}}],"collection":[{"href":"http:\/\/patrimoine-avesnois.fr\/chemin\/wp-json\/wp\/v2\/pages"}],"about":[{"href":"http:\/\/patrimoine-avesnois.fr\/chemin\/wp-json\/wp\/v2\/types\/page"}],"author":[{"embeddable":true,"href":"http:\/\/patrimoine-avesnois.fr\/chemin\/wp-json\/wp\/v2\/users\/2"}],"replies":[{"embeddable":true,"href":"http:\/\/patrimoine-avesnois.fr\/chemin\/wp-json\/wp\/v2\/comments?post=11893"}],"version-history":[{"count":0,"href":"http:\/\/patrimoine-avesnois.fr\/chemin\/wp-json\/wp\/v2\/pages\/11893\/revisions"}],"wp:attachment":[{"href":"http:\/\/patrimoine-avesnois.fr\/chemin\/wp-json\/wp\/v2\/media?parent=11893"}],"curies":[{"name":"wp","href":"https:\/\/api.w.org\/{rel}","templated":true}]}}