{"id":4657,"date":"2019-05-27T11:37:53","date_gmt":"2019-05-27T09:37:53","guid":{"rendered":"http:\/\/patrimoine-avesnois.fr\/chemin\/?page_id=4657"},"modified":"2022-01-05T13:39:43","modified_gmt":"2022-01-05T12:39:43","slug":"raucourt-au-bois","status":"publish","type":"page","link":"http:\/\/patrimoine-avesnois.fr\/chemin\/raucourt-au-bois\/","title":{"rendered":"Raucourt-au-Bois"},"content":{"rendered":"\n<div class=\"wp-block-image\"><figure class=\"aligncenter is-resized\"><img data-recalc-dims=\"1\" loading=\"lazy\" decoding=\"async\" data-attachment-id=\"4658\" data-permalink=\"http:\/\/patrimoine-avesnois.fr\/chemin\/raucourt-au-bois\/413_001\/\" data-orig-file=\"https:\/\/i0.wp.com\/patrimoine-avesnois.fr\/chemin\/wp-content\/uploads\/2019\/05\/413_001.jpg?fit=839%2C557\" data-orig-size=\"839,557\" data-comments-opened=\"1\" data-image-meta=\"{&quot;aperture&quot;:&quot;0&quot;,&quot;credit&quot;:&quot;&quot;,&quot;camera&quot;:&quot;&quot;,&quot;caption&quot;:&quot;&quot;,&quot;created_timestamp&quot;:&quot;0&quot;,&quot;copyright&quot;:&quot;&quot;,&quot;focal_length&quot;:&quot;0&quot;,&quot;iso&quot;:&quot;0&quot;,&quot;shutter_speed&quot;:&quot;0&quot;,&quot;title&quot;:&quot;&quot;,&quot;orientation&quot;:&quot;0&quot;}\" data-image-title=\"413_001\" data-image-description=\"\" data-image-caption=\"\" data-large-file=\"https:\/\/i0.wp.com\/patrimoine-avesnois.fr\/chemin\/wp-content\/uploads\/2019\/05\/413_001.jpg?fit=839%2C557\" src=\"https:\/\/i0.wp.com\/patrimoine-avesnois.fr\/chemin\/wp-content\/uploads\/2019\/05\/413_001.jpg?resize=630%2C418\" alt=\"\" class=\"wp-image-4658\" width=\"630\" height=\"418\" srcset=\"https:\/\/i0.wp.com\/patrimoine-avesnois.fr\/chemin\/wp-content\/uploads\/2019\/05\/413_001.jpg?w=839 839w, https:\/\/i0.wp.com\/patrimoine-avesnois.fr\/chemin\/wp-content\/uploads\/2019\/05\/413_001.jpg?resize=300%2C199 300w, https:\/\/i0.wp.com\/patrimoine-avesnois.fr\/chemin\/wp-content\/uploads\/2019\/05\/413_001.jpg?resize=768%2C510 768w\" sizes=\"auto, (max-width: 630px) 85vw, 630px\" \/><figcaption>Raucourt Rue du Ruisseau<\/figcaption><\/figure><\/div>\n\n\n\n<p>Travers\u00e9 par le ruisseau du Ch\u00e2teau et le ruisseau du Moulin, Raucourt-au-Bois se situe \u00e0 l\u2019or\u00e9e de la For\u00eat de Mormal, entre Jolimetz et Englefontaine. Long\u00e9 par la voie romaine \u201c Bavay \u2013 Vermand \u201d, la premi\u00e8re mention du village date du XII e si\u00e8cle et est inscrite dans un cartulaire de la propri\u00e9t\u00e9 de Cambrai. <br>La seigneurie de Raucourt-au-Bois fut entre les mains des Landas aux&nbsp;XV e et XVI e si\u00e8cles. \u00c0 la R\u00e9volution, elle appartenait \u00e0 Cordier qui \u00e9migra et dut vendre son ch\u00e2teau et ses terres pour \u00e9ponger ses dettes.<\/p>\n\n\n\n<p>Le ch\u00e2teau a exist\u00e9 en face de la mairie actuelle, mais il a \u00e9t\u00e9 d\u00e9truit vers 1912. Le village n\u2019a pas d\u2019\u00e9glise. La paroisse , rattach\u00e9e \u00e0 Louvignies-Quesnoy jusqu\u2019\u00e0 la fin du XVIII e si\u00e8cle, l\u2019est \u00e0 celle d&rsquo;Englefontaine depuis 1805.<\/p>\n\n\n\n<div class=\"wp-block-image\"><figure class=\"aligncenter is-resized\"><img data-recalc-dims=\"1\" loading=\"lazy\" decoding=\"async\" data-attachment-id=\"4661\" data-permalink=\"http:\/\/patrimoine-avesnois.fr\/chemin\/raucourt-au-bois\/img_5931\/\" data-orig-file=\"https:\/\/i0.wp.com\/patrimoine-avesnois.fr\/chemin\/wp-content\/uploads\/2019\/05\/IMG_5931.jpg?fit=1003%2C748\" data-orig-size=\"1003,748\" data-comments-opened=\"1\" data-image-meta=\"{&quot;aperture&quot;:&quot;0&quot;,&quot;credit&quot;:&quot;CARRE&quot;,&quot;camera&quot;:&quot;&quot;,&quot;caption&quot;:&quot;&quot;,&quot;created_timestamp&quot;:&quot;1558950753&quot;,&quot;copyright&quot;:&quot;&quot;,&quot;focal_length&quot;:&quot;0&quot;,&quot;iso&quot;:&quot;0&quot;,&quot;shutter_speed&quot;:&quot;0&quot;,&quot;title&quot;:&quot;&quot;,&quot;orientation&quot;:&quot;0&quot;}\" data-image-title=\"IMG_5931\" data-image-description=\"\" data-image-caption=\"\" data-large-file=\"https:\/\/i0.wp.com\/patrimoine-avesnois.fr\/chemin\/wp-content\/uploads\/2019\/05\/IMG_5931.jpg?fit=840%2C626\" src=\"https:\/\/i0.wp.com\/patrimoine-avesnois.fr\/chemin\/wp-content\/uploads\/2019\/05\/IMG_5931.jpg?resize=502%2C374\" alt=\"\" class=\"wp-image-4661\" width=\"502\" height=\"374\" srcset=\"https:\/\/i0.wp.com\/patrimoine-avesnois.fr\/chemin\/wp-content\/uploads\/2019\/05\/IMG_5931.jpg?w=1003 1003w, https:\/\/i0.wp.com\/patrimoine-avesnois.fr\/chemin\/wp-content\/uploads\/2019\/05\/IMG_5931.jpg?resize=300%2C224 300w, https:\/\/i0.wp.com\/patrimoine-avesnois.fr\/chemin\/wp-content\/uploads\/2019\/05\/IMG_5931.jpg?resize=768%2C573 768w\" sizes=\"auto, (max-width: 502px) 85vw, 502px\" \/><figcaption>La Mairie de Raucourt<\/figcaption><\/figure><\/div>\n\n\n\n<div class=\"wp-block-image\"><figure class=\"aligncenter is-resized\"><img data-recalc-dims=\"1\" loading=\"lazy\" decoding=\"async\" src=\"https:\/\/i0.wp.com\/oratoiresetchapelles-avesnois.fr\/wp-content\/uploads\/2017\/05\/IMG_1182-768x1024.jpg?resize=385%2C512\" alt=\"Chapelle Ste Vierge M\u00c3\u00a8re de Dieu\" width=\"385\" height=\"512\"\/><figcaption>Le Monument aux Morts, La chapelle <em>Ste Vierge M\u00e8re de Dieu<\/em> et la st\u00e8le comm\u00e9morative des camps de prisonniers et d\u00e9port\u00e9s.<\/figcaption><\/figure><\/div>\n\n\n\n<div class=\"wp-block-image\"><figure class=\"aligncenter is-resized\"><img data-recalc-dims=\"1\" loading=\"lazy\" decoding=\"async\" data-attachment-id=\"4664\" data-permalink=\"http:\/\/patrimoine-avesnois.fr\/chemin\/raucourt-au-bois\/img_1191\/\" data-orig-file=\"https:\/\/i0.wp.com\/patrimoine-avesnois.fr\/chemin\/wp-content\/uploads\/2019\/05\/IMG_1191.jpg?fit=390%2C522\" data-orig-size=\"390,522\" data-comments-opened=\"1\" data-image-meta=\"{&quot;aperture&quot;:&quot;0&quot;,&quot;credit&quot;:&quot;CARRE&quot;,&quot;camera&quot;:&quot;&quot;,&quot;caption&quot;:&quot;&quot;,&quot;created_timestamp&quot;:&quot;1558951779&quot;,&quot;copyright&quot;:&quot;&quot;,&quot;focal_length&quot;:&quot;0&quot;,&quot;iso&quot;:&quot;0&quot;,&quot;shutter_speed&quot;:&quot;0&quot;,&quot;title&quot;:&quot;&quot;,&quot;orientation&quot;:&quot;0&quot;}\" data-image-title=\"IMG_1191\" data-image-description=\"\" data-image-caption=\"\" data-large-file=\"https:\/\/i0.wp.com\/patrimoine-avesnois.fr\/chemin\/wp-content\/uploads\/2019\/05\/IMG_1191.jpg?fit=390%2C522\" src=\"https:\/\/i0.wp.com\/patrimoine-avesnois.fr\/chemin\/wp-content\/uploads\/2019\/05\/IMG_1191.jpg?resize=385%2C515\" alt=\"\" class=\"wp-image-4664\" width=\"385\" height=\"515\" srcset=\"https:\/\/i0.wp.com\/patrimoine-avesnois.fr\/chemin\/wp-content\/uploads\/2019\/05\/IMG_1191.jpg?w=390 390w, https:\/\/i0.wp.com\/patrimoine-avesnois.fr\/chemin\/wp-content\/uploads\/2019\/05\/IMG_1191.jpg?resize=224%2C300 224w\" sizes=\"auto, (max-width: 385px) 85vw, 385px\" \/><figcaption>Le Monument aux Morts . Sculpteur Louis Hernot  (1894-1971) <\/figcaption><\/figure><\/div>\n\n\n\n<p>Les morts sont \u00e9galement inscrits sur le monument aux Morts d&rsquo;Englefontaine. <\/p>\n\n\n\n<div class=\"wp-block-image\"><figure class=\"aligncenter is-resized\"><img data-recalc-dims=\"1\" loading=\"lazy\" decoding=\"async\" src=\"https:\/\/i0.wp.com\/oratoiresetchapelles-avesnois.fr\/wp-content\/uploads\/2017\/05\/IMG_1185-768x1024.jpg?resize=385%2C512\" alt=\"IMG_1185\" class=\"wp-image-3072\" width=\"385\" height=\"512\"\/><figcaption>Vue rapproch\u00e9e de la chapelle<\/figcaption><\/figure><\/div>\n\n\n\n<div class=\"wp-block-image\"><figure class=\"aligncenter is-resized\"><img data-recalc-dims=\"1\" loading=\"lazy\" decoding=\"async\" data-attachment-id=\"3073\" data-permalink=\"http:\/\/patrimoine-avesnois.fr\/chemin\/avesnes-sur-helpe\/img_5435\/\" data-orig-file=\"https:\/\/i0.wp.com\/patrimoine-avesnois.fr\/chemin\/wp-content\/uploads\/2019\/05\/IMG_5435.jpg?fit=4032%2C3024\" data-orig-size=\"4032,3024\" data-comments-opened=\"1\" data-image-meta=\"{&quot;aperture&quot;:&quot;2.2&quot;,&quot;credit&quot;:&quot;&quot;,&quot;camera&quot;:&quot;iPhone SE&quot;,&quot;caption&quot;:&quot;&quot;,&quot;created_timestamp&quot;:&quot;1557068009&quot;,&quot;copyright&quot;:&quot;&quot;,&quot;focal_length&quot;:&quot;4.15&quot;,&quot;iso&quot;:&quot;500&quot;,&quot;shutter_speed&quot;:&quot;0.058823529411765&quot;,&quot;title&quot;:&quot;&quot;,&quot;orientation&quot;:&quot;1&quot;}\" data-image-title=\"IMG_5435\" data-image-description=\"\" data-image-caption=\"\" data-large-file=\"https:\/\/i0.wp.com\/patrimoine-avesnois.fr\/chemin\/wp-content\/uploads\/2019\/05\/IMG_5435.jpg?fit=840%2C630\" src=\"https:\/\/i0.wp.com\/oratoiresetchapelles-avesnois.fr\/wp-content\/uploads\/2017\/05\/IMG_1187-768x1024.jpg?resize=385%2C512\" alt=\"Int\u00e9rieur de la chapelle \" class=\"wp-image-3073\" width=\"385\" height=\"512\"\/><figcaption>Int\u00e9rieur de la chapelle<\/figcaption><\/figure><\/div>\n\n\n\n<div class=\"wp-block-image\"><figure class=\"aligncenter is-resized\"><img data-recalc-dims=\"1\" loading=\"lazy\" decoding=\"async\" data-attachment-id=\"3074\" data-permalink=\"http:\/\/patrimoine-avesnois.fr\/chemin\/avesnes-sur-helpe\/img_5438\/\" data-orig-file=\"https:\/\/i0.wp.com\/patrimoine-avesnois.fr\/chemin\/wp-content\/uploads\/2019\/05\/IMG_5438.jpg?fit=4032%2C3024\" data-orig-size=\"4032,3024\" data-comments-opened=\"1\" data-image-meta=\"{&quot;aperture&quot;:&quot;2.2&quot;,&quot;credit&quot;:&quot;&quot;,&quot;camera&quot;:&quot;iPhone SE&quot;,&quot;caption&quot;:&quot;&quot;,&quot;created_timestamp&quot;:&quot;1557068038&quot;,&quot;copyright&quot;:&quot;&quot;,&quot;focal_length&quot;:&quot;4.15&quot;,&quot;iso&quot;:&quot;500&quot;,&quot;shutter_speed&quot;:&quot;0.058823529411765&quot;,&quot;title&quot;:&quot;&quot;,&quot;orientation&quot;:&quot;6&quot;}\" data-image-title=\"IMG_5438\" data-image-description=\"\" data-image-caption=\"\" data-large-file=\"https:\/\/i0.wp.com\/patrimoine-avesnois.fr\/chemin\/wp-content\/uploads\/2019\/05\/IMG_5438.jpg?fit=840%2C630\" src=\"https:\/\/i0.wp.com\/oratoiresetchapelles-avesnois.fr\/wp-content\/uploads\/2017\/05\/IMG_1186-1024x768.jpg?resize=512%2C384\" alt=\"D\u00e9dicace\" class=\"wp-image-3074\" width=\"512\" height=\"384\"\/><figcaption>A cet Etre parfait, tout chr\u00e9tien rend hommage, Etant du Cr\u00e9ateur le plus parfait ouvrage.<\/figcaption><\/figure><\/div>\n\n\n\n<div class=\"wp-block-image\"><figure class=\"aligncenter is-resized\"><img loading=\"lazy\" decoding=\"async\" data-attachment-id=\"4665\" data-permalink=\"http:\/\/patrimoine-avesnois.fr\/chemin\/raucourt-au-bois\/image-685\/\" data-orig-file=\"https:\/\/i0.wp.com\/patrimoine-avesnois.fr\/chemin\/wp-content\/uploads\/2019\/05\/image-210.png?fit=3024%2C4032\" data-orig-size=\"3024,4032\" data-comments-opened=\"1\" data-image-meta=\"{&quot;aperture&quot;:&quot;0&quot;,&quot;credit&quot;:&quot;&quot;,&quot;camera&quot;:&quot;&quot;,&quot;caption&quot;:&quot;&quot;,&quot;created_timestamp&quot;:&quot;0&quot;,&quot;copyright&quot;:&quot;&quot;,&quot;focal_length&quot;:&quot;0&quot;,&quot;iso&quot;:&quot;0&quot;,&quot;shutter_speed&quot;:&quot;0&quot;,&quot;title&quot;:&quot;&quot;,&quot;orientation&quot;:&quot;0&quot;}\" data-image-title=\"image\" data-image-description=\"\" data-image-caption=\"\" data-large-file=\"https:\/\/i0.wp.com\/patrimoine-avesnois.fr\/chemin\/wp-content\/uploads\/2019\/05\/image-210.png?fit=768%2C1024\" src=\"https:\/\/i2.wp.com\/patrimoine-avesnois.fr\/chemin\/wp-content\/uploads\/2019\/05\/image-210.png?fit=768%2C1024\" alt=\"\" class=\"wp-image-4665\" width=\"384\" height=\"512\" srcset=\"https:\/\/i0.wp.com\/patrimoine-avesnois.fr\/chemin\/wp-content\/uploads\/2019\/05\/image-210.png?w=3024 3024w, https:\/\/i0.wp.com\/patrimoine-avesnois.fr\/chemin\/wp-content\/uploads\/2019\/05\/image-210.png?resize=225%2C300 225w, https:\/\/i0.wp.com\/patrimoine-avesnois.fr\/chemin\/wp-content\/uploads\/2019\/05\/image-210.png?resize=768%2C1024 768w, https:\/\/i0.wp.com\/patrimoine-avesnois.fr\/chemin\/wp-content\/uploads\/2019\/05\/image-210.png?resize=1200%2C1600 1200w, https:\/\/i0.wp.com\/patrimoine-avesnois.fr\/chemin\/wp-content\/uploads\/2019\/05\/image-210.png?w=1680 1680w, https:\/\/i0.wp.com\/patrimoine-avesnois.fr\/chemin\/wp-content\/uploads\/2019\/05\/image-210.png?w=2520 2520w\" sizes=\"auto, (max-width: 384px) 85vw, 384px\" \/><figcaption>\u00ab\u00a01945 1995 Cinquantenaire de la Lib\u00e9ration des camps de prisonniers et d\u00e9port\u00e9s. Arbre plant\u00e9 par la Municipalit\u00e9 les ACPC CATM  TOE et les D\u00e9port\u00e9s\u00a0\u00bb. <\/figcaption><\/figure><\/div>\n\n\n\n<div class=\"wp-block-image\"><figure class=\"aligncenter is-resized\"><img data-recalc-dims=\"1\" loading=\"lazy\" decoding=\"async\" src=\"https:\/\/i0.wp.com\/www.cc-paysdemormal.fr\/cache\/fichs_declinaison\/17125_2.jpg?resize=408%2C380&#038;ssl=1\" alt=\"\" width=\"408\" height=\"380\"\/><figcaption>Arbre de la Libert\u00e9 plant\u00e9 par Pierre Dreumont et son Conseil<\/figcaption><\/figure><\/div>\n\n\n\n<div class=\"wp-block-image\"><figure class=\"aligncenter is-resized\"><img loading=\"lazy\" decoding=\"async\" src=\"http:\/\/i1.wp.com\/www.calvaires-avesnois.fr\/wp-content\/uploads\/2016\/09\/IMG_1180-e1495788493229.jpg?resize=450%2C600\" alt=\"Calvaire de Raucourt au Bois construit vers 1900 (Source Mairie).\" class=\"wp-image-1483\" width=\"416\" height=\"554\"\/><figcaption>Calvaire de Raucourt au Bois construit vers 1900 (Source Mairie).<\/figcaption><\/figure><\/div>\n\n\n\n<div class=\"wp-block-image\"><figure class=\"aligncenter is-resized\"><img loading=\"lazy\" decoding=\"async\" data-attachment-id=\"4677\" data-permalink=\"http:\/\/patrimoine-avesnois.fr\/chemin\/raucourt-au-bois\/image-686\/\" data-orig-file=\"https:\/\/i0.wp.com\/patrimoine-avesnois.fr\/chemin\/wp-content\/uploads\/2019\/05\/image-211.png?fit=1204%2C783\" data-orig-size=\"1204,783\" data-comments-opened=\"1\" data-image-meta=\"{&quot;aperture&quot;:&quot;0&quot;,&quot;credit&quot;:&quot;&quot;,&quot;camera&quot;:&quot;&quot;,&quot;caption&quot;:&quot;&quot;,&quot;created_timestamp&quot;:&quot;0&quot;,&quot;copyright&quot;:&quot;&quot;,&quot;focal_length&quot;:&quot;0&quot;,&quot;iso&quot;:&quot;0&quot;,&quot;shutter_speed&quot;:&quot;0&quot;,&quot;title&quot;:&quot;&quot;,&quot;orientation&quot;:&quot;0&quot;}\" data-image-title=\"image\" data-image-description=\"\" data-image-caption=\"\" data-large-file=\"https:\/\/i0.wp.com\/patrimoine-avesnois.fr\/chemin\/wp-content\/uploads\/2019\/05\/image-211.png?fit=840%2C546\" src=\"https:\/\/i1.wp.com\/patrimoine-avesnois.fr\/chemin\/wp-content\/uploads\/2019\/05\/image-211.png?fit=840%2C546\" alt=\"\" class=\"wp-image-4677\" width=\"602\" height=\"392\" srcset=\"https:\/\/i0.wp.com\/patrimoine-avesnois.fr\/chemin\/wp-content\/uploads\/2019\/05\/image-211.png?w=1204 1204w, https:\/\/i0.wp.com\/patrimoine-avesnois.fr\/chemin\/wp-content\/uploads\/2019\/05\/image-211.png?resize=300%2C195 300w, https:\/\/i0.wp.com\/patrimoine-avesnois.fr\/chemin\/wp-content\/uploads\/2019\/05\/image-211.png?resize=768%2C499 768w, https:\/\/i0.wp.com\/patrimoine-avesnois.fr\/chemin\/wp-content\/uploads\/2019\/05\/image-211.png?resize=1024%2C666 1024w, https:\/\/i0.wp.com\/patrimoine-avesnois.fr\/chemin\/wp-content\/uploads\/2019\/05\/image-211.png?resize=1200%2C780 1200w\" sizes=\"auto, (max-width: 602px) 85vw, 602px\" \/><figcaption>Moulin \u00e0 vent ADN Cadastre 1831 P 31 \/ 765 S unique 50<\/figcaption><\/figure><\/div>\n\n\n\n<p>Il existait un moulin \u00e0 vent rue de l&rsquo;actuel Chemin du Moulin. Il fut \u00e9rig\u00e9 pendant la p\u00e9riode r\u00e9volutionnaire par Jean Baptiste Paris, originaire d&rsquo;Englefontaine et mari\u00e9 \u00e0 Marie Catherine Delvaux. En 1835 D\u00e9sir\u00e9 Guyot l&rsquo;acheta. Sa fille Olympia le poss\u00e9da jusqu&rsquo;\u00e0 son d\u00e9c\u00e8s en 1871. Le moulin dut probablement \u00eatre renvers\u00e9 par l&rsquo;ouragan de 1876.<\/p>\n\n\n\n<div class=\"wp-block-image\"><figure class=\"aligncenter is-resized\"><img loading=\"lazy\" decoding=\"async\" data-attachment-id=\"4667\" data-permalink=\"http:\/\/patrimoine-avesnois.fr\/chemin\/raucourt-au-bois\/capture-113\/\" data-orig-file=\"https:\/\/i0.wp.com\/patrimoine-avesnois.fr\/chemin\/wp-content\/uploads\/2019\/05\/Capture-71.jpg?fit=1304%2C857\" data-orig-size=\"1304,857\" data-comments-opened=\"1\" data-image-meta=\"{&quot;aperture&quot;:&quot;0&quot;,&quot;credit&quot;:&quot;CARRE&quot;,&quot;camera&quot;:&quot;&quot;,&quot;caption&quot;:&quot;&quot;,&quot;created_timestamp&quot;:&quot;1558955542&quot;,&quot;copyright&quot;:&quot;&quot;,&quot;focal_length&quot;:&quot;0&quot;,&quot;iso&quot;:&quot;0&quot;,&quot;shutter_speed&quot;:&quot;0&quot;,&quot;title&quot;:&quot;&quot;,&quot;orientation&quot;:&quot;0&quot;}\" data-image-title=\"Capture\" data-image-description=\"\" data-image-caption=\"\" data-large-file=\"https:\/\/i0.wp.com\/patrimoine-avesnois.fr\/chemin\/wp-content\/uploads\/2019\/05\/Capture-71.jpg?fit=840%2C552\" src=\"https:\/\/i1.wp.com\/patrimoine-avesnois.fr\/chemin\/wp-content\/uploads\/2019\/05\/Capture-71.jpg?fit=840%2C552\" alt=\"\" class=\"wp-image-4667\" width=\"630\" height=\"414\" srcset=\"https:\/\/i0.wp.com\/patrimoine-avesnois.fr\/chemin\/wp-content\/uploads\/2019\/05\/Capture-71.jpg?w=1304 1304w, https:\/\/i0.wp.com\/patrimoine-avesnois.fr\/chemin\/wp-content\/uploads\/2019\/05\/Capture-71.jpg?resize=300%2C197 300w, https:\/\/i0.wp.com\/patrimoine-avesnois.fr\/chemin\/wp-content\/uploads\/2019\/05\/Capture-71.jpg?resize=768%2C505 768w, https:\/\/i0.wp.com\/patrimoine-avesnois.fr\/chemin\/wp-content\/uploads\/2019\/05\/Capture-71.jpg?resize=1024%2C673 1024w, https:\/\/i0.wp.com\/patrimoine-avesnois.fr\/chemin\/wp-content\/uploads\/2019\/05\/Capture-71.jpg?resize=1200%2C789 1200w\" sizes=\"auto, (max-width: 630px) 85vw, 630px\" \/><figcaption>G\u00eete et Brasserie 67 Rue Haute <\/figcaption><\/figure><\/div>\n\n\n\n<p><\/p>\n","protected":false},"excerpt":{"rendered":"<p>Travers\u00e9 par le ruisseau du Ch\u00e2teau et le ruisseau du Moulin, Raucourt-au-Bois se situe \u00e0 l\u2019or\u00e9e de la For\u00eat de Mormal, entre Jolimetz et Englefontaine. Long\u00e9 par la voie romaine \u201c Bavay \u2013 Vermand \u201d, la premi\u00e8re mention du village date du XII e si\u00e8cle et est inscrite dans un cartulaire de la propri\u00e9t\u00e9 de &hellip; <a href=\"http:\/\/patrimoine-avesnois.fr\/chemin\/raucourt-au-bois\/\" class=\"more-link\">Continuer la lecture<span class=\"screen-reader-text\"> de &laquo;&nbsp;Raucourt-au-Bois&nbsp;&raquo;<\/span><\/a><\/p>\n","protected":false},"author":2,"featured_media":0,"parent":0,"menu_order":0,"comment_status":"closed","ping_status":"closed","template":"","meta":{"jetpack_post_was_ever_published":false,"footnotes":""},"class_list":["post-4657","page","type-page","status-publish","hentry"],"jetpack_sharing_enabled":true,"jetpack_shortlink":"https:\/\/wp.me\/PaOEkN-1d7","jetpack-related-posts":[],"_links":{"self":[{"href":"http:\/\/patrimoine-avesnois.fr\/chemin\/wp-json\/wp\/v2\/pages\/4657","targetHints":{"allow":["GET"]}}],"collection":[{"href":"http:\/\/patrimoine-avesnois.fr\/chemin\/wp-json\/wp\/v2\/pages"}],"about":[{"href":"http:\/\/patrimoine-avesnois.fr\/chemin\/wp-json\/wp\/v2\/types\/page"}],"author":[{"embeddable":true,"href":"http:\/\/patrimoine-avesnois.fr\/chemin\/wp-json\/wp\/v2\/users\/2"}],"replies":[{"embeddable":true,"href":"http:\/\/patrimoine-avesnois.fr\/chemin\/wp-json\/wp\/v2\/comments?post=4657"}],"version-history":[{"count":0,"href":"http:\/\/patrimoine-avesnois.fr\/chemin\/wp-json\/wp\/v2\/pages\/4657\/revisions"}],"wp:attachment":[{"href":"http:\/\/patrimoine-avesnois.fr\/chemin\/wp-json\/wp\/v2\/media?parent=4657"}],"curies":[{"name":"wp","href":"https:\/\/api.w.org\/{rel}","templated":true}]}}