{"id":114,"date":"2021-05-04T12:44:06","date_gmt":"2021-05-04T10:44:06","guid":{"rendered":"http:\/\/patrimoine-avesnois.fr\/moulins-vent\/?page_id=114"},"modified":"2021-05-04T12:44:06","modified_gmt":"2021-05-04T10:44:06","slug":"potelle","status":"publish","type":"page","link":"http:\/\/patrimoine-avesnois.fr\/moulins-vent\/potelle\/","title":{"rendered":"Potelle"},"content":{"rendered":"\n<p class=\"has-bright-red-color has-text-color has-medium-font-size\"><strong>Le Moulin \u00e0 vent de Potelle :<\/strong><\/p>\n\n\n\n<div class=\"wp-block-image\"><figure class=\"aligncenter\"><img decoding=\"async\" src=\"https:\/\/i2.wp.com\/patrimoine-avesnois.fr\/chemin\/wp-content\/uploads\/2021\/04\/Capture-18.jpg?resize=840%2C630\" alt=\"\" class=\"wp-image-12302\"\/><figcaption>Moulin de Potelle Carte de Cassini<\/figcaption><\/figure><\/div>\n\n\n\n<div class=\"wp-block-image\"><figure class=\"aligncenter\"><img decoding=\"async\" src=\"https:\/\/i0.wp.com\/patrimoine-avesnois.fr\/chemin\/wp-content\/uploads\/2021\/04\/Capture-14.jpg?resize=840%2C629\" alt=\"\" class=\"wp-image-12298\"\/><figcaption>Cadastre Potelle An 12 ADN P 30 \/ 282 Moulin \u00e0 vent<a href=\"https:\/\/archivesdepartementales.lenord.fr\/ark:\/33518\/c0sl63vhkbjg\/705e8509-6d9a-45ad-b819-2668ceb509e8\" target=\"_blank\" rel=\"noreferrer noopener\">&nbsp;S B 6<\/a>&nbsp;<a href=\"https:\/\/archivesdepartementales.lenord.fr\/ark:\/33518\/c0sl63vhkbjg\/07ad8ed9-e2c6-4015-83b2-157426441f2b\" target=\"_blank\" rel=\"noreferrer noopener\">Vue 2\/3<\/a><\/figcaption><\/figure><\/div>\n\n\n\n<div class=\"wp-block-image\"><figure class=\"aligncenter\"><img decoding=\"async\" src=\"https:\/\/i1.wp.com\/patrimoine-avesnois.fr\/chemin\/wp-content\/uploads\/2021\/04\/Capture-17.jpg?resize=840%2C629\" alt=\"L\u2019attribut alt de cette image est vide, son nom de fichier est Capture-17.jpg.\"\/><figcaption>Cadastre Potelle ADN P 31 \/ 757 Moulin \u00e0 vent S B 11&nbsp;<a rel=\"noreferrer noopener\" href=\"https:\/\/archivesdepartementales.lenord.fr\/ark:\/33518\/kt2dns69mjgc\/f8a72dac-4391-40e2-b7fd-ebee14776da9\" target=\"_blank\">Vue 4\/11<\/a><\/figcaption><\/figure><\/div>\n\n\n\n<div class=\"wp-block-image\"><figure class=\"aligncenter\"><img decoding=\"async\" src=\"https:\/\/i1.wp.com\/patrimoine-avesnois.fr\/chemin\/wp-content\/uploads\/2021\/04\/Capture-15.jpg?resize=840%2C630\" alt=\"\" class=\"wp-image-12299\"\/><figcaption>Position fictive du Moulin \u00e0 vent de Potelle sur une carte actuelle<\/figcaption><\/figure><\/div>\n\n\n\n<div class=\"wp-block-image\"><figure class=\"aligncenter\"><img decoding=\"async\" src=\"https:\/\/i1.wp.com\/patrimoine-avesnois.fr\/chemin\/wp-content\/uploads\/2021\/04\/Capture-16.jpg?resize=840%2C630\" alt=\"\" class=\"wp-image-12300\"\/><figcaption>Emplacement o\u00f9 se dressait le Moulin \u00e0 vent de Potelle (dans la propi\u00e9t\u00e9 de la ferme)&nbsp;<a rel=\"noreferrer noopener\" href=\"https:\/\/www.google.fr\/maps\/place\/59530+Potelle\/@50.2375048,3.6630239,17z\/data=!4m5!3m4!1s0x47c28ba688ed26e7:0x87871288ae95e59e!8m2!3d50.246971!4d3.669177\" target=\"_blank\">Chemin du Moulin<\/a><\/figcaption><\/figure><\/div>\n\n\n\n<div class=\"wp-block-image\"><figure class=\"aligncenter\"><img decoding=\"async\" src=\"https:\/\/i2.wp.com\/patrimoine-avesnois.fr\/censes\/wp-content\/uploads\/2019\/02\/Capture-130.png?w=840\" alt=\"\"\/><figcaption>La ferme du Moulin existe toujours.<\/figcaption><\/figure><\/div>\n\n\n\n<p>Le Moulin \u00e0 vent de Potelle appartient avant la R\u00e9volution au baron de N\u00e9donchel, Marie Alexandre BONAVENTURE qui poss\u00e8de \u00e9galement la cense de l\u2019Artois attenante au moulin et le ch\u00e2teau d\u00e9nomm\u00e9 \u00ab de riz pain sel\u00a0\u00bb (de nos jours le ch\u00e2teau Mantoue). Il \u00e9migre et ses biens sont vendus comme biens nationaux. Le moulin est achet\u00e9 le 30 Fructidor An 4 par Edmond-Louis-Alexis DUBOIS de CRANC\u00c9 (1) (\u00b01734 Charleville + 1814 Rethel), membre de la Convention en 1792, commandant du Si\u00e8ge de Lyon, membre du Conseil des Cinq-Cents et ministre de la guerre en 1799. Il loue le moulin \u00e0 Jean-Baptiste Despinoy en 1800 (2). Despinoy mari\u00e9 \u00e0 Marie Lefebvre, propri\u00e9taire et r\u00e9sident \u00e0 Jolimetz d\u00e9c\u00e8de \u00e0 Le Quesnoy le 29\u00a0prairial\u00a0an\u00a0XIII (18 juin 1805). Le baron de N\u00e9donchel r\u00e9cup\u00e8re sous l\u2019Empire ses biens et loue alors le moulin \u00e0 vent \u00e0 Jacques-Joseph CAUDRELIER, meunier \u00e0 Louvignies, le 26 Mars 1806 (3). Le cadastre renseigne sur les propri\u00e9taires suivants : en 1831 Charles DUBOIS, occupant \u00e0 Locquignol puis \u00e0 Potelle, en 1843 Am\u00e9lie DUBOIS meuni\u00e8re \u00e0 Potelle, en 1854 Augustin POIRETTE meunier puis agriculteur \u00e0 Potelle. Am\u00e9lie DUBOIS est la fille de (Jean) Charles et de Natalie ROUSSEAU. Elle se marie \u00e0 Potelle le 19 Janvier 1853 \u00e0 l\u2019\u00e2ge de 44 ans avec Augustin POIRETTE, voiturier \u00e0 Jolimetz (4). Le moulin \u00e0 vent de Potelle est d\u00e9moli en 1863.<\/p>\n\n\n\n<p>(1) : ADN Q 1001<\/p>\n\n\n\n<p>(2) : ADN 3 Q 409-3 Enregistrement Bureau Le Quesnoy Table des baux An 4-An 13 Acte du 5 Niv\u00f4se An 9<\/p>\n\n\n\n<p>(3) : AD 3 Q 406-7 Enregistrement Bureau Le Quesnoy Table des vendeurs 1806-1808<\/p>\n\n\n\n<p>(4) ADN NMD Potelle 1798-1878 5 Mi 008 R 016&nbsp;<a href=\"https:\/\/archivesdepartementales.lenord.fr\/ark:\/33518\/d9c356j1qk7t\/34eb5af9-185e-4251-98cf-7be70b3bc544\" target=\"_blank\" rel=\"noreferrer noopener\">Vue 347\/474<\/a><\/p>\n","protected":false},"excerpt":{"rendered":"<p>Le Moulin \u00e0 vent de Potelle : Le Moulin \u00e0 vent de Potelle appartient avant la R\u00e9volution au baron de N\u00e9donchel, Marie Alexandre BONAVENTURE qui poss\u00e8de \u00e9galement la cense de l\u2019Artois attenante au moulin et le ch\u00e2teau d\u00e9nomm\u00e9 \u00ab de riz pain sel\u00a0\u00bb (de nos jours le ch\u00e2teau Mantoue). Il \u00e9migre et ses biens sont &hellip; <a href=\"http:\/\/patrimoine-avesnois.fr\/moulins-vent\/potelle\/\" class=\"more-link\">Continuer la lecture<span class=\"screen-reader-text\"> de &laquo;&nbsp;Potelle&nbsp;&raquo;<\/span><\/a><\/p>\n","protected":false},"author":2,"featured_media":0,"parent":0,"menu_order":0,"comment_status":"closed","ping_status":"closed","template":"","meta":{"footnotes":""},"class_list":["post-114","page","type-page","status-publish","hentry"],"jetpack_sharing_enabled":true,"_links":{"self":[{"href":"http:\/\/patrimoine-avesnois.fr\/moulins-vent\/wp-json\/wp\/v2\/pages\/114","targetHints":{"allow":["GET"]}}],"collection":[{"href":"http:\/\/patrimoine-avesnois.fr\/moulins-vent\/wp-json\/wp\/v2\/pages"}],"about":[{"href":"http:\/\/patrimoine-avesnois.fr\/moulins-vent\/wp-json\/wp\/v2\/types\/page"}],"author":[{"embeddable":true,"href":"http:\/\/patrimoine-avesnois.fr\/moulins-vent\/wp-json\/wp\/v2\/users\/2"}],"replies":[{"embeddable":true,"href":"http:\/\/patrimoine-avesnois.fr\/moulins-vent\/wp-json\/wp\/v2\/comments?post=114"}],"version-history":[{"count":1,"href":"http:\/\/patrimoine-avesnois.fr\/moulins-vent\/wp-json\/wp\/v2\/pages\/114\/revisions"}],"predecessor-version":[{"id":115,"href":"http:\/\/patrimoine-avesnois.fr\/moulins-vent\/wp-json\/wp\/v2\/pages\/114\/revisions\/115"}],"wp:attachment":[{"href":"http:\/\/patrimoine-avesnois.fr\/moulins-vent\/wp-json\/wp\/v2\/media?parent=114"}],"curies":[{"name":"wp","href":"https:\/\/api.w.org\/{rel}","templated":true}]}}

<p class="has-bright-red-color has-text-color has-medium-font-size"><strong>Le Moulin à vent de Potelle :</strong></p>



<div class="wp-block-image"><figure class="aligncenter"><img decoding="async" src="https://i2.wp.com/patrimoine-avesnois.fr/chemin/wp-content/uploads/2021/04/Capture-18.jpg?resize=840%2C630" alt="" class="wp-image-12302"/><figcaption>Moulin de Potelle Carte de Cassini</figcaption></figure></div>



<div class="wp-block-image"><figure class="aligncenter"><img decoding="async" src="https://i0.wp.com/patrimoine-avesnois.fr/chemin/wp-content/uploads/2021/04/Capture-14.jpg?resize=840%2C629" alt="" class="wp-image-12298"/><figcaption>Cadastre Potelle An 12 ADN P 30 / 282 Moulin à vent<a href="https://archivesdepartementales.lenord.fr/ark:/33518/c0sl63vhkbjg/705e8509-6d9a-45ad-b819-2668ceb509e8" target="_blank" rel="noreferrer noopener">&nbsp;S B 6</a>&nbsp;<a href="https://archivesdepartementales.lenord.fr/ark:/33518/c0sl63vhkbjg/07ad8ed9-e2c6-4015-83b2-157426441f2b" target="_blank" rel="noreferrer noopener">Vue 2/3</a></figcaption></figure></div>



<div class="wp-block-image"><figure class="aligncenter"><img decoding="async" src="https://i1.wp.com/patrimoine-avesnois.fr/chemin/wp-content/uploads/2021/04/Capture-17.jpg?resize=840%2C629" alt="L’attribut alt de cette image est vide, son nom de fichier est Capture-17.jpg."/><figcaption>Cadastre Potelle ADN P 31 / 757 Moulin à vent S B 11&nbsp;<a rel="noreferrer noopener" href="https://archivesdepartementales.lenord.fr/ark:/33518/kt2dns69mjgc/f8a72dac-4391-40e2-b7fd-ebee14776da9" target="_blank">Vue 4/11</a></figcaption></figure></div>



<div class="wp-block-image"><figure class="aligncenter"><img decoding="async" src="https://i1.wp.com/patrimoine-avesnois.fr/chemin/wp-content/uploads/2021/04/Capture-15.jpg?resize=840%2C630" alt="" class="wp-image-12299"/><figcaption>Position fictive du Moulin à vent de Potelle sur une carte actuelle</figcaption></figure></div>



<div class="wp-block-image"><figure class="aligncenter"><img decoding="async" src="https://i1.wp.com/patrimoine-avesnois.fr/chemin/wp-content/uploads/2021/04/Capture-16.jpg?resize=840%2C630" alt="" class="wp-image-12300"/><figcaption>Emplacement où se dressait le Moulin à vent de Potelle (dans la propiété de la ferme)&nbsp;<a rel="noreferrer noopener" href="https://www.google.fr/maps/place/59530+Potelle/@50.2375048,3.6630239,17z/data=!4m5!3m4!1s0x47c28ba688ed26e7:0x87871288ae95e59e!8m2!3d50.246971!4d3.669177" target="_blank">Chemin du Moulin</a></figcaption></figure></div>



<div class="wp-block-image"><figure class="aligncenter"><img decoding="async" src="https://i2.wp.com/patrimoine-avesnois.fr/censes/wp-content/uploads/2019/02/Capture-130.png?w=840" alt=""/><figcaption>La ferme du Moulin existe toujours.</figcaption></figure></div>



<p>Le Moulin à vent de Potelle appartient avant la Révolution au baron de Nédonchel, Marie Alexandre BONAVENTURE qui possède également la cense de l’Artois attenante au moulin et le château dénommé « de riz pain sel » (de nos jours le château Mantoue). Il émigre et ses biens sont vendus comme biens nationaux. Le moulin est acheté le 30 Fructidor An 4 par Edmond-Louis-Alexis DUBOIS de CRANCÉ (1) (°1734 Charleville + 1814 Rethel), membre de la Convention en 1792, commandant du Siège de Lyon, membre du Conseil des Cinq-Cents et ministre de la guerre en 1799. Il loue le moulin à Jean-Baptiste Despinoy en 1800 (2). Despinoy marié à Marie Lefebvre, propriétaire et résident à Jolimetz décède à Le Quesnoy le 29 prairial an XIII (18 juin 1805). Le baron de Nédonchel récupère sous l’Empire ses biens et loue alors le moulin à vent à Jacques-Joseph CAUDRELIER, meunier à Louvignies, le 26 Mars 1806 (3). Le cadastre renseigne sur les propriétaires suivants : en 1831 Charles DUBOIS, occupant à Locquignol puis à Potelle, en 1843 Amélie DUBOIS meunière à Potelle, en 1854 Augustin POIRETTE meunier puis agriculteur à Potelle. Amélie DUBOIS est la fille de (Jean) Charles et de Natalie ROUSSEAU. Elle se marie à Potelle le 19 Janvier 1853 à l’âge de 44 ans avec Augustin POIRETTE, voiturier à Jolimetz (4). Le moulin à vent de Potelle est démoli en 1863.</p>



<p>(1) : ADN Q 1001</p>



<p>(2) : ADN 3 Q 409-3 Enregistrement Bureau Le Quesnoy Table des baux An 4-An 13 Acte du 5 Nivôse An 9</p>



<p>(3) : AD 3 Q 406-7 Enregistrement Bureau Le Quesnoy Table des vendeurs 1806-1808</p>



<p>(4) ADN NMD Potelle 1798-1878 5 Mi 008 R 016&nbsp;<a href="https://archivesdepartementales.lenord.fr/ark:/33518/d9c356j1qk7t/34eb5af9-185e-4251-98cf-7be70b3bc544" target="_blank" rel="noreferrer noopener">Vue 347/474</a></p>

<p>Le Moulin à vent de Potelle : Le Moulin à vent de Potelle appartient avant la Révolution au baron de Nédonchel, Marie Alexandre BONAVENTURE qui possède également la cense de l’Artois attenante au moulin et le château dénommé « de riz pain sel » (de nos jours le château Mantoue). Il émigre et ses biens sont &hellip; <a href="http://patrimoine-avesnois.fr/moulins-vent/potelle/" class="more-link">Continuer la lecture<span class="screen-reader-text"> de &laquo;&nbsp;Potelle&nbsp;&raquo;</span></a></p>
