{"id":120,"date":"2021-05-04T12:58:57","date_gmt":"2021-05-04T10:58:57","guid":{"rendered":"http:\/\/patrimoine-avesnois.fr\/moulins-vent\/?page_id=120"},"modified":"2021-05-04T12:58:57","modified_gmt":"2021-05-04T10:58:57","slug":"rainsars","status":"publish","type":"page","link":"http:\/\/patrimoine-avesnois.fr\/moulins-vent\/rainsars\/","title":{"rendered":"Rainsars"},"content":{"rendered":"\n<p class=\"has-bright-red-color has-text-color has-medium-font-size\"><strong>Le Moulin \u00e0 vent de Rainsars :<\/strong><\/p>\n\n\n\n<div class=\"wp-block-image\"><figure class=\"aligncenter\"><img decoding=\"async\" src=\"https:\/\/i2.wp.com\/patrimoine-avesnois.fr\/chemin\/wp-content\/uploads\/2021\/04\/Capture-19.jpg?resize=840%2C630\" alt=\"\" class=\"wp-image-12309\"\/><figcaption>Cadastre Rainsars 1823 ADN P 31 \/ 763&nbsp;<a href=\"https:\/\/archivesdepartementales.lenord.fr\/ark:\/33518\/sjlchw9dz401\/d94e182b-0138-4bc1-9f00-82e96f5cdc13\" target=\"_blank\" rel=\"noreferrer noopener\">Vue 2\/11<\/a><\/figcaption><\/figure><\/div>\n\n\n\n<div class=\"wp-block-image\"><figure class=\"aligncenter\"><img decoding=\"async\" src=\"https:\/\/i0.wp.com\/patrimoine-avesnois.fr\/chemin\/wp-content\/uploads\/2021\/04\/Capture-20.jpg?resize=840%2C729\" alt=\"\" class=\"wp-image-12310\"\/><figcaption>Repr\u00e9sentation de la Fache du Moulin \u00e0 vent avec la position approximative du Moulin sur une carte actuelle<\/figcaption><\/figure><\/div>\n\n\n\n<div class=\"wp-block-image\"><figure class=\"aligncenter\"><img decoding=\"async\" src=\"https:\/\/i0.wp.com\/patrimoine-avesnois.fr\/chemin\/wp-content\/uploads\/2021\/04\/Capture-22.jpg?resize=840%2C629\" alt=\"\" class=\"wp-image-12312\"\/><figcaption>Ce petit chemin \u00e0 la gauche de la&nbsp;<a href=\"https:\/\/www.google.fr\/maps\/@50.0828031,3.9919603,3a,75y,238.98h,80.75t\/data=!3m6!1e1!3m4!1sL_AMZuMV_i5vZtomx0VZCQ!2e0!7i13312!8i6656\" target=\"_blank\" rel=\"noreferrer noopener\">Route d\u2019Avesnes<\/a>&nbsp;\u00e0 Rainsars longe en le descendant sur la droite l\u2019ancienne Fache du Moulin \u00e0 vent<\/figcaption><\/figure><\/div>\n\n\n\n<p>Le Moulin \u00e0 vent de Rainsars est \u00e9rig\u00e9 en 1758 par M de Rinsars. Celui-ci en l\u2019absence de la possession d\u2019une exp\u00e9dition de l\u2019arr\u00eat du Conseil rendu en 1758 demande confirmation le 9 Juin 1780 aupr\u00e8s des services du Roi qu\u2019il a bien obtenu la permission d\u2019\u00e9riger un moulin \u00e0 vent \u00e0 moudre grain. Confirmation lui est faite le 14 Ao\u00fbt (1). Il s\u2019agit de Bertrand Joseph de BADY (\u00b01719 + 1788 Dourlers) comte de Normont veuf de Marie Fran\u00e7oise Narcisse Jos\u00e8phe de BANDE (\u00b0 1730 + 1758 Avesnes-sur-Helpe) dont les parents avaient \u00e9t\u00e9 seigneurs du village. Le moulin ne figure pas sur l\u2019enqu\u00eate de 1809 (2). Par contre la F\u00e2che du Moulin \u00e0 vent est repr\u00e9sent\u00e9e sur les cadastres.<\/p>\n\n\n\n<p>(1) : ADN C 16816<\/p>\n\n\n\n<p>(2) : \u00c9nergie et Subsistances Enqu\u00eates sur les moulins \u00e0 bl\u00e9 An II 1809 Inventaire Archives Nationales 21110<\/p>\n","protected":false},"excerpt":{"rendered":"<p>Le Moulin \u00e0 vent de Rainsars : Le Moulin \u00e0 vent de Rainsars est \u00e9rig\u00e9 en 1758 par M de Rinsars. Celui-ci en l\u2019absence de la possession d\u2019une exp\u00e9dition de l\u2019arr\u00eat du Conseil rendu en 1758 demande confirmation le 9 Juin 1780 aupr\u00e8s des services du Roi qu\u2019il a bien obtenu la permission d\u2019\u00e9riger un &hellip; <a href=\"http:\/\/patrimoine-avesnois.fr\/moulins-vent\/rainsars\/\" class=\"more-link\">Continuer la lecture<span class=\"screen-reader-text\"> de &laquo;&nbsp;Rainsars&nbsp;&raquo;<\/span><\/a><\/p>\n","protected":false},"author":2,"featured_media":0,"parent":0,"menu_order":0,"comment_status":"closed","ping_status":"closed","template":"","meta":{"footnotes":""},"class_list":["post-120","page","type-page","status-publish","hentry"],"jetpack_sharing_enabled":true,"_links":{"self":[{"href":"http:\/\/patrimoine-avesnois.fr\/moulins-vent\/wp-json\/wp\/v2\/pages\/120","targetHints":{"allow":["GET"]}}],"collection":[{"href":"http:\/\/patrimoine-avesnois.fr\/moulins-vent\/wp-json\/wp\/v2\/pages"}],"about":[{"href":"http:\/\/patrimoine-avesnois.fr\/moulins-vent\/wp-json\/wp\/v2\/types\/page"}],"author":[{"embeddable":true,"href":"http:\/\/patrimoine-avesnois.fr\/moulins-vent\/wp-json\/wp\/v2\/users\/2"}],"replies":[{"embeddable":true,"href":"http:\/\/patrimoine-avesnois.fr\/moulins-vent\/wp-json\/wp\/v2\/comments?post=120"}],"version-history":[{"count":1,"href":"http:\/\/patrimoine-avesnois.fr\/moulins-vent\/wp-json\/wp\/v2\/pages\/120\/revisions"}],"predecessor-version":[{"id":121,"href":"http:\/\/patrimoine-avesnois.fr\/moulins-vent\/wp-json\/wp\/v2\/pages\/120\/revisions\/121"}],"wp:attachment":[{"href":"http:\/\/patrimoine-avesnois.fr\/moulins-vent\/wp-json\/wp\/v2\/media?parent=120"}],"curies":[{"name":"wp","href":"https:\/\/api.w.org\/{rel}","templated":true}]}}

<p class="has-bright-red-color has-text-color has-medium-font-size"><strong>Le Moulin à vent de Rainsars :</strong></p>



<div class="wp-block-image"><figure class="aligncenter"><img decoding="async" src="https://i2.wp.com/patrimoine-avesnois.fr/chemin/wp-content/uploads/2021/04/Capture-19.jpg?resize=840%2C630" alt="" class="wp-image-12309"/><figcaption>Cadastre Rainsars 1823 ADN P 31 / 763&nbsp;<a href="https://archivesdepartementales.lenord.fr/ark:/33518/sjlchw9dz401/d94e182b-0138-4bc1-9f00-82e96f5cdc13" target="_blank" rel="noreferrer noopener">Vue 2/11</a></figcaption></figure></div>



<div class="wp-block-image"><figure class="aligncenter"><img decoding="async" src="https://i0.wp.com/patrimoine-avesnois.fr/chemin/wp-content/uploads/2021/04/Capture-20.jpg?resize=840%2C729" alt="" class="wp-image-12310"/><figcaption>Représentation de la Fache du Moulin à vent avec la position approximative du Moulin sur une carte actuelle</figcaption></figure></div>



<div class="wp-block-image"><figure class="aligncenter"><img decoding="async" src="https://i0.wp.com/patrimoine-avesnois.fr/chemin/wp-content/uploads/2021/04/Capture-22.jpg?resize=840%2C629" alt="" class="wp-image-12312"/><figcaption>Ce petit chemin à la gauche de la&nbsp;<a href="https://www.google.fr/maps/@50.0828031,3.9919603,3a,75y,238.98h,80.75t/data=!3m6!1e1!3m4!1sL_AMZuMV_i5vZtomx0VZCQ!2e0!7i13312!8i6656" target="_blank" rel="noreferrer noopener">Route d’Avesnes</a>&nbsp;à Rainsars longe en le descendant sur la droite l’ancienne Fache du Moulin à vent</figcaption></figure></div>



<p>Le Moulin à vent de Rainsars est érigé en 1758 par M de Rinsars. Celui-ci en l’absence de la possession d’une expédition de l’arrêt du Conseil rendu en 1758 demande confirmation le 9 Juin 1780 auprès des services du Roi qu’il a bien obtenu la permission d’ériger un moulin à vent à moudre grain. Confirmation lui est faite le 14 Août (1). Il s’agit de Bertrand Joseph de BADY (°1719 + 1788 Dourlers) comte de Normont veuf de Marie Françoise Narcisse Josèphe de BANDE (° 1730 + 1758 Avesnes-sur-Helpe) dont les parents avaient été seigneurs du village. Le moulin ne figure pas sur l’enquête de 1809 (2). Par contre la Fâche du Moulin à vent est représentée sur les cadastres.</p>



<p>(1) : ADN C 16816</p>



<p>(2) : Énergie et Subsistances Enquêtes sur les moulins à blé An II 1809 Inventaire Archives Nationales 21110</p>

<p>Le Moulin à vent de Rainsars : Le Moulin à vent de Rainsars est érigé en 1758 par M de Rinsars. Celui-ci en l’absence de la possession d’une expédition de l’arrêt du Conseil rendu en 1758 demande confirmation le 9 Juin 1780 auprès des services du Roi qu’il a bien obtenu la permission d’ériger un &hellip; <a href="http://patrimoine-avesnois.fr/moulins-vent/rainsars/" class="more-link">Continuer la lecture<span class="screen-reader-text"> de &laquo;&nbsp;Rainsars&nbsp;&raquo;</span></a></p>
