{"id":122,"date":"2021-05-04T13:00:08","date_gmt":"2021-05-04T11:00:08","guid":{"rendered":"http:\/\/patrimoine-avesnois.fr\/moulins-vent\/?page_id=122"},"modified":"2021-05-04T13:00:08","modified_gmt":"2021-05-04T11:00:08","slug":"raucourt-au-bois","status":"publish","type":"page","link":"http:\/\/patrimoine-avesnois.fr\/moulins-vent\/raucourt-au-bois\/","title":{"rendered":"Raucourt-au-Bois"},"content":{"rendered":"\n<p class=\"has-bright-red-color has-text-color has-medium-font-size\"><strong>Le Moulin \u00e0 vent de Raucourt-au-Bois :<\/strong><\/p>\n\n\n\n<div class=\"wp-block-image\"><figure class=\"aligncenter\"><img decoding=\"async\" src=\"https:\/\/i2.wp.com\/patrimoine-avesnois.fr\/chemin\/wp-content\/uploads\/2021\/04\/Capture-23.jpg?resize=840%2C629\" alt=\"\" class=\"wp-image-12316\"\/><figcaption>Cadastre Raucourt-au-Bois An 13 ADN P 30 \/ 297 Moulin \u00e0 vent S B 19<a href=\"https:\/\/archivesdepartementales.lenord.fr\/ark:\/33518\/rvkfx3nq5841\/2cd64bff-34ca-462c-886d-5af9a4c0f410\" target=\"_blank\" rel=\"noreferrer noopener\">&nbsp;Vue 1\/2<\/a><\/figcaption><\/figure><\/div>\n\n\n\n<div class=\"wp-block-image\"><figure class=\"aligncenter\"><img decoding=\"async\" src=\"https:\/\/i2.wp.com\/patrimoine-avesnois.fr\/chemin\/wp-content\/uploads\/2021\/04\/Capture-24.jpg?resize=840%2C630\" alt=\"\" class=\"wp-image-12318\"\/><figcaption>Position fictive du Moulin \u00e0 vent de Raucourt-au-Bois Chemin du Moulin sur une carte actuelle<\/figcaption><\/figure><\/div>\n\n\n\n<p>Jean-Baptiste DEPARIS (\u00b01768 Englefontaine + 1835 Raucourt-au-Bois) mari\u00e9 en 1804 avec Marie Catherine DELVAUX (\u00b01771 + 1841) fait construire le moulin \u00e0 vent de Raucourt d\u00e8s son mariage pour l\u2019exploiter avant de le louer \u00e0 un certain Marceau en 1833 (1). Apr\u00e8s son d\u00e9c\u00e8s le 24 Mai 1835 le moulin est d\u00e9tenu par son gendre D\u00e9sir\u00e9 GUYOT mari\u00e9 en 1826 \u00e0 Louvignies-Quesnoy avec Marie No\u00eblle DEPARIS. Le moulin est d\u00e9moli en 1867 (2).<\/p>\n\n\n\n<p>(1) : ADN 3 Q 299-5 Enregistrement Bureau de Landrecies Table d.es baux 1828-1844 Acte du 30\/03\/1833<\/p>\n\n\n\n<p>(2) : Matrices cadastrales 35 P 1156 B NB 1833 1914<\/p>\n","protected":false},"excerpt":{"rendered":"<p>Le Moulin \u00e0 vent de Raucourt-au-Bois : Jean-Baptiste DEPARIS (\u00b01768 Englefontaine + 1835 Raucourt-au-Bois) mari\u00e9 en 1804 avec Marie Catherine DELVAUX (\u00b01771 + 1841) fait construire le moulin \u00e0 vent de Raucourt d\u00e8s son mariage pour l\u2019exploiter avant de le louer \u00e0 un certain Marceau en 1833 (1). Apr\u00e8s son d\u00e9c\u00e8s le 24 Mai 1835 &hellip; <a href=\"http:\/\/patrimoine-avesnois.fr\/moulins-vent\/raucourt-au-bois\/\" class=\"more-link\">Continuer la lecture<span class=\"screen-reader-text\"> de &laquo;&nbsp;Raucourt-au-Bois&nbsp;&raquo;<\/span><\/a><\/p>\n","protected":false},"author":2,"featured_media":0,"parent":0,"menu_order":0,"comment_status":"closed","ping_status":"closed","template":"","meta":{"footnotes":""},"class_list":["post-122","page","type-page","status-publish","hentry"],"jetpack_sharing_enabled":true,"_links":{"self":[{"href":"http:\/\/patrimoine-avesnois.fr\/moulins-vent\/wp-json\/wp\/v2\/pages\/122","targetHints":{"allow":["GET"]}}],"collection":[{"href":"http:\/\/patrimoine-avesnois.fr\/moulins-vent\/wp-json\/wp\/v2\/pages"}],"about":[{"href":"http:\/\/patrimoine-avesnois.fr\/moulins-vent\/wp-json\/wp\/v2\/types\/page"}],"author":[{"embeddable":true,"href":"http:\/\/patrimoine-avesnois.fr\/moulins-vent\/wp-json\/wp\/v2\/users\/2"}],"replies":[{"embeddable":true,"href":"http:\/\/patrimoine-avesnois.fr\/moulins-vent\/wp-json\/wp\/v2\/comments?post=122"}],"version-history":[{"count":1,"href":"http:\/\/patrimoine-avesnois.fr\/moulins-vent\/wp-json\/wp\/v2\/pages\/122\/revisions"}],"predecessor-version":[{"id":123,"href":"http:\/\/patrimoine-avesnois.fr\/moulins-vent\/wp-json\/wp\/v2\/pages\/122\/revisions\/123"}],"wp:attachment":[{"href":"http:\/\/patrimoine-avesnois.fr\/moulins-vent\/wp-json\/wp\/v2\/media?parent=122"}],"curies":[{"name":"wp","href":"https:\/\/api.w.org\/{rel}","templated":true}]}}