{"id":134,"date":"2021-05-04T13:18:30","date_gmt":"2021-05-04T11:18:30","guid":{"rendered":"http:\/\/patrimoine-avesnois.fr\/moulins-vent\/?page_id=134"},"modified":"2021-05-04T13:18:30","modified_gmt":"2021-05-04T11:18:30","slug":"salesches","status":"publish","type":"page","link":"http:\/\/patrimoine-avesnois.fr\/moulins-vent\/salesches\/","title":{"rendered":"Salesches"},"content":{"rendered":"\n<p class=\"has-bright-red-color has-text-color has-medium-font-size\"><strong>Le Moulin \u00e0 vent de Salesches :<\/strong><\/p>\n\n\n\n<div class=\"wp-block-image\"><figure class=\"aligncenter\"><img decoding=\"async\" src=\"https:\/\/i1.wp.com\/patrimoine-avesnois.fr\/chemin\/wp-content\/uploads\/2021\/04\/Capture-55.jpg?resize=840%2C629\" alt=\"\" class=\"wp-image-12381\"\/><figcaption>Cadastre de Salesches 1831 ADN P 31 \/ 776 Le Moulin \u00e0 vent sera construit en 1842 sur la parcelle S A 222&nbsp;<a href=\"https:\/\/archivesdepartementales.lenord.fr\/ark:\/33518\/8l9tmwscp576\/bd72fe77-14b1-4d3c-9d5b-1a69bb26a3f4\" target=\"_blank\" rel=\"noreferrer noopener\">Vue 3\/10<\/a><\/figcaption><\/figure><\/div>\n\n\n\n<div class=\"wp-block-image\"><figure class=\"aligncenter\"><img decoding=\"async\" src=\"https:\/\/i1.wp.com\/patrimoine-avesnois.fr\/chemin\/wp-content\/uploads\/2021\/04\/image-8.png?resize=840%2C629\" alt=\"\" class=\"wp-image-12382\"\/><\/figure><\/div>\n\n\n\n<div class=\"wp-block-image\"><figure class=\"aligncenter\"><img decoding=\"async\" src=\"https:\/\/i0.wp.com\/patrimoine-avesnois.fr\/chemin\/wp-content\/uploads\/2021\/04\/Capture-56.jpg?resize=840%2C630\" alt=\"\" class=\"wp-image-12385\"\/><figcaption>Position fictive du Moulin \u00e0 vent de salesches sur une vue a\u00e9rienne actuelle<\/figcaption><\/figure><\/div>\n\n\n\n<div class=\"wp-block-image\"><figure class=\"aligncenter\"><img decoding=\"async\" src=\"https:\/\/i1.wp.com\/patrimoine-avesnois.fr\/chemin\/wp-content\/uploads\/2021\/04\/image-10.png?resize=840%2C630\" alt=\"\" class=\"wp-image-12384\"\/><figcaption>Le Moulin \u00e0 vent de salesches se trouvait derri\u00e8re la ferme&nbsp;<a href=\"https:\/\/www.google.fr\/maps\/@50.2065453,3.5827582,3a,90y,29.43h,98.26t\/data=!3m6!1e1!3m4!1svfB8ZDC2O-8np6HCpnAvwg!2e0!7i16384!8i8192\" target=\"_blank\" rel=\"noreferrer noopener\">Grand\u2019Rue<\/a><\/figcaption><\/figure><\/div>\n\n\n\n<p>Marie Catherine BERNIER est n\u00e9e le 7 Mai 1786 \u00e0 Fayt-le-Franc en Belgique, fille de Jean-Baptiste, meunier de Briastre en 1750 et de Marie Henriette PREVOST (\u00b0&nbsp;1765 Fayt-le-Franc+1788 Fayt-le-Franc). Elle ach\u00e8te vers 1840 un moulin sur pivot \u00e0 Antoine Joseph LEFEBVRE d\u2019Escarmain et le fait monter pr\u00e8s de sa ferme \u00e0 Saint-Waast-la Vall\u00e9e sur la parcelle S A 222. Elle d\u00e9c\u00e8de \u00e0 sa ferme le 3 F\u00e9vrier 1864. Entre-temps elle vend le moulin en 1851 \u00e0 Aim\u00e9 Elie DENIS, cultivateur \u00e0 Salesches (\u00b01806 +1874) mari\u00e9 avec Placidie Sophie LASNE (\u00b01813 +1870). Le moulin est d\u00e9tenu en 1873 par son fils Aim\u00e9 DENIS mari\u00e9 avec Aim\u00e9e Marie Jos\u00e8phe DRECQ avant d\u2019\u00eatre d\u00e9moli en 1883.<\/p>\n\n\n\n<p>Source : Matrices cadastrales de Salesches 35 P 1249 B NB 1833 1914<\/p>\n\n\n\n<p class=\"has-text-align-center\">*****<\/p>\n\n\n\n<p>Pour information Fran\u00e7ois Joseph DHAUSSY (1) fermier demeurant \u00e0 Salesches demande le 2 D\u00e9cembre 1790 aux administrateurs du Directoire du District du Quesnoy l\u2019autorisation d\u2019\u00e9riger un moulin \u00e0 vent sur le territoire de Salesches du c\u00f4t\u00e9 de Poix. Jean-Jacques HAUTCOEUR fermier du moulin \u00e0 eau de Salesches s\u2019y oppose fermement (2). Le moulin ne sera pas construit.<\/p>\n\n\n\n<p>(1) : Fran\u00e7ois Joseph DHAUSSY (\u00b01750 + 1836) fils d\u2019Alexandre et de Marie Fran\u00e7oise HAUTCOEUR<\/p>\n\n\n\n<p>(2) : ADN L 4759 Navigation et canaux R\u00e9gime des eaux (1760-an 7)<\/p>\n","protected":false},"excerpt":{"rendered":"<p>Le Moulin \u00e0 vent de Salesches : Marie Catherine BERNIER est n\u00e9e le 7 Mai 1786 \u00e0 Fayt-le-Franc en Belgique, fille de Jean-Baptiste, meunier de Briastre en 1750 et de Marie Henriette PREVOST (\u00b0&nbsp;1765 Fayt-le-Franc+1788 Fayt-le-Franc). Elle ach\u00e8te vers 1840 un moulin sur pivot \u00e0 Antoine Joseph LEFEBVRE d\u2019Escarmain et le fait monter pr\u00e8s de &hellip; <a href=\"http:\/\/patrimoine-avesnois.fr\/moulins-vent\/salesches\/\" class=\"more-link\">Continuer la lecture<span class=\"screen-reader-text\"> de &laquo;&nbsp;Salesches&nbsp;&raquo;<\/span><\/a><\/p>\n","protected":false},"author":2,"featured_media":0,"parent":0,"menu_order":0,"comment_status":"closed","ping_status":"closed","template":"","meta":{"footnotes":""},"class_list":["post-134","page","type-page","status-publish","hentry"],"jetpack_sharing_enabled":true,"_links":{"self":[{"href":"http:\/\/patrimoine-avesnois.fr\/moulins-vent\/wp-json\/wp\/v2\/pages\/134","targetHints":{"allow":["GET"]}}],"collection":[{"href":"http:\/\/patrimoine-avesnois.fr\/moulins-vent\/wp-json\/wp\/v2\/pages"}],"about":[{"href":"http:\/\/patrimoine-avesnois.fr\/moulins-vent\/wp-json\/wp\/v2\/types\/page"}],"author":[{"embeddable":true,"href":"http:\/\/patrimoine-avesnois.fr\/moulins-vent\/wp-json\/wp\/v2\/users\/2"}],"replies":[{"embeddable":true,"href":"http:\/\/patrimoine-avesnois.fr\/moulins-vent\/wp-json\/wp\/v2\/comments?post=134"}],"version-history":[{"count":1,"href":"http:\/\/patrimoine-avesnois.fr\/moulins-vent\/wp-json\/wp\/v2\/pages\/134\/revisions"}],"predecessor-version":[{"id":135,"href":"http:\/\/patrimoine-avesnois.fr\/moulins-vent\/wp-json\/wp\/v2\/pages\/134\/revisions\/135"}],"wp:attachment":[{"href":"http:\/\/patrimoine-avesnois.fr\/moulins-vent\/wp-json\/wp\/v2\/media?parent=134"}],"curies":[{"name":"wp","href":"https:\/\/api.w.org\/{rel}","templated":true}]}}

<p class="has-bright-red-color has-text-color has-medium-font-size"><strong>Le Moulin à vent de Salesches :</strong></p>



<div class="wp-block-image"><figure class="aligncenter"><img decoding="async" src="https://i1.wp.com/patrimoine-avesnois.fr/chemin/wp-content/uploads/2021/04/Capture-55.jpg?resize=840%2C629" alt="" class="wp-image-12381"/><figcaption>Cadastre de Salesches 1831 ADN P 31 / 776 Le Moulin à vent sera construit en 1842 sur la parcelle S A 222&nbsp;<a href="https://archivesdepartementales.lenord.fr/ark:/33518/8l9tmwscp576/bd72fe77-14b1-4d3c-9d5b-1a69bb26a3f4" target="_blank" rel="noreferrer noopener">Vue 3/10</a></figcaption></figure></div>



<div class="wp-block-image"><figure class="aligncenter"><img decoding="async" src="https://i1.wp.com/patrimoine-avesnois.fr/chemin/wp-content/uploads/2021/04/image-8.png?resize=840%2C629" alt="" class="wp-image-12382"/></figure></div>



<div class="wp-block-image"><figure class="aligncenter"><img decoding="async" src="https://i0.wp.com/patrimoine-avesnois.fr/chemin/wp-content/uploads/2021/04/Capture-56.jpg?resize=840%2C630" alt="" class="wp-image-12385"/><figcaption>Position fictive du Moulin à vent de salesches sur une vue aérienne actuelle</figcaption></figure></div>



<div class="wp-block-image"><figure class="aligncenter"><img decoding="async" src="https://i1.wp.com/patrimoine-avesnois.fr/chemin/wp-content/uploads/2021/04/image-10.png?resize=840%2C630" alt="" class="wp-image-12384"/><figcaption>Le Moulin à vent de salesches se trouvait derrière la ferme&nbsp;<a href="https://www.google.fr/maps/@50.2065453,3.5827582,3a,90y,29.43h,98.26t/data=!3m6!1e1!3m4!1svfB8ZDC2O-8np6HCpnAvwg!2e0!7i16384!8i8192" target="_blank" rel="noreferrer noopener">Grand’Rue</a></figcaption></figure></div>



<p>Marie Catherine BERNIER est née le 7 Mai 1786 à Fayt-le-Franc en Belgique, fille de Jean-Baptiste, meunier de Briastre en 1750 et de Marie Henriette PREVOST (°&nbsp;1765 Fayt-le-Franc+1788 Fayt-le-Franc). Elle achète vers 1840 un moulin sur pivot à Antoine Joseph LEFEBVRE d’Escarmain et le fait monter près de sa ferme à Saint-Waast-la Vallée sur la parcelle S A 222. Elle décède à sa ferme le 3 Février 1864. Entre-temps elle vend le moulin en 1851 à Aimé Elie DENIS, cultivateur à Salesches (°1806 +1874) marié avec Placidie Sophie LASNE (°1813 +1870). Le moulin est détenu en 1873 par son fils Aimé DENIS marié avec Aimée Marie Josèphe DRECQ avant d’être démoli en 1883.</p>



<p>Source : Matrices cadastrales de Salesches 35 P 1249 B NB 1833 1914</p>



<p class="has-text-align-center">*****</p>



<p>Pour information François Joseph DHAUSSY (1) fermier demeurant à Salesches demande le 2 Décembre 1790 aux administrateurs du Directoire du District du Quesnoy l’autorisation d’ériger un moulin à vent sur le territoire de Salesches du côté de Poix. Jean-Jacques HAUTCOEUR fermier du moulin à eau de Salesches s’y oppose fermement (2). Le moulin ne sera pas construit.</p>



<p>(1) : François Joseph DHAUSSY (°1750 + 1836) fils d’Alexandre et de Marie Françoise HAUTCOEUR</p>



<p>(2) : ADN L 4759 Navigation et canaux Régime des eaux (1760-an 7)</p>

<p>Le Moulin à vent de Salesches : Marie Catherine BERNIER est née le 7 Mai 1786 à Fayt-le-Franc en Belgique, fille de Jean-Baptiste, meunier de Briastre en 1750 et de Marie Henriette PREVOST (°&nbsp;1765 Fayt-le-Franc+1788 Fayt-le-Franc). Elle achète vers 1840 un moulin sur pivot à Antoine Joseph LEFEBVRE d’Escarmain et le fait monter près de &hellip; <a href="http://patrimoine-avesnois.fr/moulins-vent/salesches/" class="more-link">Continuer la lecture<span class="screen-reader-text"> de &laquo;&nbsp;Salesches&nbsp;&raquo;</span></a></p>
