{"id":138,"date":"2021-05-04T13:20:59","date_gmt":"2021-05-04T11:20:59","guid":{"rendered":"http:\/\/patrimoine-avesnois.fr\/moulins-vent\/?page_id=138"},"modified":"2021-05-04T13:20:59","modified_gmt":"2021-05-04T11:20:59","slug":"sepmeries","status":"publish","type":"page","link":"http:\/\/patrimoine-avesnois.fr\/moulins-vent\/sepmeries\/","title":{"rendered":"Sepmeries"},"content":{"rendered":"\n<p class=\"has-bright-red-color has-text-color has-medium-font-size\"><strong>Le Moulin \u00e0 vent de Sepmeries :<\/strong><\/p>\n\n\n\n<div class=\"wp-block-image\"><figure class=\"aligncenter\"><img decoding=\"async\" src=\"https:\/\/i0.wp.com\/patrimoine-avesnois.fr\/chemin\/wp-content\/uploads\/2021\/04\/Capture-32.jpg?resize=840%2C631\" alt=\"\" class=\"wp-image-12334\"\/><figcaption>Vue a\u00e9rienne de la Tour du Moulin \u00e0 vent de Sepmeries<\/figcaption><\/figure><\/div>\n\n\n\n<div class=\"wp-block-image\"><figure class=\"aligncenter\"><img decoding=\"async\" src=\"https:\/\/i0.wp.com\/patrimoine-avesnois.fr\/chemin\/wp-content\/uploads\/2021\/04\/Capture-34.jpg?resize=840%2C630\" alt=\"\" class=\"wp-image-12336\"\/><figcaption>Emplacement de l\u2019ancien Mouin \u00e0 vent de Sepmeries&nbsp;<a rel=\"noreferrer noopener\" href=\"https:\/\/www.google.fr\/maps\/@50.2819694,3.555571,3a,84y,345.76h,87.11t\/data=!3m7!1e1!3m5!1sztDa2thvddXxaWJOqrtYFg!2e0!6shttps:%2F%2Fstreetviewpixels-pa.googleapis.com%2Fv1%2Fthumbnail%3Fpanoid%3DztDa2thvddXxaWJOqrtYFg%26cb_client%3Dsearch.revgeo_and_fetch.gps%26w%3D96%26h%3D64%26yaw%3D275.18933%26pitch%3D0%26thumbfov%3D100!7i16384!8i8192\" target=\"_blank\">Rue de Valenciennes<\/a><\/figcaption><\/figure><\/div>\n\n\n\n<p>Jean Baptiste MICHAUX n\u00e9 en 1823 \u00e0 Artres, menuisier de profession, se marie en 1854 \u00e0 Sepmeries avec Julie TAQUET, cultivatrice. Il est encore menuisier lors de la naissance de sa fille Constance en 1860 mais meunier lors de la naissance de sa fille Victoire en 1865. Entre ces eux dates il construit en effet un moulin \u00e0 vent comme le confirme le cadastre qui indique en 1866 la construction d\u2019un moulin \u00e0 vent \u00e0 farine appartenant \u00e0 MICHAUX Jean-Baptiste, menuisier puis cultivateur \u00e0 Sepmeries (S A 75 Plan de 1826 date : 1866). Ce m\u00eame cadastre pr\u00e9cise la construction d\u2019une maison en 1868 (1). En 1870 le \u00ab moulin \u00e0 vent faisant de bl\u00e9 farine \u00e9lev\u00e9e sur ma\u00e7onnerie avec maison d\u2019habitation pr\u00e8s de la station de chemin de fer \u00bb est \u00e0 vendre (2). Le moulin \u00e0 vent est transform\u00e9 selon le cadastre en b\u00e2timent rural en 1889. Sa tour est encore visible de nos jours avec son to\u00eet envahi par la v\u00e9g\u00e9tation.<\/p>\n\n\n\n<p>(1) : ADN Matrices Cadastrales Sepmeries 35 P 1290 B NB 1828 1899<\/p>\n\n\n\n<p>(2) : L\u2019Observateur du 24 Juillet 1870<\/p>\n","protected":false},"excerpt":{"rendered":"<p>Le Moulin \u00e0 vent de Sepmeries : Jean Baptiste MICHAUX n\u00e9 en 1823 \u00e0 Artres, menuisier de profession, se marie en 1854 \u00e0 Sepmeries avec Julie TAQUET, cultivatrice. Il est encore menuisier lors de la naissance de sa fille Constance en 1860 mais meunier lors de la naissance de sa fille Victoire en 1865. Entre &hellip; <a href=\"http:\/\/patrimoine-avesnois.fr\/moulins-vent\/sepmeries\/\" class=\"more-link\">Continuer la lecture<span class=\"screen-reader-text\"> de &laquo;&nbsp;Sepmeries&nbsp;&raquo;<\/span><\/a><\/p>\n","protected":false},"author":2,"featured_media":0,"parent":0,"menu_order":0,"comment_status":"closed","ping_status":"closed","template":"","meta":{"footnotes":""},"class_list":["post-138","page","type-page","status-publish","hentry"],"jetpack_sharing_enabled":true,"_links":{"self":[{"href":"http:\/\/patrimoine-avesnois.fr\/moulins-vent\/wp-json\/wp\/v2\/pages\/138","targetHints":{"allow":["GET"]}}],"collection":[{"href":"http:\/\/patrimoine-avesnois.fr\/moulins-vent\/wp-json\/wp\/v2\/pages"}],"about":[{"href":"http:\/\/patrimoine-avesnois.fr\/moulins-vent\/wp-json\/wp\/v2\/types\/page"}],"author":[{"embeddable":true,"href":"http:\/\/patrimoine-avesnois.fr\/moulins-vent\/wp-json\/wp\/v2\/users\/2"}],"replies":[{"embeddable":true,"href":"http:\/\/patrimoine-avesnois.fr\/moulins-vent\/wp-json\/wp\/v2\/comments?post=138"}],"version-history":[{"count":1,"href":"http:\/\/patrimoine-avesnois.fr\/moulins-vent\/wp-json\/wp\/v2\/pages\/138\/revisions"}],"predecessor-version":[{"id":139,"href":"http:\/\/patrimoine-avesnois.fr\/moulins-vent\/wp-json\/wp\/v2\/pages\/138\/revisions\/139"}],"wp:attachment":[{"href":"http:\/\/patrimoine-avesnois.fr\/moulins-vent\/wp-json\/wp\/v2\/media?parent=138"}],"curies":[{"name":"wp","href":"https:\/\/api.w.org\/{rel}","templated":true}]}}

<p class="has-bright-red-color has-text-color has-medium-font-size"><strong>Le Moulin à vent de Sepmeries :</strong></p>



<div class="wp-block-image"><figure class="aligncenter"><img decoding="async" src="https://i0.wp.com/patrimoine-avesnois.fr/chemin/wp-content/uploads/2021/04/Capture-32.jpg?resize=840%2C631" alt="" class="wp-image-12334"/><figcaption>Vue aérienne de la Tour du Moulin à vent de Sepmeries</figcaption></figure></div>



<div class="wp-block-image"><figure class="aligncenter"><img decoding="async" src="https://i0.wp.com/patrimoine-avesnois.fr/chemin/wp-content/uploads/2021/04/Capture-34.jpg?resize=840%2C630" alt="" class="wp-image-12336"/><figcaption>Emplacement de l’ancien Mouin à vent de Sepmeries&nbsp;<a rel="noreferrer noopener" href="https://www.google.fr/maps/@50.2819694,3.555571,3a,84y,345.76h,87.11t/data=!3m7!1e1!3m5!1sztDa2thvddXxaWJOqrtYFg!2e0!6shttps:%2F%2Fstreetviewpixels-pa.googleapis.com%2Fv1%2Fthumbnail%3Fpanoid%3DztDa2thvddXxaWJOqrtYFg%26cb_client%3Dsearch.revgeo_and_fetch.gps%26w%3D96%26h%3D64%26yaw%3D275.18933%26pitch%3D0%26thumbfov%3D100!7i16384!8i8192" target="_blank">Rue de Valenciennes</a></figcaption></figure></div>



<p>Jean Baptiste MICHAUX né en 1823 à Artres, menuisier de profession, se marie en 1854 à Sepmeries avec Julie TAQUET, cultivatrice. Il est encore menuisier lors de la naissance de sa fille Constance en 1860 mais meunier lors de la naissance de sa fille Victoire en 1865. Entre ces eux dates il construit en effet un moulin à vent comme le confirme le cadastre qui indique en 1866 la construction d’un moulin à vent à farine appartenant à MICHAUX Jean-Baptiste, menuisier puis cultivateur à Sepmeries (S A 75 Plan de 1826 date : 1866). Ce même cadastre précise la construction d’une maison en 1868 (1). En 1870 le « moulin à vent faisant de blé farine élevée sur maçonnerie avec maison d’habitation près de la station de chemin de fer » est à vendre (2). Le moulin à vent est transformé selon le cadastre en bâtiment rural en 1889. Sa tour est encore visible de nos jours avec son toît envahi par la végétation.</p>



<p>(1) : ADN Matrices Cadastrales Sepmeries 35 P 1290 B NB 1828 1899</p>



<p>(2) : L’Observateur du 24 Juillet 1870</p>

<p>Le Moulin à vent de Sepmeries : Jean Baptiste MICHAUX né en 1823 à Artres, menuisier de profession, se marie en 1854 à Sepmeries avec Julie TAQUET, cultivatrice. Il est encore menuisier lors de la naissance de sa fille Constance en 1860 mais meunier lors de la naissance de sa fille Victoire en 1865. Entre &hellip; <a href="http://patrimoine-avesnois.fr/moulins-vent/sepmeries/" class="more-link">Continuer la lecture<span class="screen-reader-text"> de &laquo;&nbsp;Sepmeries&nbsp;&raquo;</span></a></p>
