{"id":142,"date":"2021-05-04T13:23:20","date_gmt":"2021-05-04T11:23:20","guid":{"rendered":"http:\/\/patrimoine-avesnois.fr\/moulins-vent\/?page_id=142"},"modified":"2021-05-04T13:23:20","modified_gmt":"2021-05-04T11:23:20","slug":"vendegies-au-bois","status":"publish","type":"page","link":"http:\/\/patrimoine-avesnois.fr\/moulins-vent\/vendegies-au-bois\/","title":{"rendered":"Vendegies-au-Bois"},"content":{"rendered":"\n<p class=\"has-bright-red-color has-text-color has-medium-font-size\"><strong>Le Moulin \u00e0 vent de Vendegies-au-Bois :<\/strong><\/p>\n\n\n\n<p>L\u2019existence d\u2019un moulin \u00e0 vent \u00e0 Vendegies-au-Bois ne nous est parvenue que par deux actes de location. En effet son propri\u00e9taire Pierre Joseph MATHIEU loue le moulin le 3 avril 1793 \u00e0 Nicolas Albert Gar\u00e7on puis le 10 octobre 1801 \u00e0 Philippe Joseph Casimir (1). Pierre Joseph MATHIEU (\u00b01744 Solesmes +1819 \u2013 Neuville-en-Avesnois) se marie le 25 novembre 1783 \u00e0 Vendegies-au-Bois avec B\u00e9atrice CARR\u00c9 (\u00b01756 +1791). Il est laboureur. Le moulin ne figure d\u00e9j\u00e0 plus sur le cadastre de l\u2019An 12. Sa situation n\u2019est donc pas localisable. Selon le relief de la commune on peut penser qu\u2019il \u00e9tait sur les hauteurs de Vendegies-au-Bois en direction de Neuville-en-Avesnois. Toute information compl\u00e9mentaire sur ce moulin serait la bienvenue.<\/p>\n\n\n\n<p>(1) : ADN 3 Q 409-2 et 3 Q 409-4 Enregistrement Bureau Le Quesnoy Table des baux 1792-An 9 et An 7-1806<\/p>\n","protected":false},"excerpt":{"rendered":"<p>Le Moulin \u00e0 vent de Vendegies-au-Bois : L\u2019existence d\u2019un moulin \u00e0 vent \u00e0 Vendegies-au-Bois ne nous est parvenue que par deux actes de location. En effet son propri\u00e9taire Pierre Joseph MATHIEU loue le moulin le 3 avril 1793 \u00e0 Nicolas Albert Gar\u00e7on puis le 10 octobre 1801 \u00e0 Philippe Joseph Casimir (1). Pierre Joseph MATHIEU &hellip; <a href=\"http:\/\/patrimoine-avesnois.fr\/moulins-vent\/vendegies-au-bois\/\" class=\"more-link\">Continuer la lecture<span class=\"screen-reader-text\"> de &laquo;&nbsp;Vendegies-au-Bois&nbsp;&raquo;<\/span><\/a><\/p>\n","protected":false},"author":2,"featured_media":0,"parent":0,"menu_order":0,"comment_status":"closed","ping_status":"closed","template":"","meta":{"footnotes":""},"class_list":["post-142","page","type-page","status-publish","hentry"],"jetpack_sharing_enabled":true,"_links":{"self":[{"href":"http:\/\/patrimoine-avesnois.fr\/moulins-vent\/wp-json\/wp\/v2\/pages\/142","targetHints":{"allow":["GET"]}}],"collection":[{"href":"http:\/\/patrimoine-avesnois.fr\/moulins-vent\/wp-json\/wp\/v2\/pages"}],"about":[{"href":"http:\/\/patrimoine-avesnois.fr\/moulins-vent\/wp-json\/wp\/v2\/types\/page"}],"author":[{"embeddable":true,"href":"http:\/\/patrimoine-avesnois.fr\/moulins-vent\/wp-json\/wp\/v2\/users\/2"}],"replies":[{"embeddable":true,"href":"http:\/\/patrimoine-avesnois.fr\/moulins-vent\/wp-json\/wp\/v2\/comments?post=142"}],"version-history":[{"count":1,"href":"http:\/\/patrimoine-avesnois.fr\/moulins-vent\/wp-json\/wp\/v2\/pages\/142\/revisions"}],"predecessor-version":[{"id":143,"href":"http:\/\/patrimoine-avesnois.fr\/moulins-vent\/wp-json\/wp\/v2\/pages\/142\/revisions\/143"}],"wp:attachment":[{"href":"http:\/\/patrimoine-avesnois.fr\/moulins-vent\/wp-json\/wp\/v2\/media?parent=142"}],"curies":[{"name":"wp","href":"https:\/\/api.w.org\/{rel}","templated":true}]}}

<p class="has-bright-red-color has-text-color has-medium-font-size"><strong>Le Moulin à vent de Vendegies-au-Bois :</strong></p>



<p>L’existence d’un moulin à vent à Vendegies-au-Bois ne nous est parvenue que par deux actes de location. En effet son propriétaire Pierre Joseph MATHIEU loue le moulin le 3 avril 1793 à Nicolas Albert Garçon puis le 10 octobre 1801 à Philippe Joseph Casimir (1). Pierre Joseph MATHIEU (°1744 Solesmes +1819 – Neuville-en-Avesnois) se marie le 25 novembre 1783 à Vendegies-au-Bois avec Béatrice CARRÉ (°1756 +1791). Il est laboureur. Le moulin ne figure déjà plus sur le cadastre de l’An 12. Sa situation n’est donc pas localisable. Selon le relief de la commune on peut penser qu’il était sur les hauteurs de Vendegies-au-Bois en direction de Neuville-en-Avesnois. Toute information complémentaire sur ce moulin serait la bienvenue.</p>



<p>(1) : ADN 3 Q 409-2 et 3 Q 409-4 Enregistrement Bureau Le Quesnoy Table des baux 1792-An 9 et An 7-1806</p>

<p>Le Moulin à vent de Vendegies-au-Bois : L’existence d’un moulin à vent à Vendegies-au-Bois ne nous est parvenue que par deux actes de location. En effet son propriétaire Pierre Joseph MATHIEU loue le moulin le 3 avril 1793 à Nicolas Albert Garçon puis le 10 octobre 1801 à Philippe Joseph Casimir (1). Pierre Joseph MATHIEU &hellip; <a href="http://patrimoine-avesnois.fr/moulins-vent/vendegies-au-bois/" class="more-link">Continuer la lecture<span class="screen-reader-text"> de &laquo;&nbsp;Vendegies-au-Bois&nbsp;&raquo;</span></a></p>
