{"id":25,"date":"2021-05-04T11:07:26","date_gmt":"2021-05-04T09:07:26","guid":{"rendered":"http:\/\/patrimoine-avesnois.fr\/moulins-vent\/?page_id=25"},"modified":"2021-05-04T11:07:26","modified_gmt":"2021-05-04T09:07:26","slug":"bavay","status":"publish","type":"page","link":"http:\/\/patrimoine-avesnois.fr\/moulins-vent\/bavay\/","title":{"rendered":"Bavay"},"content":{"rendered":"\n<p class=\"has-bright-red-color has-text-color has-medium-font-size\"><strong>Le moulin de Bavay (Louvignies-lez-Bavay)&nbsp;:<\/strong><\/p>\n\n\n\n<div class=\"wp-block-image\"><figure class=\"aligncenter\"><img decoding=\"async\" src=\"https:\/\/i2.wp.com\/patrimoine-avesnois.fr\/chemin\/wp-content\/uploads\/2021\/03\/image-6.png?fit=840%2C503\" alt=\"\" class=\"wp-image-11925\"\/><figcaption>Cadastre Louvignies-Bavay 1831 ADN P 31 \/ 735 SB 78&nbsp;<a rel=\"noreferrer noopener\" href=\"https:\/\/archivesdepartementales.lenord.fr\/ark:\/33518\/v90d4qbtx18z\/fc8ae04b-fc0a-4c46-8625-2749a7c2f6a2\" target=\"_blank\">Vue 5\/5<\/a><br>Le moulin n\u2019existe pas encore.<\/figcaption><\/figure><\/div>\n\n\n\n<div class=\"wp-block-image\"><figure class=\"aligncenter\"><img decoding=\"async\" src=\"https:\/\/i0.wp.com\/patrimoine-avesnois.fr\/chemin\/wp-content\/uploads\/2021\/03\/Bavay-rue-de-lAlouette.jpg?resize=840%2C628\" alt=\"\" class=\"wp-image-11921\"\/><figcaption><em>Endroit actuel o\u00f9 se dressait le moulin \u00e0 vent de Louvignies-Bavay :<\/em>&nbsp;derri\u00e8re la maison.<br>Bavay&nbsp;<a rel=\"noreferrer noopener\" href=\"https:\/\/www.google.fr\/maps\/@50.2891161,3.7704712,3a,75y,8.72h,75.43t\/data=!3m6!1e1!3m4!1sGQWu7QhY4kf-TYzL4jN5Gg!2e0!7i13312!8i6656\" target=\"_blank\">Rue de l\u2019Alouette<\/a><\/figcaption><\/figure><\/div>\n\n\n\n<p>La commune de Louvignies-Bavay \u00e9tait une commune ind\u00e9pendante avant son rattachement \u00e0 celle de Bavay en 1946.<\/p>\n\n\n\n<p>Suite \u00e0 l\u2019autorisation pr\u00e9fectorale du 12 novembre 1847 un moulin \u00e0 vent \u00e0 moudre les c\u00e9r\u00e9ales est \u00e9rig\u00e9 \u00e0 l\u2019angle des chemins du Moulin et des Ormes sur un terrain appartenant au sieur LENNES (1). Le 16 octobre 1849 Pierre LENNE vend un champ et un moulin \u00e0 vent pour 7000 francs \u00e0 Daniel DEMARET(Z), cultivateur \u00e0 Louvignies (Buvigny). Daniel DEMAREST &nbsp;le reconstruit en 1851 (2) et le met en vente sur L\u2019Observateur le 19 novembre 1858 \u00e9rig\u00e9 sur 85 ares 50 centiares.<\/p>\n\n\n\n<p>(1)&nbsp;: ADN K 459<\/p>\n\n\n\n<p>(2) : Matrices cadastrales 35 P 867 B NB 1833 1914 Construction d\u2019un moulin \u00e0 vent appartenant \u00e0 Demaretz Louis Daniel \u00e0 Buvignies S B 78 Commun Seigneur<\/p>\n","protected":false},"excerpt":{"rendered":"<p>Le moulin de Bavay (Louvignies-lez-Bavay)&nbsp;: La commune de Louvignies-Bavay \u00e9tait une commune ind\u00e9pendante avant son rattachement \u00e0 celle de Bavay en 1946. Suite \u00e0 l\u2019autorisation pr\u00e9fectorale du 12 novembre 1847 un moulin \u00e0 vent \u00e0 moudre les c\u00e9r\u00e9ales est \u00e9rig\u00e9 \u00e0 l\u2019angle des chemins du Moulin et des Ormes sur un terrain appartenant au sieur &hellip; <a href=\"http:\/\/patrimoine-avesnois.fr\/moulins-vent\/bavay\/\" class=\"more-link\">Continuer la lecture<span class=\"screen-reader-text\"> de &laquo;&nbsp;Bavay&nbsp;&raquo;<\/span><\/a><\/p>\n","protected":false},"author":2,"featured_media":0,"parent":0,"menu_order":0,"comment_status":"closed","ping_status":"closed","template":"","meta":{"footnotes":""},"class_list":["post-25","page","type-page","status-publish","hentry"],"jetpack_sharing_enabled":true,"_links":{"self":[{"href":"http:\/\/patrimoine-avesnois.fr\/moulins-vent\/wp-json\/wp\/v2\/pages\/25","targetHints":{"allow":["GET"]}}],"collection":[{"href":"http:\/\/patrimoine-avesnois.fr\/moulins-vent\/wp-json\/wp\/v2\/pages"}],"about":[{"href":"http:\/\/patrimoine-avesnois.fr\/moulins-vent\/wp-json\/wp\/v2\/types\/page"}],"author":[{"embeddable":true,"href":"http:\/\/patrimoine-avesnois.fr\/moulins-vent\/wp-json\/wp\/v2\/users\/2"}],"replies":[{"embeddable":true,"href":"http:\/\/patrimoine-avesnois.fr\/moulins-vent\/wp-json\/wp\/v2\/comments?post=25"}],"version-history":[{"count":1,"href":"http:\/\/patrimoine-avesnois.fr\/moulins-vent\/wp-json\/wp\/v2\/pages\/25\/revisions"}],"predecessor-version":[{"id":26,"href":"http:\/\/patrimoine-avesnois.fr\/moulins-vent\/wp-json\/wp\/v2\/pages\/25\/revisions\/26"}],"wp:attachment":[{"href":"http:\/\/patrimoine-avesnois.fr\/moulins-vent\/wp-json\/wp\/v2\/media?parent=25"}],"curies":[{"name":"wp","href":"https:\/\/api.w.org\/{rel}","templated":true}]}}

<p class="has-bright-red-color has-text-color has-medium-font-size"><strong>Le moulin de Bavay (Louvignies-lez-Bavay)&nbsp;:</strong></p>



<div class="wp-block-image"><figure class="aligncenter"><img decoding="async" src="https://i2.wp.com/patrimoine-avesnois.fr/chemin/wp-content/uploads/2021/03/image-6.png?fit=840%2C503" alt="" class="wp-image-11925"/><figcaption>Cadastre Louvignies-Bavay 1831 ADN P 31 / 735 SB 78&nbsp;<a rel="noreferrer noopener" href="https://archivesdepartementales.lenord.fr/ark:/33518/v90d4qbtx18z/fc8ae04b-fc0a-4c46-8625-2749a7c2f6a2" target="_blank">Vue 5/5</a><br>Le moulin n’existe pas encore.</figcaption></figure></div>



<div class="wp-block-image"><figure class="aligncenter"><img decoding="async" src="https://i0.wp.com/patrimoine-avesnois.fr/chemin/wp-content/uploads/2021/03/Bavay-rue-de-lAlouette.jpg?resize=840%2C628" alt="" class="wp-image-11921"/><figcaption><em>Endroit actuel où se dressait le moulin à vent de Louvignies-Bavay :</em>&nbsp;derrière la maison.<br>Bavay&nbsp;<a rel="noreferrer noopener" href="https://www.google.fr/maps/@50.2891161,3.7704712,3a,75y,8.72h,75.43t/data=!3m6!1e1!3m4!1sGQWu7QhY4kf-TYzL4jN5Gg!2e0!7i13312!8i6656" target="_blank">Rue de l’Alouette</a></figcaption></figure></div>



<p>La commune de Louvignies-Bavay était une commune indépendante avant son rattachement à celle de Bavay en 1946.</p>



<p>Suite à l’autorisation préfectorale du 12 novembre 1847 un moulin à vent à moudre les céréales est érigé à l’angle des chemins du Moulin et des Ormes sur un terrain appartenant au sieur LENNES (1). Le 16 octobre 1849 Pierre LENNE vend un champ et un moulin à vent pour 7000 francs à Daniel DEMARET(Z), cultivateur à Louvignies (Buvigny). Daniel DEMAREST &nbsp;le reconstruit en 1851 (2) et le met en vente sur L’Observateur le 19 novembre 1858 érigé sur 85 ares 50 centiares.</p>



<p>(1)&nbsp;: ADN K 459</p>



<p>(2) : Matrices cadastrales 35 P 867 B NB 1833 1914 Construction d’un moulin à vent appartenant à Demaretz Louis Daniel à Buvignies S B 78 Commun Seigneur</p>

<p>Le moulin de Bavay (Louvignies-lez-Bavay)&nbsp;: La commune de Louvignies-Bavay était une commune indépendante avant son rattachement à celle de Bavay en 1946. Suite à l’autorisation préfectorale du 12 novembre 1847 un moulin à vent à moudre les céréales est érigé à l’angle des chemins du Moulin et des Ormes sur un terrain appartenant au sieur &hellip; <a href="http://patrimoine-avesnois.fr/moulins-vent/bavay/" class="more-link">Continuer la lecture<span class="screen-reader-text"> de &laquo;&nbsp;Bavay&nbsp;&raquo;</span></a></p>
