{"id":35,"date":"2021-05-04T11:15:26","date_gmt":"2021-05-04T09:15:26","guid":{"rendered":"http:\/\/patrimoine-avesnois.fr\/moulins-vent\/?page_id=35"},"modified":"2021-05-04T11:15:26","modified_gmt":"2021-05-04T09:15:26","slug":"bousies","status":"publish","type":"page","link":"http:\/\/patrimoine-avesnois.fr\/moulins-vent\/bousies\/","title":{"rendered":"Bousies"},"content":{"rendered":"\n<p class=\"has-bright-red-color has-text-color has-medium-font-size\"><strong>Le Moulin \u00e0 vent de Bousies :<\/strong><\/p>\n\n\n\n<div class=\"wp-block-image\"><figure class=\"aligncenter\"><img decoding=\"async\" src=\"https:\/\/i0.wp.com\/patrimoine-avesnois.fr\/chemin\/wp-content\/uploads\/2021\/03\/Capture-7.jpg?resize=840%2C630\" alt=\"\" class=\"wp-image-11950\"\/><figcaption>Carte de Cassini 1758 Moulin de Bousies<\/figcaption><\/figure><\/div>\n\n\n\n<div class=\"wp-block-image\"><figure class=\"aligncenter\"><img decoding=\"async\" src=\"https:\/\/i2.wp.com\/patrimoine-avesnois.fr\/chemin\/wp-content\/uploads\/2021\/03\/Capture-8.jpg?fit=840%2C628\" alt=\"\" class=\"wp-image-11952\"\/><figcaption>Cadastre Bousies An 13 ADN P 30 \/ 058<a rel=\"noreferrer noopener\" href=\"https:\/\/archivesdepartementales.lenord.fr\/ark:\/33518\/13z2cjft8rqh\/1adce4a8-364c-420f-914a-4f78ddd04a3c\" target=\"_blank\">&nbsp;Vue 2\/3<\/a><\/figcaption><\/figure><\/div>\n\n\n\n<div class=\"wp-block-image\"><figure class=\"aligncenter\"><img decoding=\"async\" src=\"https:\/\/i1.wp.com\/patrimoine-avesnois.fr\/chemin\/wp-content\/uploads\/2021\/03\/Capture-10.jpg?resize=840%2C629\" alt=\"\" class=\"wp-image-11954\"\/><figcaption>Cadastre Bousies 1831 ADN P 31 \/ 672&nbsp;<a href=\"https:\/\/archivesdepartementales.lenord.fr\/ark:\/33518\/np2z19xcvjsw\/d7f4f49a-c3bc-410b-bcda-f5686e9008eb\" target=\"_blank\" rel=\"noreferrer noopener\">Vue 4\/17<\/a><\/figcaption><\/figure><\/div>\n\n\n\n<div class=\"wp-block-image\"><figure class=\"aligncenter\"><img decoding=\"async\" src=\"https:\/\/i1.wp.com\/patrimoine-avesnois.fr\/chemin\/wp-content\/uploads\/2021\/03\/Capture-11.jpg?resize=840%2C630\" alt=\"\" class=\"wp-image-11956\"\/><figcaption><em>Position fictive du moulin \u00e0 vent de Bousies sur une carte actuelle<\/em><\/figcaption><\/figure><\/div>\n\n\n\n<div class=\"wp-block-image\"><figure class=\"aligncenter\"><img decoding=\"async\" src=\"https:\/\/i0.wp.com\/patrimoine-avesnois.fr\/chemin\/wp-content\/uploads\/2021\/03\/Capture-12.jpg?w=840\" alt=\"\" class=\"wp-image-11957\"\/><figcaption>Endroit o\u00f9 se dressait le moulin \u00e0 vent de Bousies aux environs du&nbsp;<a rel=\"noreferrer noopener\" href=\"https:\/\/www.google.fr\/maps\/@50.1565507,3.6257608,3a,75y,97.68h,86.39t\/data=!3m6!1e1!3m4!1sa1NYxGadnpa-8_hqWPcvnA!2e0!7i13312!8i6656\" target=\"_blank\">39 Rue du Moulin \u00e0 vent<\/a><\/figcaption><\/figure><\/div>\n\n\n\n<p>Le moulin \u00e0 vent de Bousies figure sur la collection des Albums de Cro\u00ff dat\u00e9e de 1599 et sur la carte de Cassini de 1758. Avant la R\u00e9volution, le moulin appartient \u00e0 Auguste-Marie-Raymond, comte de La Marck, prince d\u2019Arenberg (1753 1833), d\u00e9put\u00e9 du baillage du Quesnoy, mari\u00e9 au ch\u00e2teau de Raismes en 1774 avec la marquise de Cernay et de Bousies Marie Fran\u00e7oise Ursule Augustine Le Danois. Le couple \u00e9migre et le moulin \u00e0 vent est vendu comme bien national \u00e0 Jean Baptiste DOUILLEZ de Valenciennes le 24 prairial an 5 (12\/06\/1797) (1). Il vend le bien le 22 janvier 1810 \u00e0 Edouard-Adolphe MORTIER (\u00b0 1768 Le Cateau + 1835 Paris), duc de Tr\u00e9vise, Mar\u00e9chal d\u2019Empire \u00e0 Paris (2). Celui-ci loue en 1816 le moulin \u00e0 Jean-Baptiste Boittiaux (3). MORTIER d\u00e9c\u00e8de en 1835 et son moulin revient en 1837 \u00e0 sa fille Sophie Malvina Jos\u00e9phine \u00e9pouse de Charles Certain de Bellozanne (4). Le moulin disparait vers 1838, le folio au nom du vicomte De Bellozanne sur la matrice cadastrale de 1839 ne pr\u00e9cisant plus de moulin sur la section SC 1035.<\/p>\n\n\n\n<p>(1) : ADN 1 Q 1001 Administration des domaines nationaux confisqu\u00e9s.R\u00e9pertoire num\u00e9rique manuscrit par Forret.<\/p>\n\n\n\n<p>(2) : ADN 3 Q 181-12 Enregistrement Le Cateau Table des vendeurs 1810<\/p>\n\n\n\n<p>(3) : ADN 3 Q 299-4 Enregistrement Landrecies Table des baux 1816 1830 Acte concern\u00e9 : 5\/12\/1816<\/p>\n\n\n\n<p>(4) : ADN 3 Q 298-11 Enregistrement Landrecies Table des acqu\u00e9reurs 1835-1840 Acte concern\u00e9 07\/05\/1837<\/p>\n","protected":false},"excerpt":{"rendered":"<p>Le Moulin \u00e0 vent de Bousies : Le moulin \u00e0 vent de Bousies figure sur la collection des Albums de Cro\u00ff dat\u00e9e de 1599 et sur la carte de Cassini de 1758. Avant la R\u00e9volution, le moulin appartient \u00e0 Auguste-Marie-Raymond, comte de La Marck, prince d\u2019Arenberg (1753 1833), d\u00e9put\u00e9 du baillage du Quesnoy, mari\u00e9 au &hellip; <a href=\"http:\/\/patrimoine-avesnois.fr\/moulins-vent\/bousies\/\" class=\"more-link\">Continuer la lecture<span class=\"screen-reader-text\"> de &laquo;&nbsp;Bousies&nbsp;&raquo;<\/span><\/a><\/p>\n","protected":false},"author":2,"featured_media":0,"parent":0,"menu_order":0,"comment_status":"closed","ping_status":"closed","template":"","meta":{"footnotes":""},"class_list":["post-35","page","type-page","status-publish","hentry"],"jetpack_sharing_enabled":true,"_links":{"self":[{"href":"http:\/\/patrimoine-avesnois.fr\/moulins-vent\/wp-json\/wp\/v2\/pages\/35","targetHints":{"allow":["GET"]}}],"collection":[{"href":"http:\/\/patrimoine-avesnois.fr\/moulins-vent\/wp-json\/wp\/v2\/pages"}],"about":[{"href":"http:\/\/patrimoine-avesnois.fr\/moulins-vent\/wp-json\/wp\/v2\/types\/page"}],"author":[{"embeddable":true,"href":"http:\/\/patrimoine-avesnois.fr\/moulins-vent\/wp-json\/wp\/v2\/users\/2"}],"replies":[{"embeddable":true,"href":"http:\/\/patrimoine-avesnois.fr\/moulins-vent\/wp-json\/wp\/v2\/comments?post=35"}],"version-history":[{"count":1,"href":"http:\/\/patrimoine-avesnois.fr\/moulins-vent\/wp-json\/wp\/v2\/pages\/35\/revisions"}],"predecessor-version":[{"id":36,"href":"http:\/\/patrimoine-avesnois.fr\/moulins-vent\/wp-json\/wp\/v2\/pages\/35\/revisions\/36"}],"wp:attachment":[{"href":"http:\/\/patrimoine-avesnois.fr\/moulins-vent\/wp-json\/wp\/v2\/media?parent=35"}],"curies":[{"name":"wp","href":"https:\/\/api.w.org\/{rel}","templated":true}]}}

<p class="has-bright-red-color has-text-color has-medium-font-size"><strong>Le Moulin à vent de Bousies :</strong></p>



<div class="wp-block-image"><figure class="aligncenter"><img decoding="async" src="https://i0.wp.com/patrimoine-avesnois.fr/chemin/wp-content/uploads/2021/03/Capture-7.jpg?resize=840%2C630" alt="" class="wp-image-11950"/><figcaption>Carte de Cassini 1758 Moulin de Bousies</figcaption></figure></div>



<div class="wp-block-image"><figure class="aligncenter"><img decoding="async" src="https://i2.wp.com/patrimoine-avesnois.fr/chemin/wp-content/uploads/2021/03/Capture-8.jpg?fit=840%2C628" alt="" class="wp-image-11952"/><figcaption>Cadastre Bousies An 13 ADN P 30 / 058<a rel="noreferrer noopener" href="https://archivesdepartementales.lenord.fr/ark:/33518/13z2cjft8rqh/1adce4a8-364c-420f-914a-4f78ddd04a3c" target="_blank">&nbsp;Vue 2/3</a></figcaption></figure></div>



<div class="wp-block-image"><figure class="aligncenter"><img decoding="async" src="https://i1.wp.com/patrimoine-avesnois.fr/chemin/wp-content/uploads/2021/03/Capture-10.jpg?resize=840%2C629" alt="" class="wp-image-11954"/><figcaption>Cadastre Bousies 1831 ADN P 31 / 672&nbsp;<a href="https://archivesdepartementales.lenord.fr/ark:/33518/np2z19xcvjsw/d7f4f49a-c3bc-410b-bcda-f5686e9008eb" target="_blank" rel="noreferrer noopener">Vue 4/17</a></figcaption></figure></div>



<div class="wp-block-image"><figure class="aligncenter"><img decoding="async" src="https://i1.wp.com/patrimoine-avesnois.fr/chemin/wp-content/uploads/2021/03/Capture-11.jpg?resize=840%2C630" alt="" class="wp-image-11956"/><figcaption><em>Position fictive du moulin à vent de Bousies sur une carte actuelle</em></figcaption></figure></div>



<div class="wp-block-image"><figure class="aligncenter"><img decoding="async" src="https://i0.wp.com/patrimoine-avesnois.fr/chemin/wp-content/uploads/2021/03/Capture-12.jpg?w=840" alt="" class="wp-image-11957"/><figcaption>Endroit où se dressait le moulin à vent de Bousies aux environs du&nbsp;<a rel="noreferrer noopener" href="https://www.google.fr/maps/@50.1565507,3.6257608,3a,75y,97.68h,86.39t/data=!3m6!1e1!3m4!1sa1NYxGadnpa-8_hqWPcvnA!2e0!7i13312!8i6656" target="_blank">39 Rue du Moulin à vent</a></figcaption></figure></div>



<p>Le moulin à vent de Bousies figure sur la collection des Albums de Croÿ datée de 1599 et sur la carte de Cassini de 1758. Avant la Révolution, le moulin appartient à Auguste-Marie-Raymond, comte de La Marck, prince d’Arenberg (1753 1833), député du baillage du Quesnoy, marié au château de Raismes en 1774 avec la marquise de Cernay et de Bousies Marie Françoise Ursule Augustine Le Danois. Le couple émigre et le moulin à vent est vendu comme bien national à Jean Baptiste DOUILLEZ de Valenciennes le 24 prairial an 5 (12/06/1797) (1). Il vend le bien le 22 janvier 1810 à Edouard-Adolphe MORTIER (° 1768 Le Cateau + 1835 Paris), duc de Trévise, Maréchal d’Empire à Paris (2). Celui-ci loue en 1816 le moulin à Jean-Baptiste Boittiaux (3). MORTIER décède en 1835 et son moulin revient en 1837 à sa fille Sophie Malvina Joséphine épouse de Charles Certain de Bellozanne (4). Le moulin disparait vers 1838, le folio au nom du vicomte De Bellozanne sur la matrice cadastrale de 1839 ne précisant plus de moulin sur la section SC 1035.</p>



<p>(1) : ADN 1 Q 1001 Administration des domaines nationaux confisqués.Répertoire numérique manuscrit par Forret.</p>



<p>(2) : ADN 3 Q 181-12 Enregistrement Le Cateau Table des vendeurs 1810</p>



<p>(3) : ADN 3 Q 299-4 Enregistrement Landrecies Table des baux 1816 1830 Acte concerné : 5/12/1816</p>



<p>(4) : ADN 3 Q 298-11 Enregistrement Landrecies Table des acquéreurs 1835-1840 Acte concerné 07/05/1837</p>

<p>Le Moulin à vent de Bousies : Le moulin à vent de Bousies figure sur la collection des Albums de Croÿ datée de 1599 et sur la carte de Cassini de 1758. Avant la Révolution, le moulin appartient à Auguste-Marie-Raymond, comte de La Marck, prince d’Arenberg (1753 1833), député du baillage du Quesnoy, marié au &hellip; <a href="http://patrimoine-avesnois.fr/moulins-vent/bousies/" class="more-link">Continuer la lecture<span class="screen-reader-text"> de &laquo;&nbsp;Bousies&nbsp;&raquo;</span></a></p>
