{"id":49,"date":"2021-05-04T11:26:13","date_gmt":"2021-05-04T09:26:13","guid":{"rendered":"http:\/\/patrimoine-avesnois.fr\/moulins-vent\/?page_id=49"},"modified":"2021-05-04T11:26:13","modified_gmt":"2021-05-04T09:26:13","slug":"englefontaine","status":"publish","type":"page","link":"http:\/\/patrimoine-avesnois.fr\/moulins-vent\/englefontaine\/","title":{"rendered":"Englefontaine"},"content":{"rendered":"\n<p class=\"has-bright-red-color has-text-color has-medium-font-size\"><strong>Le Moulin \u00e0 vent d\u2019Englefontaine :<\/strong><\/p>\n\n\n\n<div class=\"wp-block-image\"><figure class=\"aligncenter\"><img decoding=\"async\" src=\"https:\/\/i2.wp.com\/patrimoine-avesnois.fr\/chemin\/wp-content\/uploads\/2021\/03\/Capture-32.jpg?resize=840%2C630\" alt=\"\" class=\"wp-image-11996\"\/><figcaption>Cadastre Englefontaine 1831 ADN P 31 \/ 693 Moulin S B 295&nbsp;<a rel=\"noreferrer noopener\" href=\"https:\/\/archivesdepartementales.lenord.fr\/ark:\/33518\/z5wfqkbhn1c4\/a5b08621-f659-4c71-a3f8-19411d2ba06b\" target=\"_blank\">Vue 3\/13<\/a><\/figcaption><\/figure><\/div>\n\n\n\n<div class=\"wp-block-image\"><figure class=\"aligncenter\"><img decoding=\"async\" src=\"https:\/\/i0.wp.com\/patrimoine-avesnois.fr\/chemin\/wp-content\/uploads\/2021\/03\/Capture-33.jpg?fit=840%2C630\" alt=\"\" class=\"wp-image-11997\"\/><figcaption><em>Position fictive du moulin \u00e0 vent d\u2019Englefontaine sur une carte actuelle<\/em><\/figcaption><\/figure><\/div>\n\n\n\n<div class=\"wp-block-image\"><figure class=\"aligncenter\"><img decoding=\"async\" src=\"https:\/\/i0.wp.com\/patrimoine-avesnois.fr\/chemin\/wp-content\/uploads\/2021\/03\/Capture-34.jpg?fit=840%2C630\" alt=\"\" class=\"wp-image-11998\"\/><figcaption>Endroit o\u00f9 se dressait le moulin \u00e0 vent d\u2019Englefontaine&nbsp;<a rel=\"noreferrer noopener\" href=\"https:\/\/www.google.com\/maps\/@50.1934698,3.6292042,3a,90y,340.61h,87.17t\/data=!3m6!1e1!3m4!1sVDzPNLg03VDZ_4ujwa23hA!2e0!7i13312!8i6656?hl=fr\" target=\"_blank\">Rue des Tuileries<\/a><\/figcaption><\/figure><\/div>\n\n\n\n<p>Englefontaine poss\u00e8de d\u00e8s le XIV e si\u00e8cle un moulin \u00e0 vent (1). Il est identifi\u00e9 d\u00e8s 1621, situ\u00e9 au lieu-dit la Thieullerie, sur la route menant \u00e0 Salesches (2). Il appartient aux biens de l\u2019\u00e9glise d\u2018Englefontaine. En 1760 Jean Charles ROGER, est cit\u00e9 meunier d\u2019Englefontaine dans les actes d\u2019\u00e9chevinages. Le 22 Frimaire An 5 (12 d\u00e9cembre 1796) le moulin \u00e0 tour est achet\u00e9 par Jean Baptiste VAILLE (\u00b01744 + 1799 ), marchand de filets et \u00e9poux de Marie Catherine DUPIRE, fileuse (\u00b0 1753 + 1811) (3). Leurs enfants Jean Baptiste, Fran\u00e7ois, Catherine, Marie Anne et Marie Joseph en h\u00e9ritent en 1811 (4). Le moulin est en location, occup\u00e9 par le meunier Adrien Dron (\u00b0 1750 + 1801) et son \u00e9pouse Adrienne Renard (\u00b01752 + 1830) puis en 1831 par leur fils Antoine Dron. Les h\u00e9ritiers VAILLE vendent le bien qui est d\u00e9tenu en 1841 par R\u00e9my MOREAU (5). R\u00e9mi MOREAU est mari\u00e9 \u00e0 Th\u00e9r\u00e8se DORESSE (mariage \u00e0 Catillon-sur-Sambre le 30\/10\/1804). Ils ont un fils Charlemagne n\u00e9 en 1805 \u00e0 Catillon, mari\u00e9 en 1828 \u00e0 Fesmy-Le Sart avec Augustine FROMENT ( \u00b0 1801+ 1851). Il est dit meunier \u00e0 Englefontaine lors de son remariage \u00e0 Grand-Fayt le 11 janvier 1853 avec Sophie Mozin fille de Constantin, meunier \u00e0 Prisches. Maitre Lefranc, notaire \u00e0 Le Quesnoy met en vente aux ench\u00e8res le moulin de Charlemagne MOREAU en date du 11 f\u00e9vrier 1856. Le lot se compose du \u00ab moulin \u00e0 vent, avec ses tournants, meules et travaillants et g\u00e9n\u00e9ralement ses d\u00e9pendances, maison compos\u00e9e de plusieurs pi\u00e8ces, \u00e9curie, puits et environ 59 ares 12 centiares de p\u00e2ture, le tout sis \u00e0 Englefontaine, tenant au chemin des Tuileries, \u00e0 M Crapez Douai et \u00e0 M Jean Lefort (6). Le moulin disparait vers 1860.<\/p>\n\n\n\n<p>(1) : Comptabilit\u00e9 du Comt\u00e9 de Hainaut pour l\u2019ann\u00e9e 1353.<\/p>\n\n\n\n<p>(2) : \u00ab Le Moulin \u00e0 vent d\u2019Englefontaine (1353-1831) \u00bb \u00e9tude de Benoit Painchart : excellent article d\u2019Avril 2009 paru sur le&nbsp;<a rel=\"noreferrer noopener\" href=\"http:\/\/chgb.org\/bulletin123\/CHGB13.pdf\" target=\"_blank\">bulletin N\u00b013 du CHGB<\/a><\/p>\n\n\n\n<p>(3) : ADN Q-1001<\/p>\n\n\n\n<p>(4) : ADN 3 Q 406-12 Enregistrement Bureau Le Quesnoy Table des vendeurs 1811<\/p>\n\n\n\n<p>(5) : ADN 35 P 446 Matrices cadastrales B NB 1833-1912<\/p>\n\n\n\n<p>(6) : Le Journal L\u2019Observateur 01\/02\/1856<\/p>\n","protected":false},"excerpt":{"rendered":"<p>Le Moulin \u00e0 vent d\u2019Englefontaine : Englefontaine poss\u00e8de d\u00e8s le XIV e si\u00e8cle un moulin \u00e0 vent (1). Il est identifi\u00e9 d\u00e8s 1621, situ\u00e9 au lieu-dit la Thieullerie, sur la route menant \u00e0 Salesches (2). Il appartient aux biens de l\u2019\u00e9glise d\u2018Englefontaine. En 1760 Jean Charles ROGER, est cit\u00e9 meunier d\u2019Englefontaine dans les actes d\u2019\u00e9chevinages. &hellip; <a href=\"http:\/\/patrimoine-avesnois.fr\/moulins-vent\/englefontaine\/\" class=\"more-link\">Continuer la lecture<span class=\"screen-reader-text\"> de &laquo;&nbsp;Englefontaine&nbsp;&raquo;<\/span><\/a><\/p>\n","protected":false},"author":2,"featured_media":0,"parent":0,"menu_order":0,"comment_status":"closed","ping_status":"closed","template":"","meta":{"footnotes":""},"class_list":["post-49","page","type-page","status-publish","hentry"],"jetpack_sharing_enabled":true,"_links":{"self":[{"href":"http:\/\/patrimoine-avesnois.fr\/moulins-vent\/wp-json\/wp\/v2\/pages\/49","targetHints":{"allow":["GET"]}}],"collection":[{"href":"http:\/\/patrimoine-avesnois.fr\/moulins-vent\/wp-json\/wp\/v2\/pages"}],"about":[{"href":"http:\/\/patrimoine-avesnois.fr\/moulins-vent\/wp-json\/wp\/v2\/types\/page"}],"author":[{"embeddable":true,"href":"http:\/\/patrimoine-avesnois.fr\/moulins-vent\/wp-json\/wp\/v2\/users\/2"}],"replies":[{"embeddable":true,"href":"http:\/\/patrimoine-avesnois.fr\/moulins-vent\/wp-json\/wp\/v2\/comments?post=49"}],"version-history":[{"count":1,"href":"http:\/\/patrimoine-avesnois.fr\/moulins-vent\/wp-json\/wp\/v2\/pages\/49\/revisions"}],"predecessor-version":[{"id":50,"href":"http:\/\/patrimoine-avesnois.fr\/moulins-vent\/wp-json\/wp\/v2\/pages\/49\/revisions\/50"}],"wp:attachment":[{"href":"http:\/\/patrimoine-avesnois.fr\/moulins-vent\/wp-json\/wp\/v2\/media?parent=49"}],"curies":[{"name":"wp","href":"https:\/\/api.w.org\/{rel}","templated":true}]}}

<p class="has-bright-red-color has-text-color has-medium-font-size"><strong>Le Moulin à vent d’Englefontaine :</strong></p>



<div class="wp-block-image"><figure class="aligncenter"><img decoding="async" src="https://i2.wp.com/patrimoine-avesnois.fr/chemin/wp-content/uploads/2021/03/Capture-32.jpg?resize=840%2C630" alt="" class="wp-image-11996"/><figcaption>Cadastre Englefontaine 1831 ADN P 31 / 693 Moulin S B 295&nbsp;<a rel="noreferrer noopener" href="https://archivesdepartementales.lenord.fr/ark:/33518/z5wfqkbhn1c4/a5b08621-f659-4c71-a3f8-19411d2ba06b" target="_blank">Vue 3/13</a></figcaption></figure></div>



<div class="wp-block-image"><figure class="aligncenter"><img decoding="async" src="https://i0.wp.com/patrimoine-avesnois.fr/chemin/wp-content/uploads/2021/03/Capture-33.jpg?fit=840%2C630" alt="" class="wp-image-11997"/><figcaption><em>Position fictive du moulin à vent d’Englefontaine sur une carte actuelle</em></figcaption></figure></div>



<div class="wp-block-image"><figure class="aligncenter"><img decoding="async" src="https://i0.wp.com/patrimoine-avesnois.fr/chemin/wp-content/uploads/2021/03/Capture-34.jpg?fit=840%2C630" alt="" class="wp-image-11998"/><figcaption>Endroit où se dressait le moulin à vent d’Englefontaine&nbsp;<a rel="noreferrer noopener" href="https://www.google.com/maps/@50.1934698,3.6292042,3a,90y,340.61h,87.17t/data=!3m6!1e1!3m4!1sVDzPNLg03VDZ_4ujwa23hA!2e0!7i13312!8i6656?hl=fr" target="_blank">Rue des Tuileries</a></figcaption></figure></div>



<p>Englefontaine possède dès le XIV e siècle un moulin à vent (1). Il est identifié dès 1621, situé au lieu-dit la Thieullerie, sur la route menant à Salesches (2). Il appartient aux biens de l’église d‘Englefontaine. En 1760 Jean Charles ROGER, est cité meunier d’Englefontaine dans les actes d’échevinages. Le 22 Frimaire An 5 (12 décembre 1796) le moulin à tour est acheté par Jean Baptiste VAILLE (°1744 + 1799 ), marchand de filets et époux de Marie Catherine DUPIRE, fileuse (° 1753 + 1811) (3). Leurs enfants Jean Baptiste, François, Catherine, Marie Anne et Marie Joseph en héritent en 1811 (4). Le moulin est en location, occupé par le meunier Adrien Dron (° 1750 + 1801) et son épouse Adrienne Renard (°1752 + 1830) puis en 1831 par leur fils Antoine Dron. Les héritiers VAILLE vendent le bien qui est détenu en 1841 par Rémy MOREAU (5). Rémi MOREAU est marié à Thérèse DORESSE (mariage à Catillon-sur-Sambre le 30/10/1804). Ils ont un fils Charlemagne né en 1805 à Catillon, marié en 1828 à Fesmy-Le Sart avec Augustine FROMENT ( ° 1801+ 1851). Il est dit meunier à Englefontaine lors de son remariage à Grand-Fayt le 11 janvier 1853 avec Sophie Mozin fille de Constantin, meunier à Prisches. Maitre Lefranc, notaire à Le Quesnoy met en vente aux enchères le moulin de Charlemagne MOREAU en date du 11 février 1856. Le lot se compose du « moulin à vent, avec ses tournants, meules et travaillants et généralement ses dépendances, maison composée de plusieurs pièces, écurie, puits et environ 59 ares 12 centiares de pâture, le tout sis à Englefontaine, tenant au chemin des Tuileries, à M Crapez Douai et à M Jean Lefort (6). Le moulin disparait vers 1860.</p>



<p>(1) : Comptabilité du Comté de Hainaut pour l’année 1353.</p>



<p>(2) : « Le Moulin à vent d’Englefontaine (1353-1831) » étude de Benoit Painchart : excellent article d’Avril 2009 paru sur le&nbsp;<a rel="noreferrer noopener" href="http://chgb.org/bulletin123/CHGB13.pdf" target="_blank">bulletin N°13 du CHGB</a></p>



<p>(3) : ADN Q-1001</p>



<p>(4) : ADN 3 Q 406-12 Enregistrement Bureau Le Quesnoy Table des vendeurs 1811</p>



<p>(5) : ADN 35 P 446 Matrices cadastrales B NB 1833-1912</p>



<p>(6) : Le Journal L’Observateur 01/02/1856</p>

<p>Le Moulin à vent d’Englefontaine : Englefontaine possède dès le XIV e siècle un moulin à vent (1). Il est identifié dès 1621, situé au lieu-dit la Thieullerie, sur la route menant à Salesches (2). Il appartient aux biens de l’église d‘Englefontaine. En 1760 Jean Charles ROGER, est cité meunier d’Englefontaine dans les actes d’échevinages. &hellip; <a href="http://patrimoine-avesnois.fr/moulins-vent/englefontaine/" class="more-link">Continuer la lecture<span class="screen-reader-text"> de &laquo;&nbsp;Englefontaine&nbsp;&raquo;</span></a></p>
