{"id":60,"date":"2021-05-04T11:54:42","date_gmt":"2021-05-04T09:54:42","guid":{"rendered":"http:\/\/patrimoine-avesnois.fr\/moulins-vent\/?page_id=60"},"modified":"2021-05-04T11:54:42","modified_gmt":"2021-05-04T09:54:42","slug":"fontaine-au-bois","status":"publish","type":"page","link":"http:\/\/patrimoine-avesnois.fr\/moulins-vent\/fontaine-au-bois\/","title":{"rendered":"Fontaine-au-Bois"},"content":{"rendered":"\n<p class=\"has-bright-red-color has-text-color has-medium-font-size\"><strong>Les Trois Moulins \u00e0 vent de Fontaine-au-Bois :<\/strong><\/p>\n\n\n\n<div class=\"wp-block-image\"><figure class=\"aligncenter\"><img decoding=\"async\" src=\"https:\/\/i1.wp.com\/patrimoine-avesnois.fr\/chemin\/wp-content\/uploads\/2021\/03\/Capture-47.jpg?resize=840%2C598\" alt=\"\" class=\"wp-image-12029\"\/><figcaption>Cadastre Consulaire Fontaine au Bois An 13 ADN P 30 \/ 136 S A 8&nbsp;<a rel=\"noreferrer noopener\" href=\"https:\/\/archivesdepartementales.lenord.fr\/ark:\/33518\/4ld0q7j9hs8b\/43e82725-dc0f-40c9-9627-dbbbf60529b9\" target=\"_blank\">Vue 1\/2<\/a><\/figcaption><\/figure><\/div>\n\n\n\n<div class=\"wp-block-image\"><figure class=\"aligncenter\"><img decoding=\"async\" src=\"https:\/\/i1.wp.com\/patrimoine-avesnois.fr\/chemin\/wp-content\/uploads\/2021\/03\/Capture-48.jpg?fit=840%2C630\" alt=\"\" class=\"wp-image-12030\"\/><figcaption><em>Position fictive du moulin \u00e0<\/em>&nbsp;vent seigneurial de Fontaine-au-Bois sur une carte actuelle<\/figcaption><\/figure><\/div>\n\n\n\n<div class=\"wp-block-image\"><figure class=\"aligncenter\"><img decoding=\"async\" src=\"https:\/\/i0.wp.com\/patrimoine-avesnois.fr\/chemin\/wp-content\/uploads\/2021\/03\/Capture-50.jpg?fit=840%2C629\" alt=\"\" class=\"wp-image-12032\"\/><figcaption>Endroit o\u00f9 se dressait le moulin \u00e0 vent seigneurial de Fontaine-au-Bois<a href=\"https:\/\/www.google.fr\/maps\/@50.1499783,3.6500456,3a,90y,221.64h,79.43t\/data=!3m6!1e1!3m4!1sQNb16on1baE94d8TCwrNgA!2e0!7i16384!8i8192\" target=\"_blank\" rel=\"noreferrer noopener\">&nbsp;Rue du Ch\u00eane<\/a><\/figcaption><\/figure><\/div>\n\n\n\n<p>Le premier moulin \u00e0 vent de Fontaine-au-Bois est un moulin seigneurial. Il est visible sur les Albums de Croy et sur la carte de Cassini. On le retrouve pr\u00e9cis\u00e9ment sur le cadastre consulaire de l\u2019An 13 \u00e0 la section A 8 le long du chemin de Robersart et sur le cadastre de 1831 \u00e0 la section&nbsp;<a rel=\"noreferrer noopener\" href=\"https:\/\/archivesdepartementales.lenord.fr\/ark:\/33518\/9bq156wkcmf2\/f0299198-6383-4c5d-b123-797f7232a4bf\" target=\"_blank\">A 202<\/a>. Appartenant en 1817 \u00e0 Gaspard BISIAUX meunier de Preux-au-Bois,(\u00b0 1761 + 1831), celui-ci en vend la moiti\u00e9 au couple Amand GODON (\u00b0 1771 1846) et C\u00e9lestine LEBLOND (\u00b0 1773 + 1853) (1). Ce couple propri\u00e9taire \u00e0 Bousies loue le 25 mars 1830 sa moiti\u00e9 \u00e0 Gaspard BISIAUX (2). En 1831 ce dernier d\u00e9c\u00e8de et la matrice cadastrale nous apprend que le moulin est d\u00e9tenu par Fran\u00e7ois BISIAUX et GODON \u00e0 Robersart. Fran\u00e7ois est le fr\u00e8re de Gaspard, il est \u00e9galement meunier et d\u00e9c\u00e8de \u00e0 Robersart le 2 mars 1837. Il laisse trois enfants Fran\u00e7ois mari\u00e9 \u00e0 Marie Catherine Catteau, meunier, Jean Baptiste \u00e9galement meunier mari\u00e9 \u00e0 Marie Louise Objoie et Marie Anne mari\u00e9e \u00e0 Adrien Raverdy. Les deux fr\u00e8res ach\u00e8tent la part de leur s\u0153ur (3) et l\u2019autre moiti\u00e9 du moulin d\u00e9tenu maintenant par Amand C\u00e9lestin GODON (\u00b0 1796 +1849) fils d\u2019Amand et de C\u00e9lestine (4). Donc en 1841 le moulin \u00e0 vent de Fontaine-au Bois appartient en totalit\u00e9 aux fr\u00e8res Fran\u00e7ois et Jean Baptiste BISIAUX, confirm\u00e9 par le cadastre de 1851 (5). Selon ce m\u00eame cadastre le moulin est d\u00e9moli en 1876.<\/p>\n\n\n\n<p>(1) : ADN 3 Q 279-6 Enregistrement Bureau de Landrecies Table des vendeurs 1812-1818 Acte de vente du 05\/06\/1817.<\/p>\n\n\n\n<p>(2) : ADN 3 Q 299-4 Enregistrement Bureau de Landrecies Table des baux 1816 \u2013 1830<\/p>\n\n\n\n<p>(3) : ADN 3 Q 298-11 Enregistrement Bureau de Landrecies Table des acqu\u00e9reurs 1835-1840 Acte du 25\/03\/1838<\/p>\n\n\n\n<p>(4) : ADN 3 Q 298-12 Enregistrement Bureau de Landrecies Table des acqu\u00e9reurs 1840-1843 Acte du 16\/08\/1841<\/p>\n\n\n\n<p>(5) : ADN 35 P 593 Matrices cadastrales B NB 1833 1913<\/p>\n\n\n\n<p class=\"has-text-align-center\">***<\/p>\n\n\n\n<div class=\"wp-block-image\"><figure class=\"aligncenter\"><img decoding=\"async\" src=\"https:\/\/i0.wp.com\/patrimoine-avesnois.fr\/chemin\/wp-content\/uploads\/2021\/03\/Capture-51.jpg?resize=840%2C630\" alt=\"\" class=\"wp-image-12034\"\/><figcaption>Cadastre Consulaire Fontaine au Bois An 13 ADN P 30 \/ 136 S B 82&nbsp;<a rel=\"noreferrer noopener\" href=\"https:\/\/archivesdepartementales.lenord.fr\/ark:\/33518\/4ld0q7j9hs8b\/43e82725-dc0f-40c9-9627-dbbbf60529b9\" target=\"_blank\">Vue 1\/2<\/a><\/figcaption><\/figure><\/div>\n\n\n\n<div class=\"wp-block-image\"><figure class=\"aligncenter\"><img decoding=\"async\" src=\"https:\/\/i1.wp.com\/patrimoine-avesnois.fr\/chemin\/wp-content\/uploads\/2021\/03\/Capture-53.jpg?resize=840%2C629\" alt=\"\" class=\"wp-image-12036\"\/><figcaption>Cadastre Consulaire Fontaine au Bois An 13 ADN P 30 \/ 136 S B 82&nbsp;<a href=\"https:\/\/archivesdepartementales.lenord.fr\/ark:\/33518\/4ld0q7j9hs8b\/f977d69b-29f3-46cb-8246-e4825f04a3d6\" target=\"_blank\" rel=\"noreferrer noopener\">Vue 2\/2<\/a><\/figcaption><\/figure><\/div>\n\n\n\n<div class=\"wp-block-image\"><figure class=\"aligncenter\"><img decoding=\"async\" src=\"https:\/\/i2.wp.com\/patrimoine-avesnois.fr\/chemin\/wp-content\/uploads\/2021\/03\/Capture-52.jpg?resize=840%2C630\" alt=\"\" class=\"wp-image-12035\"\/><figcaption><em>Position fictive du second moulin \u00e0<\/em>&nbsp;vent de Fontaine-au-Bois sur une carte actuelle<\/figcaption><\/figure><\/div>\n\n\n\n<div class=\"wp-block-image\"><figure class=\"aligncenter\"><img decoding=\"async\" src=\"https:\/\/i2.wp.com\/patrimoine-avesnois.fr\/chemin\/wp-content\/uploads\/2021\/03\/Capture-54.jpg?fit=840%2C627\" alt=\"\" class=\"wp-image-12037\"\/><figcaption>Endroit o\u00f9 se dressait le second moulin \u00e0 vent de Fontaine-au-Bois (derri\u00e8re cette maison)<br><a href=\"https:\/\/www.google.fr\/maps\/@50.1340025,3.6459886,3a,90y,12.06h,75.15t\/data=!3m6!1e1!3m4!1su0GnjgfilfBnGemK55vwlg!2e0!7i16384!8i8192\" target=\"_blank\" rel=\"noreferrer noopener\">Rue du Cateau<\/a><\/figcaption><\/figure><\/div>\n\n\n\n<p>Un second moulin se situe le long du chemin du Cateau \u00e0 Landrecies en 1804. Ce moulin \u00e0 pivot a en effet \u00e9t\u00e9 autoris\u00e9 par arr\u00eat du Conseil du 30 novembre 1764 (1). L\u2019arr\u00eat r\u00e9v\u00e8le le demandeur : il s\u2019agit de Gaspard DOUILLET et Consors. Gaspard DOUILLET est marchand graissier et meunier \u00e0 Preux-au-Bois et d\u00e9c\u00e8de en 1785 \u00e0 l\u2019\u00e2ge de 70 ans (2). Il doit appartenir ensuite \u00e0 Andr\u00e9 POTTIER (\u00b0 1756 + 1842), maire de Fontaine, mari\u00e9 \u00e0 Marie Joseph POTTIER (\u00b0 1757 + 1787) puis \u00e0 leur gendre Jean Baptiste MONIER (\u00b0 1780 + 1829) mari\u00e9 en 1807 \u00e0 Marie Th\u00e9r\u00e8se POTTIER (\u00b0 1780 + 1813) qui ach\u00e8te en 1815 le huiti\u00e8me du moulin \u00e0 son beau-fr\u00e8re Emmanuel POTTIER (3). Le moulin disparait dans les ann\u00e9es 1820.<\/p>\n\n\n\n<p>(1) : ADN C Sous S\u00e9rie Bureau des Finances Article 58 \/ 2<\/p>\n\n\n\n<p>(2) : D\u00e9c\u00e8s: Tables des actes de BMS de Preux, Publication AGFH.&nbsp;<a rel=\"noreferrer noopener\" href=\"https:\/\/gw.geneanet.org\/pbeauvisage?lang=fr&amp;pz=pierre&amp;nz=beauvisage&amp;p=gaspard&amp;n=douillet&amp;oc=1\" target=\"_blank\">G\u00e9n\u00e9anet<\/a><\/p>\n\n\n\n<p>(3) : ADN 3 Q 297-6 Enregistrement Bureau de Landrecies Table des vendeurs 1812-1818 Acte de vente du 13\/06\/1815.<\/p>\n\n\n\n<p class=\"has-text-align-center\">***<\/p>\n\n\n\n<div class=\"wp-block-image\"><figure class=\"aligncenter\"><img decoding=\"async\" src=\"https:\/\/i2.wp.com\/patrimoine-avesnois.fr\/chemin\/wp-content\/uploads\/2021\/03\/Capture-55.jpg?resize=840%2C630\" alt=\"\" class=\"wp-image-12038\"\/><figcaption>Cadastre Fontaine-au-Bois 1831 ADN P 31 \/ 705 S A 1035&nbsp;<a href=\"https:\/\/archivesdepartementales.lenord.fr\/ark:\/33518\/9bq156wkcmf2\/256e10e4-0cfb-4fbd-983e-161b414a0575\" target=\"_blank\" rel=\"noreferrer noopener\">Vue 3\/15<\/a><\/figcaption><\/figure><\/div>\n\n\n\n<div class=\"wp-block-image\"><figure class=\"aligncenter\"><img decoding=\"async\" src=\"https:\/\/i2.wp.com\/patrimoine-avesnois.fr\/chemin\/wp-content\/uploads\/2021\/03\/Capture-52-1.jpg?resize=840%2C630\" alt=\"\" class=\"wp-image-12039\"\/><figcaption>Position fictive des 3 moulins de Fontaine-au-Bois sur une carte actuelle<\/figcaption><\/figure><\/div>\n\n\n\n<div class=\"wp-block-image\"><figure class=\"aligncenter\"><img decoding=\"async\" src=\"https:\/\/i0.wp.com\/patrimoine-avesnois.fr\/chemin\/wp-content\/uploads\/2021\/03\/Capture-57.jpg?fit=840%2C630\" alt=\"\" class=\"wp-image-12041\"\/><figcaption>Endroit o\u00f9 se dressait le troisi\u00e8me moulin \u00e0 vent de Fontaine-au-Bois&nbsp;<a href=\"https:\/\/www.google.fr\/maps\/@50.1327669,3.6358556,3a,75y,343.34h,78.19t\/data=!3m6!1e1!3m4!1sFF6zPenK19Zf7clQo3GXeQ!2e0!7i16384!8i8192\" target=\"_blank\" rel=\"noreferrer noopener\">Rue du Cateau<\/a><\/figcaption><\/figure><\/div>\n\n\n\n<p>Le troisi\u00e8me moulin se situe \u00e9galement au bord du chemin du Cateau \u00e0 Landrecies mais cette fois-ci non pas sur le cadastre de 1804 mais sur celui de 1831. Il a donc du \u00eatre \u00e9rig\u00e9 dans les ann\u00e9es 1820 au moment o\u00f9 le second moulin disparaissait. Peut-\u00eatre, compte tenu de la proximit\u00e9 des lieux, ne s\u2019agit-il pas simplement que d\u2019un d\u00e9placement ? En tout cas il appartient \u00e0 Claude Joseph OBJOIE qui le loue en 1826 \u00e0 un d\u00e9nomm\u00e9 \u00e9galement Objoie (1). Le moulin est en 1831 entre les mains de C\u00e9lestin Joseph OBJOIE, meunier \u00e0 Fontaine -au-Bois. Il est d\u00e9moli en 1867 alors qu\u2019il est la propri\u00e9t\u00e9 de son fils Pierre Joseph OBJOIE, gar\u00e7on meunier \u00e0 Fontaine puis \u00e0 Ors (2) (3).<\/p>\n\n\n\n<p>(1) : ADN 3 Q 299-4 Enregistrement Bureau de Landrecies Table des baux 1816-1830 Acte du 9\/06\/1826<\/p>\n\n\n\n<p>(2) : ADN ADN 35 P 593 594 Matrices cadastrales B NB 1833 1913<\/p>\n\n\n\n<p>(3) : Mariage de Pierre OBJOIE avec L\u00e9ocadie BAILLEUX le 24\/01\/1855 ADN NMD [1854-1878]5 Mi 005 R 009&nbsp;<a rel=\"noreferrer noopener\" href=\"https:\/\/archivesdepartementales.lenord.fr\/ark:\/33518\/j63npb1qsmlk\/ef88404b-543f-4c66-8ac2-4532774c4aee\" target=\"_blank\">Vue 25\/557<\/a><\/p>\n","protected":false},"excerpt":{"rendered":"<p>Les Trois Moulins \u00e0 vent de Fontaine-au-Bois : Le premier moulin \u00e0 vent de Fontaine-au-Bois est un moulin seigneurial. Il est visible sur les Albums de Croy et sur la carte de Cassini. On le retrouve pr\u00e9cis\u00e9ment sur le cadastre consulaire de l\u2019An 13 \u00e0 la section A 8 le long du chemin de Robersart &hellip; <a href=\"http:\/\/patrimoine-avesnois.fr\/moulins-vent\/fontaine-au-bois\/\" class=\"more-link\">Continuer la lecture<span class=\"screen-reader-text\"> de &laquo;&nbsp;Fontaine-au-Bois&nbsp;&raquo;<\/span><\/a><\/p>\n","protected":false},"author":2,"featured_media":0,"parent":0,"menu_order":0,"comment_status":"closed","ping_status":"closed","template":"","meta":{"footnotes":""},"class_list":["post-60","page","type-page","status-publish","hentry"],"jetpack_sharing_enabled":true,"_links":{"self":[{"href":"http:\/\/patrimoine-avesnois.fr\/moulins-vent\/wp-json\/wp\/v2\/pages\/60","targetHints":{"allow":["GET"]}}],"collection":[{"href":"http:\/\/patrimoine-avesnois.fr\/moulins-vent\/wp-json\/wp\/v2\/pages"}],"about":[{"href":"http:\/\/patrimoine-avesnois.fr\/moulins-vent\/wp-json\/wp\/v2\/types\/page"}],"author":[{"embeddable":true,"href":"http:\/\/patrimoine-avesnois.fr\/moulins-vent\/wp-json\/wp\/v2\/users\/2"}],"replies":[{"embeddable":true,"href":"http:\/\/patrimoine-avesnois.fr\/moulins-vent\/wp-json\/wp\/v2\/comments?post=60"}],"version-history":[{"count":1,"href":"http:\/\/patrimoine-avesnois.fr\/moulins-vent\/wp-json\/wp\/v2\/pages\/60\/revisions"}],"predecessor-version":[{"id":61,"href":"http:\/\/patrimoine-avesnois.fr\/moulins-vent\/wp-json\/wp\/v2\/pages\/60\/revisions\/61"}],"wp:attachment":[{"href":"http:\/\/patrimoine-avesnois.fr\/moulins-vent\/wp-json\/wp\/v2\/media?parent=60"}],"curies":[{"name":"wp","href":"https:\/\/api.w.org\/{rel}","templated":true}]}}

<p class="has-bright-red-color has-text-color has-medium-font-size"><strong>Les Trois Moulins à vent de Fontaine-au-Bois :</strong></p>



<div class="wp-block-image"><figure class="aligncenter"><img decoding="async" src="https://i1.wp.com/patrimoine-avesnois.fr/chemin/wp-content/uploads/2021/03/Capture-47.jpg?resize=840%2C598" alt="" class="wp-image-12029"/><figcaption>Cadastre Consulaire Fontaine au Bois An 13 ADN P 30 / 136 S A 8&nbsp;<a rel="noreferrer noopener" href="https://archivesdepartementales.lenord.fr/ark:/33518/4ld0q7j9hs8b/43e82725-dc0f-40c9-9627-dbbbf60529b9" target="_blank">Vue 1/2</a></figcaption></figure></div>



<div class="wp-block-image"><figure class="aligncenter"><img decoding="async" src="https://i1.wp.com/patrimoine-avesnois.fr/chemin/wp-content/uploads/2021/03/Capture-48.jpg?fit=840%2C630" alt="" class="wp-image-12030"/><figcaption><em>Position fictive du moulin à</em>&nbsp;vent seigneurial de Fontaine-au-Bois sur une carte actuelle</figcaption></figure></div>



<div class="wp-block-image"><figure class="aligncenter"><img decoding="async" src="https://i0.wp.com/patrimoine-avesnois.fr/chemin/wp-content/uploads/2021/03/Capture-50.jpg?fit=840%2C629" alt="" class="wp-image-12032"/><figcaption>Endroit où se dressait le moulin à vent seigneurial de Fontaine-au-Bois<a href="https://www.google.fr/maps/@50.1499783,3.6500456,3a,90y,221.64h,79.43t/data=!3m6!1e1!3m4!1sQNb16on1baE94d8TCwrNgA!2e0!7i16384!8i8192" target="_blank" rel="noreferrer noopener">&nbsp;Rue du Chêne</a></figcaption></figure></div>



<p>Le premier moulin à vent de Fontaine-au-Bois est un moulin seigneurial. Il est visible sur les Albums de Croy et sur la carte de Cassini. On le retrouve précisément sur le cadastre consulaire de l’An 13 à la section A 8 le long du chemin de Robersart et sur le cadastre de 1831 à la section&nbsp;<a rel="noreferrer noopener" href="https://archivesdepartementales.lenord.fr/ark:/33518/9bq156wkcmf2/f0299198-6383-4c5d-b123-797f7232a4bf" target="_blank">A 202</a>. Appartenant en 1817 à Gaspard BISIAUX meunier de Preux-au-Bois,(° 1761 + 1831), celui-ci en vend la moitié au couple Amand GODON (° 1771 1846) et Célestine LEBLOND (° 1773 + 1853) (1). Ce couple propriétaire à Bousies loue le 25 mars 1830 sa moitié à Gaspard BISIAUX (2). En 1831 ce dernier décède et la matrice cadastrale nous apprend que le moulin est détenu par François BISIAUX et GODON à Robersart. François est le frère de Gaspard, il est également meunier et décède à Robersart le 2 mars 1837. Il laisse trois enfants François marié à Marie Catherine Catteau, meunier, Jean Baptiste également meunier marié à Marie Louise Objoie et Marie Anne mariée à Adrien Raverdy. Les deux frères achètent la part de leur sœur (3) et l’autre moitié du moulin détenu maintenant par Amand Célestin GODON (° 1796 +1849) fils d’Amand et de Célestine (4). Donc en 1841 le moulin à vent de Fontaine-au Bois appartient en totalité aux frères François et Jean Baptiste BISIAUX, confirmé par le cadastre de 1851 (5). Selon ce même cadastre le moulin est démoli en 1876.</p>



<p>(1) : ADN 3 Q 279-6 Enregistrement Bureau de Landrecies Table des vendeurs 1812-1818 Acte de vente du 05/06/1817.</p>



<p>(2) : ADN 3 Q 299-4 Enregistrement Bureau de Landrecies Table des baux 1816 – 1830</p>



<p>(3) : ADN 3 Q 298-11 Enregistrement Bureau de Landrecies Table des acquéreurs 1835-1840 Acte du 25/03/1838</p>



<p>(4) : ADN 3 Q 298-12 Enregistrement Bureau de Landrecies Table des acquéreurs 1840-1843 Acte du 16/08/1841</p>



<p>(5) : ADN 35 P 593 Matrices cadastrales B NB 1833 1913</p>



<p class="has-text-align-center">***</p>



<div class="wp-block-image"><figure class="aligncenter"><img decoding="async" src="https://i0.wp.com/patrimoine-avesnois.fr/chemin/wp-content/uploads/2021/03/Capture-51.jpg?resize=840%2C630" alt="" class="wp-image-12034"/><figcaption>Cadastre Consulaire Fontaine au Bois An 13 ADN P 30 / 136 S B 82&nbsp;<a rel="noreferrer noopener" href="https://archivesdepartementales.lenord.fr/ark:/33518/4ld0q7j9hs8b/43e82725-dc0f-40c9-9627-dbbbf60529b9" target="_blank">Vue 1/2</a></figcaption></figure></div>



<div class="wp-block-image"><figure class="aligncenter"><img decoding="async" src="https://i1.wp.com/patrimoine-avesnois.fr/chemin/wp-content/uploads/2021/03/Capture-53.jpg?resize=840%2C629" alt="" class="wp-image-12036"/><figcaption>Cadastre Consulaire Fontaine au Bois An 13 ADN P 30 / 136 S B 82&nbsp;<a href="https://archivesdepartementales.lenord.fr/ark:/33518/4ld0q7j9hs8b/f977d69b-29f3-46cb-8246-e4825f04a3d6" target="_blank" rel="noreferrer noopener">Vue 2/2</a></figcaption></figure></div>



<div class="wp-block-image"><figure class="aligncenter"><img decoding="async" src="https://i2.wp.com/patrimoine-avesnois.fr/chemin/wp-content/uploads/2021/03/Capture-52.jpg?resize=840%2C630" alt="" class="wp-image-12035"/><figcaption><em>Position fictive du second moulin à</em>&nbsp;vent de Fontaine-au-Bois sur une carte actuelle</figcaption></figure></div>



<div class="wp-block-image"><figure class="aligncenter"><img decoding="async" src="https://i2.wp.com/patrimoine-avesnois.fr/chemin/wp-content/uploads/2021/03/Capture-54.jpg?fit=840%2C627" alt="" class="wp-image-12037"/><figcaption>Endroit où se dressait le second moulin à vent de Fontaine-au-Bois (derrière cette maison)<br><a href="https://www.google.fr/maps/@50.1340025,3.6459886,3a,90y,12.06h,75.15t/data=!3m6!1e1!3m4!1su0GnjgfilfBnGemK55vwlg!2e0!7i16384!8i8192" target="_blank" rel="noreferrer noopener">Rue du Cateau</a></figcaption></figure></div>



<p>Un second moulin se situe le long du chemin du Cateau à Landrecies en 1804. Ce moulin à pivot a en effet été autorisé par arrêt du Conseil du 30 novembre 1764 (1). L’arrêt révèle le demandeur : il s’agit de Gaspard DOUILLET et Consors. Gaspard DOUILLET est marchand graissier et meunier à Preux-au-Bois et décède en 1785 à l’âge de 70 ans (2). Il doit appartenir ensuite à André POTTIER (° 1756 + 1842), maire de Fontaine, marié à Marie Joseph POTTIER (° 1757 + 1787) puis à leur gendre Jean Baptiste MONIER (° 1780 + 1829) marié en 1807 à Marie Thérèse POTTIER (° 1780 + 1813) qui achète en 1815 le huitième du moulin à son beau-frère Emmanuel POTTIER (3). Le moulin disparait dans les années 1820.</p>



<p>(1) : ADN C Sous Série Bureau des Finances Article 58 / 2</p>



<p>(2) : Décès: Tables des actes de BMS de Preux, Publication AGFH.&nbsp;<a rel="noreferrer noopener" href="https://gw.geneanet.org/pbeauvisage?lang=fr&amp;pz=pierre&amp;nz=beauvisage&amp;p=gaspard&amp;n=douillet&amp;oc=1" target="_blank">Généanet</a></p>



<p>(3) : ADN 3 Q 297-6 Enregistrement Bureau de Landrecies Table des vendeurs 1812-1818 Acte de vente du 13/06/1815.</p>



<p class="has-text-align-center">***</p>



<div class="wp-block-image"><figure class="aligncenter"><img decoding="async" src="https://i2.wp.com/patrimoine-avesnois.fr/chemin/wp-content/uploads/2021/03/Capture-55.jpg?resize=840%2C630" alt="" class="wp-image-12038"/><figcaption>Cadastre Fontaine-au-Bois 1831 ADN P 31 / 705 S A 1035&nbsp;<a href="https://archivesdepartementales.lenord.fr/ark:/33518/9bq156wkcmf2/256e10e4-0cfb-4fbd-983e-161b414a0575" target="_blank" rel="noreferrer noopener">Vue 3/15</a></figcaption></figure></div>



<div class="wp-block-image"><figure class="aligncenter"><img decoding="async" src="https://i2.wp.com/patrimoine-avesnois.fr/chemin/wp-content/uploads/2021/03/Capture-52-1.jpg?resize=840%2C630" alt="" class="wp-image-12039"/><figcaption>Position fictive des 3 moulins de Fontaine-au-Bois sur une carte actuelle</figcaption></figure></div>



<div class="wp-block-image"><figure class="aligncenter"><img decoding="async" src="https://i0.wp.com/patrimoine-avesnois.fr/chemin/wp-content/uploads/2021/03/Capture-57.jpg?fit=840%2C630" alt="" class="wp-image-12041"/><figcaption>Endroit où se dressait le troisième moulin à vent de Fontaine-au-Bois&nbsp;<a href="https://www.google.fr/maps/@50.1327669,3.6358556,3a,75y,343.34h,78.19t/data=!3m6!1e1!3m4!1sFF6zPenK19Zf7clQo3GXeQ!2e0!7i16384!8i8192" target="_blank" rel="noreferrer noopener">Rue du Cateau</a></figcaption></figure></div>



<p>Le troisième moulin se situe également au bord du chemin du Cateau à Landrecies mais cette fois-ci non pas sur le cadastre de 1804 mais sur celui de 1831. Il a donc du être érigé dans les années 1820 au moment où le second moulin disparaissait. Peut-être, compte tenu de la proximité des lieux, ne s’agit-il pas simplement que d’un déplacement ? En tout cas il appartient à Claude Joseph OBJOIE qui le loue en 1826 à un dénommé également Objoie (1). Le moulin est en 1831 entre les mains de Célestin Joseph OBJOIE, meunier à Fontaine -au-Bois. Il est démoli en 1867 alors qu’il est la propriété de son fils Pierre Joseph OBJOIE, garçon meunier à Fontaine puis à Ors (2) (3).</p>



<p>(1) : ADN 3 Q 299-4 Enregistrement Bureau de Landrecies Table des baux 1816-1830 Acte du 9/06/1826</p>



<p>(2) : ADN ADN 35 P 593 594 Matrices cadastrales B NB 1833 1913</p>



<p>(3) : Mariage de Pierre OBJOIE avec Léocadie BAILLEUX le 24/01/1855 ADN NMD [1854-1878]5 Mi 005 R 009&nbsp;<a rel="noreferrer noopener" href="https://archivesdepartementales.lenord.fr/ark:/33518/j63npb1qsmlk/ef88404b-543f-4c66-8ac2-4532774c4aee" target="_blank">Vue 25/557</a></p>

<p>Les Trois Moulins à vent de Fontaine-au-Bois : Le premier moulin à vent de Fontaine-au-Bois est un moulin seigneurial. Il est visible sur les Albums de Croy et sur la carte de Cassini. On le retrouve précisément sur le cadastre consulaire de l’An 13 à la section A 8 le long du chemin de Robersart &hellip; <a href="http://patrimoine-avesnois.fr/moulins-vent/fontaine-au-bois/" class="more-link">Continuer la lecture<span class="screen-reader-text"> de &laquo;&nbsp;Fontaine-au-Bois&nbsp;&raquo;</span></a></p>
