{"id":70,"date":"2021-05-04T12:05:38","date_gmt":"2021-05-04T10:05:38","guid":{"rendered":"http:\/\/patrimoine-avesnois.fr\/moulins-vent\/?page_id=70"},"modified":"2021-05-04T12:05:38","modified_gmt":"2021-05-04T10:05:38","slug":"hautmont","status":"publish","type":"page","link":"http:\/\/patrimoine-avesnois.fr\/moulins-vent\/hautmont\/","title":{"rendered":"Hautmont"},"content":{"rendered":"\n<p class=\"has-bright-red-color has-text-color has-medium-font-size\"><strong>Le Moulin \u00e0 vent d\u2019Hautmont :<\/strong><\/p>\n\n\n\n<div class=\"wp-block-image\"><figure class=\"aligncenter\"><img decoding=\"async\" src=\"https:\/\/i1.wp.com\/patrimoine-avesnois.fr\/chemin\/wp-content\/uploads\/2021\/03\/Capture-96.jpg?resize=840%2C630\" alt=\"\" class=\"wp-image-12114\"\/><figcaption>Cadastre Hautmont 1806 ADN P 30 \/ 164 Moulin S C 16&nbsp;<a href=\"https:\/\/archivesdepartementales.lenord.fr\/ark:\/33518\/zm7hqld3j406\/86d54f57-6947-495f-8699-dd6d789f8c4e\" target=\"_blank\" rel=\"noreferrer noopener\">Vue 2\/2<\/a><\/figcaption><\/figure><\/div>\n\n\n\n<div class=\"wp-block-image\"><figure class=\"aligncenter\"><img decoding=\"async\" src=\"https:\/\/i2.wp.com\/patrimoine-avesnois.fr\/chemin\/wp-content\/uploads\/2021\/03\/Capture-97.jpg?resize=840%2C630\" alt=\"\" class=\"wp-image-12115\"\/><figcaption>Cadastre Hautmont 1844 ADN P 31 \/ 717 Moulin S C 71&nbsp;<a href=\"https:\/\/archivesdepartementales.lenord.fr\/ark:\/33518\/pqzw5374b6kv\/08001ba0-b602-4e07-9ad3-f9f89819e31e\" target=\"_blank\" rel=\"noreferrer noopener\">Vue 18\/20<\/a><\/figcaption><\/figure><\/div>\n\n\n\n<div class=\"wp-block-image\"><figure class=\"aligncenter\"><img decoding=\"async\" src=\"https:\/\/i1.wp.com\/patrimoine-avesnois.fr\/chemin\/wp-content\/uploads\/2021\/03\/Capture-99.jpg?fit=840%2C630\" alt=\"\" class=\"wp-image-12121\"\/><figcaption>Position fictive du Moulin \u00e0 vent d\u2019Hautmont sur une carte actuelle (sur la D 959 )<\/figcaption><\/figure><\/div>\n\n\n\n<div class=\"wp-block-image\"><figure class=\"aligncenter\"><img decoding=\"async\" src=\"https:\/\/i2.wp.com\/patrimoine-avesnois.fr\/chemin\/wp-content\/uploads\/2021\/03\/Capture-101.jpg?fit=840%2C631\" alt=\"\" class=\"wp-image-12123\"\/><figcaption>Endroit o\u00f9 se dressait le moulin \u00e0 vent d\u2019Hautmont D 959 (dans cette propri\u00e9t\u00e9)&nbsp;<a rel=\"noreferrer noopener\" href=\"https:\/\/www.google.fr\/maps\/@50.2459763,3.9337637,3a,90y,79.03h,107.12t\/data=!3m7!1e1!3m5!1smanerYbLOqGY9nNNFdfBqQ!2e0!6shttps:%2F%2Fstreetviewpixels-pa.googleapis.com%2Fv1%2Fthumbnail%3Fpanoid%3DmanerYbLOqGY9nNNFdfBqQ%26cb_client%3Dsearch.revgeo_and_fetch.gps%26w%3D96%26h%3D64%26yaw%3D91.79826%26pitch%3D0%26thumbfov%3D100!7i16384!8i8192\" target=\"_blank\">Route de Landrecies<\/a><\/figcaption><\/figure><\/div>\n\n\n\n<p>Le cadastre de 1844 nous montre un moulin \u00e0 vent de type Tour, tronconique. En 1810 il appartient \u00e0 Louis GRICOURT (\u00b0 1750 Clairfontaine + 1816) qui loue depuis 1785 le moulin \u00e0 eau de l\u2019abbaye. Louis GRICOURT mari\u00e9 avec Am\u00e9lie BECQUET (\u00b0 1750 + 1818) a probablement fait b\u00e2tir ce moulin \u00e0 vent vers 1800 afin que celui-ci se substitue au moulin \u00e0 eau lors de p\u00e9riodes de s\u00e9cheresse ou d\u2019intemp\u00e9ries, lesquelles entravaient le cours de la Sambre.<\/p>\n\n\n\n<div class=\"wp-block-image\"><figure class=\"aligncenter\"><img decoding=\"async\" src=\"https:\/\/i1.wp.com\/patrimoine-avesnois.fr\/chemin\/wp-content\/uploads\/2021\/03\/Capture-98.jpg?w=840\" alt=\"\" class=\"wp-image-12120\"\/><figcaption>D\u00e9c\u00e8s d\u2019Am\u00e9lie Becquet 18\/07\/1818 veuve en premi\u00e8re noces de Claude Narcisse DEMAREZ et en seconde noces de Louis Joseph GRICOURT .ADN Hautmont NMD 1816 1859 5 Mi 006 R 010<\/figcaption><\/figure><\/div>\n\n\n\n<p>Les h\u00e9ritiers d\u2019Am\u00e9lie BECQUET \u00e0 savoir Louis, Isidore, Am\u00e9lie GRICOURT et Constance DEMARAIS fille de son premier mari (1) vendent ensuite le moulin \u00e0 vent vers 1820 \u00e0 Auguste et Alexis DUCARNE \u00e0 Hautmont (2). Ces derniers sont peut-\u00eatre des meuniers originaires d\u2019Elesmes. Auguste fait b\u00e2tir en 1827 sur la parcelle du moulin une maison et en 1836 le cadastre nous indique que le tout lui appartient. L\u2019ensemble, comprenant moulin \u00e9quip\u00e9 de trois paires de meules, maison, grange, 1 hectare 40 ares de terre, est mis en vente dans le journal L\u2019Observateur du 14 septembre 1856. Jules MOREAU, charpentier puis meunier \u00e0 Hautmont l\u2019ach\u00e8te (3). Epoux de Ad\u00e8le Fran\u00e7oise M\u00e9lanie GRUNIAUX, il d\u00e9c\u00e8de le 12 juin 1871 \u00e0 Hautmont \u00e0 l\u2019\u00e2ge de 43 ans laissant comme h\u00e9ritiers ses enfants mineurs : C\u00e9sar, Th\u00e9r\u00e8se, Florentine et Octave. Le moulin disparait vers 1880<\/p>\n\n\n\n<p>(1) : ADN 3 Q 373-12 Enregistrement Bureau de Maubeuge Successions 04\/07\/1816-07\/02\/1822 Acte du 03\/07\/1819<\/p>\n\n\n\n<p>(2) : ADN 35 P 664 665 Matrices cadastrales B NB 1828 1899<\/p>\n\n\n\n<p>(3) : Ibidem<\/p>\n","protected":false},"excerpt":{"rendered":"<p>Le Moulin \u00e0 vent d\u2019Hautmont : Le cadastre de 1844 nous montre un moulin \u00e0 vent de type Tour, tronconique. En 1810 il appartient \u00e0 Louis GRICOURT (\u00b0 1750 Clairfontaine + 1816) qui loue depuis 1785 le moulin \u00e0 eau de l\u2019abbaye. Louis GRICOURT mari\u00e9 avec Am\u00e9lie BECQUET (\u00b0 1750 + 1818) a probablement fait &hellip; <a href=\"http:\/\/patrimoine-avesnois.fr\/moulins-vent\/hautmont\/\" class=\"more-link\">Continuer la lecture<span class=\"screen-reader-text\"> de &laquo;&nbsp;Hautmont&nbsp;&raquo;<\/span><\/a><\/p>\n","protected":false},"author":2,"featured_media":0,"parent":0,"menu_order":0,"comment_status":"closed","ping_status":"closed","template":"","meta":{"footnotes":""},"class_list":["post-70","page","type-page","status-publish","hentry"],"jetpack_sharing_enabled":true,"_links":{"self":[{"href":"http:\/\/patrimoine-avesnois.fr\/moulins-vent\/wp-json\/wp\/v2\/pages\/70","targetHints":{"allow":["GET"]}}],"collection":[{"href":"http:\/\/patrimoine-avesnois.fr\/moulins-vent\/wp-json\/wp\/v2\/pages"}],"about":[{"href":"http:\/\/patrimoine-avesnois.fr\/moulins-vent\/wp-json\/wp\/v2\/types\/page"}],"author":[{"embeddable":true,"href":"http:\/\/patrimoine-avesnois.fr\/moulins-vent\/wp-json\/wp\/v2\/users\/2"}],"replies":[{"embeddable":true,"href":"http:\/\/patrimoine-avesnois.fr\/moulins-vent\/wp-json\/wp\/v2\/comments?post=70"}],"version-history":[{"count":1,"href":"http:\/\/patrimoine-avesnois.fr\/moulins-vent\/wp-json\/wp\/v2\/pages\/70\/revisions"}],"predecessor-version":[{"id":71,"href":"http:\/\/patrimoine-avesnois.fr\/moulins-vent\/wp-json\/wp\/v2\/pages\/70\/revisions\/71"}],"wp:attachment":[{"href":"http:\/\/patrimoine-avesnois.fr\/moulins-vent\/wp-json\/wp\/v2\/media?parent=70"}],"curies":[{"name":"wp","href":"https:\/\/api.w.org\/{rel}","templated":true}]}}

<p class="has-bright-red-color has-text-color has-medium-font-size"><strong>Le Moulin à vent d’Hautmont :</strong></p>



<div class="wp-block-image"><figure class="aligncenter"><img decoding="async" src="https://i1.wp.com/patrimoine-avesnois.fr/chemin/wp-content/uploads/2021/03/Capture-96.jpg?resize=840%2C630" alt="" class="wp-image-12114"/><figcaption>Cadastre Hautmont 1806 ADN P 30 / 164 Moulin S C 16&nbsp;<a href="https://archivesdepartementales.lenord.fr/ark:/33518/zm7hqld3j406/86d54f57-6947-495f-8699-dd6d789f8c4e" target="_blank" rel="noreferrer noopener">Vue 2/2</a></figcaption></figure></div>



<div class="wp-block-image"><figure class="aligncenter"><img decoding="async" src="https://i2.wp.com/patrimoine-avesnois.fr/chemin/wp-content/uploads/2021/03/Capture-97.jpg?resize=840%2C630" alt="" class="wp-image-12115"/><figcaption>Cadastre Hautmont 1844 ADN P 31 / 717 Moulin S C 71&nbsp;<a href="https://archivesdepartementales.lenord.fr/ark:/33518/pqzw5374b6kv/08001ba0-b602-4e07-9ad3-f9f89819e31e" target="_blank" rel="noreferrer noopener">Vue 18/20</a></figcaption></figure></div>



<div class="wp-block-image"><figure class="aligncenter"><img decoding="async" src="https://i1.wp.com/patrimoine-avesnois.fr/chemin/wp-content/uploads/2021/03/Capture-99.jpg?fit=840%2C630" alt="" class="wp-image-12121"/><figcaption>Position fictive du Moulin à vent d’Hautmont sur une carte actuelle (sur la D 959 )</figcaption></figure></div>



<div class="wp-block-image"><figure class="aligncenter"><img decoding="async" src="https://i2.wp.com/patrimoine-avesnois.fr/chemin/wp-content/uploads/2021/03/Capture-101.jpg?fit=840%2C631" alt="" class="wp-image-12123"/><figcaption>Endroit où se dressait le moulin à vent d’Hautmont D 959 (dans cette propriété)&nbsp;<a rel="noreferrer noopener" href="https://www.google.fr/maps/@50.2459763,3.9337637,3a,90y,79.03h,107.12t/data=!3m7!1e1!3m5!1smanerYbLOqGY9nNNFdfBqQ!2e0!6shttps:%2F%2Fstreetviewpixels-pa.googleapis.com%2Fv1%2Fthumbnail%3Fpanoid%3DmanerYbLOqGY9nNNFdfBqQ%26cb_client%3Dsearch.revgeo_and_fetch.gps%26w%3D96%26h%3D64%26yaw%3D91.79826%26pitch%3D0%26thumbfov%3D100!7i16384!8i8192" target="_blank">Route de Landrecies</a></figcaption></figure></div>



<p>Le cadastre de 1844 nous montre un moulin à vent de type Tour, tronconique. En 1810 il appartient à Louis GRICOURT (° 1750 Clairfontaine + 1816) qui loue depuis 1785 le moulin à eau de l’abbaye. Louis GRICOURT marié avec Amélie BECQUET (° 1750 + 1818) a probablement fait bâtir ce moulin à vent vers 1800 afin que celui-ci se substitue au moulin à eau lors de périodes de sécheresse ou d’intempéries, lesquelles entravaient le cours de la Sambre.</p>



<div class="wp-block-image"><figure class="aligncenter"><img decoding="async" src="https://i1.wp.com/patrimoine-avesnois.fr/chemin/wp-content/uploads/2021/03/Capture-98.jpg?w=840" alt="" class="wp-image-12120"/><figcaption>Décès d’Amélie Becquet 18/07/1818 veuve en première noces de Claude Narcisse DEMAREZ et en seconde noces de Louis Joseph GRICOURT .ADN Hautmont NMD 1816 1859 5 Mi 006 R 010</figcaption></figure></div>



<p>Les héritiers d’Amélie BECQUET à savoir Louis, Isidore, Amélie GRICOURT et Constance DEMARAIS fille de son premier mari (1) vendent ensuite le moulin à vent vers 1820 à Auguste et Alexis DUCARNE à Hautmont (2). Ces derniers sont peut-être des meuniers originaires d’Elesmes. Auguste fait bâtir en 1827 sur la parcelle du moulin une maison et en 1836 le cadastre nous indique que le tout lui appartient. L’ensemble, comprenant moulin équipé de trois paires de meules, maison, grange, 1 hectare 40 ares de terre, est mis en vente dans le journal L’Observateur du 14 septembre 1856. Jules MOREAU, charpentier puis meunier à Hautmont l’achète (3). Epoux de Adèle Françoise Mélanie GRUNIAUX, il décède le 12 juin 1871 à Hautmont à l’âge de 43 ans laissant comme héritiers ses enfants mineurs : César, Thérèse, Florentine et Octave. Le moulin disparait vers 1880</p>



<p>(1) : ADN 3 Q 373-12 Enregistrement Bureau de Maubeuge Successions 04/07/1816-07/02/1822 Acte du 03/07/1819</p>



<p>(2) : ADN 35 P 664 665 Matrices cadastrales B NB 1828 1899</p>



<p>(3) : Ibidem</p>

<p>Le Moulin à vent d’Hautmont : Le cadastre de 1844 nous montre un moulin à vent de type Tour, tronconique. En 1810 il appartient à Louis GRICOURT (° 1750 Clairfontaine + 1816) qui loue depuis 1785 le moulin à eau de l’abbaye. Louis GRICOURT marié avec Amélie BECQUET (° 1750 + 1818) a probablement fait &hellip; <a href="http://patrimoine-avesnois.fr/moulins-vent/hautmont/" class="more-link">Continuer la lecture<span class="screen-reader-text"> de &laquo;&nbsp;Hautmont&nbsp;&raquo;</span></a></p>
