{"id":80,"date":"2021-05-04T12:14:55","date_gmt":"2021-05-04T10:14:55","guid":{"rendered":"http:\/\/patrimoine-avesnois.fr\/moulins-vent\/?page_id=80"},"modified":"2021-05-04T12:14:55","modified_gmt":"2021-05-04T10:14:55","slug":"le-favril","status":"publish","type":"page","link":"http:\/\/patrimoine-avesnois.fr\/moulins-vent\/le-favril\/","title":{"rendered":"Le Favril"},"content":{"rendered":"\n<p class=\"has-bright-red-color has-text-color has-medium-font-size\"><strong>Les deux Moulins \u00e0 vent de Le Favril :<\/strong><\/p>\n\n\n\n<div class=\"wp-block-image\"><figure class=\"aligncenter\"><img decoding=\"async\" src=\"https:\/\/i2.wp.com\/patrimoine-avesnois.fr\/chemin\/wp-content\/uploads\/2021\/03\/Capture-135.jpg?w=840\" alt=\"\" class=\"wp-image-12186\"\/><figcaption>Cadastre Le Favril 1831 ADN P 31 \/ 739&nbsp;<a href=\"https:\/\/archivesdepartementales.lenord.fr\/ark:\/33518\/74qnl63dxvhb\/17924142-4d39-456b-ab35-9300ff8cc0d8\" target=\"_blank\" rel=\"noreferrer noopener\">Vue 1\/19<\/a><\/figcaption><\/figure><\/div>\n\n\n\n<p>1 Le Moulin du Petit Bout<\/p>\n\n\n\n<div class=\"wp-block-image\"><figure class=\"aligncenter\"><img decoding=\"async\" src=\"https:\/\/i0.wp.com\/patrimoine-avesnois.fr\/chemin\/wp-content\/uploads\/2021\/03\/Capture-136.jpg?resize=840%2C630\" alt=\"\" class=\"wp-image-12189\"\/><figcaption>Moulin o\u00f9 se dressait le Moulin du Petit Bout (p\u00e2ture derri\u00e8re la chapelle)&nbsp;<a rel=\"noreferrer noopener\" href=\"https:\/\/www.google.fr\/maps\/@50.1071561,3.7120314,3a,90y,298.54h,78.08t\/data=!3m6!1e1!3m4!1s4YquOjErCKw7jPFBpSV03A!2e0!7i16384!8i8192?hl=fr\" target=\"_blank\">Rue de Landrecies<\/a>&nbsp;Le Favril<\/figcaption><\/figure><\/div>\n\n\n\n<p>Situ\u00e9 sur la route de Landrecies ce moulin ant\u00e9rieur \u00e0 1700 appartient en 1770 pour moiti\u00e9 au Sieur CAPITAINE, gouverneur de Landrecies et pour moiti\u00e9 \u00e0 l\u2019abbaye de Maroilles (1). Il est vendu comme bien national le 18 Mars 1792 \u00e0 Pierre SALENGROS (2), fils de Jean Pierre et de Anne Marie Casti\u00e9, propri\u00e9taires du moulin \u00e0 eau des Tricoteries sur le m\u00eame territoire. Le moulin \u00e0 vent comme le moulin des Tricoteries est d\u00e9tenu en 1831 par Fran\u00e7ois AVOT, meunier. Il disparait dans les ann\u00e9es 1850.<\/p>\n\n\n\n<p>(1) : ADN C 73<\/p>\n\n\n\n<p>(2) : ADN 1 Q 16 Biens Nationaux R\u00e9pertoire num\u00e9rique manuscrit par Forret, 86 pages.<\/p>\n\n\n\n<p class=\"has-text-align-center\">*****<\/p>\n\n\n\n<div class=\"wp-block-image\"><figure class=\"aligncenter\"><img decoding=\"async\" src=\"https:\/\/i0.wp.com\/patrimoine-avesnois.fr\/chemin\/wp-content\/uploads\/2021\/03\/Capture-137.jpg?resize=840%2C630\" alt=\"\" class=\"wp-image-12190\"\/><figcaption>Moulin o\u00f9 se dressait le Moulin de la Haute Borne&nbsp;<a rel=\"noreferrer noopener\" href=\"https:\/\/www.google.fr\/maps\/@50.1109588,3.7380788,3a,90y,17.73h,57.59t\/data=!3m6!1e1!3m4!1sQr8bIOrGtJGBpIysHeZ3Sw!2e0!7i16384!8i8192\" target=\"_blank\">La Bouflette<\/a>&nbsp;Le Favril<\/figcaption><\/figure><\/div>\n\n\n\n<p>Le second Moulin \u00e0 vent de Le Favril est \u00e0 la limite de la commune de Maroilles, au lieu-dit \u00ab&nbsp;La Haute Borne&nbsp;\u00bb. Sa construction est autoris\u00e9 par arr\u00eat du Conseil du 13 Novembre 1770 suite \u00e0 une demande de M Jean Pierre SALENGROS (1). En 1831 il appartient \u00e0 son gendre, Jean Baptiste MANESSE qui est mari\u00e9 avec Anne Marie SALENGROS. Il est d\u00e9mont\u00e9 vers 1860.<\/p>\n\n\n\n<p>(1) : ADN C 18810<\/p>\n","protected":false},"excerpt":{"rendered":"<p>Les deux Moulins \u00e0 vent de Le Favril : 1 Le Moulin du Petit Bout Situ\u00e9 sur la route de Landrecies ce moulin ant\u00e9rieur \u00e0 1700 appartient en 1770 pour moiti\u00e9 au Sieur CAPITAINE, gouverneur de Landrecies et pour moiti\u00e9 \u00e0 l\u2019abbaye de Maroilles (1). Il est vendu comme bien national le 18 Mars 1792 &hellip; <a href=\"http:\/\/patrimoine-avesnois.fr\/moulins-vent\/le-favril\/\" class=\"more-link\">Continuer la lecture<span class=\"screen-reader-text\"> de &laquo;&nbsp;Le Favril&nbsp;&raquo;<\/span><\/a><\/p>\n","protected":false},"author":2,"featured_media":0,"parent":0,"menu_order":0,"comment_status":"closed","ping_status":"closed","template":"","meta":{"footnotes":""},"class_list":["post-80","page","type-page","status-publish","hentry"],"jetpack_sharing_enabled":true,"_links":{"self":[{"href":"http:\/\/patrimoine-avesnois.fr\/moulins-vent\/wp-json\/wp\/v2\/pages\/80","targetHints":{"allow":["GET"]}}],"collection":[{"href":"http:\/\/patrimoine-avesnois.fr\/moulins-vent\/wp-json\/wp\/v2\/pages"}],"about":[{"href":"http:\/\/patrimoine-avesnois.fr\/moulins-vent\/wp-json\/wp\/v2\/types\/page"}],"author":[{"embeddable":true,"href":"http:\/\/patrimoine-avesnois.fr\/moulins-vent\/wp-json\/wp\/v2\/users\/2"}],"replies":[{"embeddable":true,"href":"http:\/\/patrimoine-avesnois.fr\/moulins-vent\/wp-json\/wp\/v2\/comments?post=80"}],"version-history":[{"count":1,"href":"http:\/\/patrimoine-avesnois.fr\/moulins-vent\/wp-json\/wp\/v2\/pages\/80\/revisions"}],"predecessor-version":[{"id":81,"href":"http:\/\/patrimoine-avesnois.fr\/moulins-vent\/wp-json\/wp\/v2\/pages\/80\/revisions\/81"}],"wp:attachment":[{"href":"http:\/\/patrimoine-avesnois.fr\/moulins-vent\/wp-json\/wp\/v2\/media?parent=80"}],"curies":[{"name":"wp","href":"https:\/\/api.w.org\/{rel}","templated":true}]}}

<p class="has-bright-red-color has-text-color has-medium-font-size"><strong>Les deux Moulins à vent de Le Favril :</strong></p>



<div class="wp-block-image"><figure class="aligncenter"><img decoding="async" src="https://i2.wp.com/patrimoine-avesnois.fr/chemin/wp-content/uploads/2021/03/Capture-135.jpg?w=840" alt="" class="wp-image-12186"/><figcaption>Cadastre Le Favril 1831 ADN P 31 / 739&nbsp;<a href="https://archivesdepartementales.lenord.fr/ark:/33518/74qnl63dxvhb/17924142-4d39-456b-ab35-9300ff8cc0d8" target="_blank" rel="noreferrer noopener">Vue 1/19</a></figcaption></figure></div>



<p>1 Le Moulin du Petit Bout</p>



<div class="wp-block-image"><figure class="aligncenter"><img decoding="async" src="https://i0.wp.com/patrimoine-avesnois.fr/chemin/wp-content/uploads/2021/03/Capture-136.jpg?resize=840%2C630" alt="" class="wp-image-12189"/><figcaption>Moulin où se dressait le Moulin du Petit Bout (pâture derrière la chapelle)&nbsp;<a rel="noreferrer noopener" href="https://www.google.fr/maps/@50.1071561,3.7120314,3a,90y,298.54h,78.08t/data=!3m6!1e1!3m4!1s4YquOjErCKw7jPFBpSV03A!2e0!7i16384!8i8192?hl=fr" target="_blank">Rue de Landrecies</a>&nbsp;Le Favril</figcaption></figure></div>



<p>Situé sur la route de Landrecies ce moulin antérieur à 1700 appartient en 1770 pour moitié au Sieur CAPITAINE, gouverneur de Landrecies et pour moitié à l’abbaye de Maroilles (1). Il est vendu comme bien national le 18 Mars 1792 à Pierre SALENGROS (2), fils de Jean Pierre et de Anne Marie Castié, propriétaires du moulin à eau des Tricoteries sur le même territoire. Le moulin à vent comme le moulin des Tricoteries est détenu en 1831 par François AVOT, meunier. Il disparait dans les années 1850.</p>



<p>(1) : ADN C 73</p>



<p>(2) : ADN 1 Q 16 Biens Nationaux Répertoire numérique manuscrit par Forret, 86 pages.</p>



<p class="has-text-align-center">*****</p>



<div class="wp-block-image"><figure class="aligncenter"><img decoding="async" src="https://i0.wp.com/patrimoine-avesnois.fr/chemin/wp-content/uploads/2021/03/Capture-137.jpg?resize=840%2C630" alt="" class="wp-image-12190"/><figcaption>Moulin où se dressait le Moulin de la Haute Borne&nbsp;<a rel="noreferrer noopener" href="https://www.google.fr/maps/@50.1109588,3.7380788,3a,90y,17.73h,57.59t/data=!3m6!1e1!3m4!1sQr8bIOrGtJGBpIysHeZ3Sw!2e0!7i16384!8i8192" target="_blank">La Bouflette</a>&nbsp;Le Favril</figcaption></figure></div>



<p>Le second Moulin à vent de Le Favril est à la limite de la commune de Maroilles, au lieu-dit «&nbsp;La Haute Borne&nbsp;». Sa construction est autorisé par arrêt du Conseil du 13 Novembre 1770 suite à une demande de M Jean Pierre SALENGROS (1). En 1831 il appartient à son gendre, Jean Baptiste MANESSE qui est marié avec Anne Marie SALENGROS. Il est démonté vers 1860.</p>



<p>(1) : ADN C 18810</p>

<p>Les deux Moulins à vent de Le Favril : 1 Le Moulin du Petit Bout Situé sur la route de Landrecies ce moulin antérieur à 1700 appartient en 1770 pour moitié au Sieur CAPITAINE, gouverneur de Landrecies et pour moitié à l’abbaye de Maroilles (1). Il est vendu comme bien national le 18 Mars 1792 &hellip; <a href="http://patrimoine-avesnois.fr/moulins-vent/le-favril/" class="more-link">Continuer la lecture<span class="screen-reader-text"> de &laquo;&nbsp;Le Favril&nbsp;&raquo;</span></a></p>
