{"id":21695,"date":"2025-06-19T14:03:34","date_gmt":"2025-06-19T12:03:34","guid":{"rendered":"https:\/\/patrimoine-avesnois.fr\/chemin\/?page_id=21695"},"modified":"2025-06-19T14:12:01","modified_gmt":"2025-06-19T12:12:01","slug":"landrecies-et-son-ancien-chateau-fort","status":"publish","type":"page","link":"https:\/\/patrimoine-avesnois.fr\/chemin\/landrecies-et-son-ancien-chateau-fort\/","title":{"rendered":"Landrecies et son ancien ch\u00e2teau fort"},"content":{"rendered":"\n<p>Lors du d\u00e9cret de d\u00e9classement de la place de Landrecies, l&rsquo;opinion g\u00e9n\u00e9rale \u00e9tait que les fortifications en grande partie du Chevalier de Ville et du Marechal de Vauban, disparaissant ainsi que \u00ab La Porte de France \u00bb si originale, il ne resterait malheureusement dans cette vieille cit\u00e9 tant de fois assi\u00e9g\u00e9e, incendi\u00e9e et d\u00e9truite, aucune trace, aucun monument qui rappel\u00e2t son origine ou des phases de son histoire.<\/p>\n\n\n\n<p>C&rsquo;\u00e9tait l\u00e0 une grande erreur.<\/p>\n\n\n\n<p>Au cours du d\u00e9mant\u00e8lement de l\u2019un des bastions, on vient en effet de d\u00e9couvrir les restes imposants d&rsquo;un donjon construit au XIIe si\u00e8cle par Nicolas dit le Beau, seigneur d\u2019Avesnes \u00e0 la lisi\u00e8re de la for\u00eat de Mormal, sup les bords de la Sambre.<\/p>\n\n\n\n<p>C&rsquo;est \u00e0 la construction de ce ch\u00e2teau-fort que Landrecies doit principalement son origine.<\/p>\n\n\n\n<p>Si en effet Landrecies est mentionn\u00e9 bien ant\u00e9rieurement, ce n\u2019est qu\u2019\u00e0 la construction de ce ch\u00e2teau que les habitants de \u00ab terre de Landrecies \u00bb vinrent se grouper autour de lui, fondant ainsi la ville de Landrecies.<\/p>\n\n\n\n<p>Ces ch\u00e2teaux-forts, nombreux sous la f\u00e9odalit\u00e9 lors des luttes incessantes des Seigneurs voisins entre eux sont tr\u00e8s rares maintenant ; celui qui nous occupe est peut \u00eatre le seul subsistant dans cet \u00e9tat.<\/p>\n\n\n<div class=\"wp-block-image\">\n<figure class=\"aligncenter size-full is-resized\"><img data-recalc-dims=\"1\" loading=\"lazy\" decoding=\"async\" width=\"698\" height=\"499\" data-attachment-id=\"21696\" data-permalink=\"https:\/\/patrimoine-avesnois.fr\/chemin\/landrecies-et-son-ancien-chateau-fort\/image-2020\/\" data-orig-file=\"https:\/\/i0.wp.com\/patrimoine-avesnois.fr\/chemin\/wp-content\/uploads\/2025\/06\/image-4.png?fit=698%2C499&amp;ssl=1\" data-orig-size=\"698,499\" data-comments-opened=\"1\" data-image-meta=\"{&quot;aperture&quot;:&quot;0&quot;,&quot;credit&quot;:&quot;&quot;,&quot;camera&quot;:&quot;&quot;,&quot;caption&quot;:&quot;&quot;,&quot;created_timestamp&quot;:&quot;0&quot;,&quot;copyright&quot;:&quot;&quot;,&quot;focal_length&quot;:&quot;0&quot;,&quot;iso&quot;:&quot;0&quot;,&quot;shutter_speed&quot;:&quot;0&quot;,&quot;title&quot;:&quot;&quot;,&quot;orientation&quot;:&quot;0&quot;}\" data-image-title=\"image\" data-image-description=\"\" data-image-caption=\"\" data-large-file=\"https:\/\/i0.wp.com\/patrimoine-avesnois.fr\/chemin\/wp-content\/uploads\/2025\/06\/image-4.png?fit=698%2C499&amp;ssl=1\" src=\"https:\/\/i0.wp.com\/patrimoine-avesnois.fr\/chemin\/wp-content\/uploads\/2025\/06\/image-4.png?resize=698%2C499&#038;ssl=1\" alt=\"\" class=\"wp-image-21696\" style=\"width:650px\" srcset=\"https:\/\/i0.wp.com\/patrimoine-avesnois.fr\/chemin\/wp-content\/uploads\/2025\/06\/image-4.png?w=698&amp;ssl=1 698w, https:\/\/i0.wp.com\/patrimoine-avesnois.fr\/chemin\/wp-content\/uploads\/2025\/06\/image-4.png?resize=300%2C214&amp;ssl=1 300w\" sizes=\"auto, (max-width: 698px) 85vw, 698px\" \/><figcaption class=\"wp-element-caption\">Vue d&rsquo;ensemble des constructions du donjon<\/figcaption><\/figure>\n<\/div>\n\n<div class=\"wp-block-image\">\n<figure class=\"aligncenter size-large is-resized\"><img data-recalc-dims=\"1\" loading=\"lazy\" decoding=\"async\" width=\"840\" height=\"588\" data-attachment-id=\"21697\" data-permalink=\"https:\/\/patrimoine-avesnois.fr\/chemin\/landrecies-et-son-ancien-chateau-fort\/image-2021\/\" data-orig-file=\"https:\/\/i0.wp.com\/patrimoine-avesnois.fr\/chemin\/wp-content\/uploads\/2025\/06\/image-5.png?fit=1117%2C782&amp;ssl=1\" data-orig-size=\"1117,782\" data-comments-opened=\"1\" data-image-meta=\"{&quot;aperture&quot;:&quot;0&quot;,&quot;credit&quot;:&quot;&quot;,&quot;camera&quot;:&quot;&quot;,&quot;caption&quot;:&quot;&quot;,&quot;created_timestamp&quot;:&quot;0&quot;,&quot;copyright&quot;:&quot;&quot;,&quot;focal_length&quot;:&quot;0&quot;,&quot;iso&quot;:&quot;0&quot;,&quot;shutter_speed&quot;:&quot;0&quot;,&quot;title&quot;:&quot;&quot;,&quot;orientation&quot;:&quot;0&quot;}\" data-image-title=\"image\" data-image-description=\"\" data-image-caption=\"\" data-large-file=\"https:\/\/i0.wp.com\/patrimoine-avesnois.fr\/chemin\/wp-content\/uploads\/2025\/06\/image-5.png?fit=840%2C588&amp;ssl=1\" src=\"https:\/\/i0.wp.com\/patrimoine-avesnois.fr\/chemin\/wp-content\/uploads\/2025\/06\/image-5-1024x717.png?resize=840%2C588&#038;ssl=1\" alt=\"\" class=\"wp-image-21697\" style=\"width:650px\" srcset=\"https:\/\/i0.wp.com\/patrimoine-avesnois.fr\/chemin\/wp-content\/uploads\/2025\/06\/image-5.png?resize=1024%2C717&amp;ssl=1 1024w, https:\/\/i0.wp.com\/patrimoine-avesnois.fr\/chemin\/wp-content\/uploads\/2025\/06\/image-5.png?resize=300%2C210&amp;ssl=1 300w, https:\/\/i0.wp.com\/patrimoine-avesnois.fr\/chemin\/wp-content\/uploads\/2025\/06\/image-5.png?resize=768%2C538&amp;ssl=1 768w, https:\/\/i0.wp.com\/patrimoine-avesnois.fr\/chemin\/wp-content\/uploads\/2025\/06\/image-5.png?w=1117&amp;ssl=1 1117w\" sizes=\"auto, (max-width: 709px) 85vw, (max-width: 909px) 67vw, (max-width: 1362px) 62vw, 840px\" \/><figcaption class=\"wp-element-caption\">Vue au coin sud-ouest de l&rsquo;ensemble : en bleu la fa\u00e7ade ouest du donjon et en vert la poterne, en rouge les fa\u00e7ades ouest (\u00e0 gauche) et sud (\u00e0 droite) du b\u00e2timent adjacent au donjon.<\/figcaption><\/figure>\n<\/div>\n\n\n<p>Ce ch\u00e2teau servait de r\u00e9sidence aux Seigneurs et Gouverneurs de l&rsquo;endroit ; les \u00e9crits de l&rsquo;\u00e9poque le mentionnent souvent :<\/p>\n\n\n\n<p>Jean Froissard nous dit clans ses Chroniques (1340) qu&rsquo;apr\u00e8s la mort tragique du sire de Potelle, gouverneur de la ville, le sire de Floyon \u00ab fut un grand temps gardien de la ville et du chastel de Landrecies. \u00bb<\/p>\n\n\n\n<p>Plusieurs lettres le mentionnent aussi, citons celles par lesquelles Jean de Blois donnait certains pouvoirs \u00e0 Allard de Barban\u00e7on en commen\u00e7ant ainsi.: \u00ab Donn\u00e9es au chastel de Landrechies le vint et quatriesme jour, mois de septembre, l\u2019an de grasce mil trois cent soixante et onze.<\/p>\n\n\n\n<p>Et celles contenant rapport par Jean de Bretagne comte de Penthi\u00e8vre, termin\u00e9es par&nbsp;: \u00ab&nbsp;Donn\u00e9es en nostre chastiel de Landrechies&nbsp; le noefvisme jour dou mois d&rsquo;avril, l&rsquo;an de grasce mil trois cent quatre vins et dyx wit. \u00bb<\/p>\n\n\n<div class=\"wp-block-image\">\n<figure class=\"aligncenter size-full\"><img data-recalc-dims=\"1\" loading=\"lazy\" decoding=\"async\" width=\"407\" height=\"580\" data-attachment-id=\"21698\" data-permalink=\"https:\/\/patrimoine-avesnois.fr\/chemin\/landrecies-et-son-ancien-chateau-fort\/image-2022\/\" data-orig-file=\"https:\/\/i0.wp.com\/patrimoine-avesnois.fr\/chemin\/wp-content\/uploads\/2025\/06\/image-6.png?fit=407%2C580&amp;ssl=1\" data-orig-size=\"407,580\" data-comments-opened=\"1\" data-image-meta=\"{&quot;aperture&quot;:&quot;0&quot;,&quot;credit&quot;:&quot;&quot;,&quot;camera&quot;:&quot;&quot;,&quot;caption&quot;:&quot;&quot;,&quot;created_timestamp&quot;:&quot;0&quot;,&quot;copyright&quot;:&quot;&quot;,&quot;focal_length&quot;:&quot;0&quot;,&quot;iso&quot;:&quot;0&quot;,&quot;shutter_speed&quot;:&quot;0&quot;,&quot;title&quot;:&quot;&quot;,&quot;orientation&quot;:&quot;0&quot;}\" data-image-title=\"image\" data-image-description=\"\" data-image-caption=\"\" data-large-file=\"https:\/\/i0.wp.com\/patrimoine-avesnois.fr\/chemin\/wp-content\/uploads\/2025\/06\/image-6.png?fit=407%2C580&amp;ssl=1\" src=\"https:\/\/i0.wp.com\/patrimoine-avesnois.fr\/chemin\/wp-content\/uploads\/2025\/06\/image-6.png?resize=407%2C580&#038;ssl=1\" alt=\"\" class=\"wp-image-21698\" srcset=\"https:\/\/i0.wp.com\/patrimoine-avesnois.fr\/chemin\/wp-content\/uploads\/2025\/06\/image-6.png?w=407&amp;ssl=1 407w, https:\/\/i0.wp.com\/patrimoine-avesnois.fr\/chemin\/wp-content\/uploads\/2025\/06\/image-6.png?resize=211%2C300&amp;ssl=1 211w\" sizes=\"auto, (max-width: 407px) 85vw, 407px\" \/><figcaption class=\"wp-element-caption\">Poterne de la face sud du donjon<\/figcaption><\/figure>\n<\/div>\n\n\n<p>Ce donjon (n\u00b0 1) enti\u00e8rement en gr\u00e8s de dix-neuf m\u00e8tres de longueur sur quatorze et demi de largeur, et des murs d\u00e9passant en certaines parties, trois m\u00e8tres d&rsquo;\u00e9paisseur ; il forme une vaste salle rectangulaire de cent vingt m\u00e8tres carr\u00e9 de superficie \u00e0 laquelle on a acc\u00e8s par une seule &nbsp;poterne perc\u00e9e \u00e0 l&rsquo;angle de la salle ; cette poterne est cach\u00e9e et prot\u00e9g\u00e9e par deux forts pilastres ; elle a un m\u00e8tre soixante-dix centim\u00e8tres de hauteur sur un m\u00e8tre dix centim\u00e8tres de largeur ; elle est parfaitement conserv\u00e9e avec ses entailles et rainures pour la herse, le pont Levis et autres moyens alors usit\u00e9s pour se barricader lors des attaques.<\/p>\n\n\n<div class=\"wp-block-image\">\n<figure class=\"aligncenter size-full\"><img data-recalc-dims=\"1\" loading=\"lazy\" decoding=\"async\" width=\"744\" height=\"548\" data-attachment-id=\"21699\" data-permalink=\"https:\/\/patrimoine-avesnois.fr\/chemin\/landrecies-et-son-ancien-chateau-fort\/image-2023\/\" data-orig-file=\"https:\/\/i0.wp.com\/patrimoine-avesnois.fr\/chemin\/wp-content\/uploads\/2025\/06\/image-7.png?fit=744%2C548&amp;ssl=1\" data-orig-size=\"744,548\" data-comments-opened=\"1\" data-image-meta=\"{&quot;aperture&quot;:&quot;0&quot;,&quot;credit&quot;:&quot;&quot;,&quot;camera&quot;:&quot;&quot;,&quot;caption&quot;:&quot;&quot;,&quot;created_timestamp&quot;:&quot;0&quot;,&quot;copyright&quot;:&quot;&quot;,&quot;focal_length&quot;:&quot;0&quot;,&quot;iso&quot;:&quot;0&quot;,&quot;shutter_speed&quot;:&quot;0&quot;,&quot;title&quot;:&quot;&quot;,&quot;orientation&quot;:&quot;0&quot;}\" data-image-title=\"image\" data-image-description=\"\" data-image-caption=\"\" data-large-file=\"https:\/\/i0.wp.com\/patrimoine-avesnois.fr\/chemin\/wp-content\/uploads\/2025\/06\/image-7.png?fit=744%2C548&amp;ssl=1\" src=\"https:\/\/i0.wp.com\/patrimoine-avesnois.fr\/chemin\/wp-content\/uploads\/2025\/06\/image-7.png?resize=744%2C548&#038;ssl=1\" alt=\"\" class=\"wp-image-21699\" srcset=\"https:\/\/i0.wp.com\/patrimoine-avesnois.fr\/chemin\/wp-content\/uploads\/2025\/06\/image-7.png?w=744&amp;ssl=1 744w, https:\/\/i0.wp.com\/patrimoine-avesnois.fr\/chemin\/wp-content\/uploads\/2025\/06\/image-7.png?resize=300%2C221&amp;ssl=1 300w\" sizes=\"auto, (max-width: 744px) 85vw, 744px\" \/><figcaption class=\"wp-element-caption\">Partie de la vo\u00fbte du donjon<\/figcaption><\/figure>\n<\/div>\n\n\n<p>La vo\u00fbte de ce donjon dont une partie subsiste est aussi en gr\u00e8s, n&rsquo;a point d&rsquo;attaches dans les murs et est d&rsquo;un seul cintre ayant quatre vingts centim\u00e8tres d&rsquo;\u00e9paisseur \u00e0 sa clef. Le dessus de cette vo\u00fbte forme une plate-forme qui devait \u00eatre le sol d&rsquo;une salle haute, car ce donjon, r\u00e9duit aujourd&rsquo;hui \u00e0 cinq m\u00e8tres environ de hauteur au -dessus du nouveau plan de nivellement, \u00e9tait certainement beaucoup plus \u00e9lev\u00e9, d&rsquo;apres l&rsquo;\u00e9paisseur des murs et le contre-fort qui existe sut tout son pourtour.<\/p>\n\n\n\n<p>De plus, un peu au-dessus de la vo\u00fbte, il parait avoir exist\u00e9 dans l&rsquo;\u00e9paisseur du mur un corridor contournant l&rsquo;un des angles de la construction et qui aurait \u00e9tabli la communication entre la salle haute et un escalier ext\u00e9rieur actuellement d\u00e9truit.<\/p>\n\n\n\n<p>En 1543, Fran\u00e7ois Ier, lorsqu\u2019il fit fortifier Landrecies, utilisa cette solide forteresse pour asseoir l\u2019un de ses bastions qui prit le nom de \u00ab&nbsp; Bastion du Ch\u00e2teau&nbsp;\u00bb.<\/p>\n\n\n\n<p>C\u2019est alors sans doute que le donjon fut mutil\u00e9 et mis en l\u2019\u00e9tat dans lequel il vient d\u2019\u00eatre d\u00e9couvert.<\/p>\n\n\n\n<p>En effet, Messire Martin du Bellay, seigneur de Langey, le lieutenant du roi, nous dit dans ses M\u00e9moires (ann\u00e9e 1543), apr\u00e8s avoir parl\u00e9 de la construction \u00e0 Landrecies de \u00ab&nbsp;trois gros coulleverts&nbsp;\u00bb&nbsp;: \u00ab&nbsp;Et pour servir de quatri\u00e8me coullevert, il y avait un vieil chasteau en forme de raquette qu\u2019il fait remplir de terre pour en faire une plate-forme servant de flanc ausdits coulleverts&nbsp;\u00bb.<\/p>\n\n\n\n<p>En partie adoss\u00e9e \u00e0 ce donjon, se trouve une autre construction (n\u00b02) aussi en gr\u00e8s parfaitement conserv\u00e9e, mais moins robuste et peut-\u00eatre un peu post\u00e9rieure (on voit dessous au niveau du sol des fondations d\u2019autres constructions)&nbsp;; elle a neuf m\u00e8tres de longueur sur sept de largeur et forme une salle vo\u00fbt\u00e9e rectangulaire avec portes en ogive aig\u00fce \u00e0 ses extr\u00e9mit\u00e9s.<\/p>\n\n\n\n<p>&nbsp;En d\u00e9truisant le bastion qui recouvrait ces constructions, on a fait disparaitre, ne sachant de quoi il s\u2019agissait, des parties qu\u2019il e\u00fbt \u00e9t\u00e9 bien int\u00e9ressant de conserver&nbsp;: murailles en gr\u00e8s, couloirs, escaliers, pav\u00e9 de cour en petits gr\u00e9s sous lequel on a trouv\u00e9 des boulets de pierre de diff\u00e9rentes grosseurs et de petits carreaux du douzi\u00e8me si\u00e8cle, tr\u00e8s bien conserv\u00e9s, vernis en c\u00e9ramique de couleurs diverses.<\/p>\n\n\n<div class=\"wp-block-image\">\n<figure class=\"aligncenter size-full\"><img data-recalc-dims=\"1\" loading=\"lazy\" decoding=\"async\" width=\"473\" height=\"624\" data-attachment-id=\"21700\" data-permalink=\"https:\/\/patrimoine-avesnois.fr\/chemin\/landrecies-et-son-ancien-chateau-fort\/image-2024\/\" data-orig-file=\"https:\/\/i0.wp.com\/patrimoine-avesnois.fr\/chemin\/wp-content\/uploads\/2025\/06\/image-8.png?fit=473%2C624&amp;ssl=1\" data-orig-size=\"473,624\" data-comments-opened=\"1\" data-image-meta=\"{&quot;aperture&quot;:&quot;0&quot;,&quot;credit&quot;:&quot;&quot;,&quot;camera&quot;:&quot;&quot;,&quot;caption&quot;:&quot;&quot;,&quot;created_timestamp&quot;:&quot;0&quot;,&quot;copyright&quot;:&quot;&quot;,&quot;focal_length&quot;:&quot;0&quot;,&quot;iso&quot;:&quot;0&quot;,&quot;shutter_speed&quot;:&quot;0&quot;,&quot;title&quot;:&quot;&quot;,&quot;orientation&quot;:&quot;0&quot;}\" data-image-title=\"image\" data-image-description=\"\" data-image-caption=\"\" data-large-file=\"https:\/\/i0.wp.com\/patrimoine-avesnois.fr\/chemin\/wp-content\/uploads\/2025\/06\/image-8.png?fit=473%2C624&amp;ssl=1\" src=\"https:\/\/i0.wp.com\/patrimoine-avesnois.fr\/chemin\/wp-content\/uploads\/2025\/06\/image-8.png?resize=473%2C624&#038;ssl=1\" alt=\"\" class=\"wp-image-21700\" srcset=\"https:\/\/i0.wp.com\/patrimoine-avesnois.fr\/chemin\/wp-content\/uploads\/2025\/06\/image-8.png?w=473&amp;ssl=1 473w, https:\/\/i0.wp.com\/patrimoine-avesnois.fr\/chemin\/wp-content\/uploads\/2025\/06\/image-8.png?resize=227%2C300&amp;ssl=1 227w\" sizes=\"auto, (max-width: 473px) 85vw, 473px\" \/><figcaption class=\"wp-element-caption\">Tour ronde en gr\u00e8s refaite en briques au XIV e si\u00e8cle<\/figcaption><\/figure>\n<\/div>\n\n\n<p>Tout cela fait pr\u00e9sumer que les fouilles \u00e0 faire autour de ce donjon donneront des d\u00e9couvertes tr\u00e8s int\u00e9ressantes. A quelque distance de ce donjon, se trouve une tour en gr\u00e8s tr\u00e8s ancienne perc\u00e9e de meurtri\u00e8res \u00e9troites et longues pour tirer de l\u2019arc. Les parties de cette tour qui \u00e9mergeaient du rempart ont \u00e9t\u00e9 anciennement d\u00e9truites lors d\u2019un si\u00e8ge et refaites en briques.<\/p>\n\n\n\n<p>Les fondations de plusieurs tours semblables viennent aussi d\u2019\u00eatre d\u00e9couvertes dans le m\u00eame endroit&nbsp;; il fallait du reste le pr\u00e9voir d&rsquo;apr\u00e8s les plans anciens de la ville. La pr\u00e9sence de ce ch\u00e2teau-fort montre l\u2019importance que devait avoir pour le pays l&rsquo;ancien chemin qui passe \u00e0 proximit\u00e9 et qu&rsquo;on d\u00e9signe sous le nom de \u00ab Chemin de Dame Marguerite.\u00bb<\/p>\n\n\n\n<p>Dans le m\u00eame bastion, on a trouv\u00e9 un canon du quatorzi\u00e8me si\u00e8cle qui est un sp\u00e9cimen tr\u00e8s rare.<\/p>\n\n\n\n<p>Il se compose d&rsquo;un tube de fer de 2m20 de longueur, renforc\u00e9 de nombreux annelets sur la surface ; on le chargeait par une culasse mobile qu&rsquo;on a aussi trouv\u00e9e. Il ne reste de son aff\u00fbt que les pi\u00e8ces m\u00e9talliques.<\/p>\n\n\n\n<p>Nous pouvons esp\u00e9rer du patriotisme \u00e9clair\u00e9 des habitants de Landrecies qu\u2019ils aimeront \u00e0 conserver ce vieux monument d\u2019architecture militaire, qui, malgr\u00e9 son \u00e9tat de ruine, est au moins aussi int\u00e9ressante pour la r\u00e9gion, que les ruines du Palais Julien dont les Parisiens sont si fiers.<\/p>\n\n\n\n<p>Source&nbsp;:<\/p>\n\n\n\n<p>\u00ab&nbsp;Une d\u00e9couverte arch\u00e9ologique \u00e0 Landrecies&nbsp;\u00bb,&nbsp;<em><a href=\"https:\/\/fr.wikipedia.org\/wiki\/Le_Monde_illustr%C3%A9_(Paris)\" target=\"_blank\" rel=\"noreferrer noopener\">Le Monde illustr\u00e9<\/a><\/em>,&nbsp;n<sup>o<\/sup>&nbsp;44<sup>e<\/sup>&nbsp;ann\u00e9e n\u00b02089,\u200e&nbsp;10 avril 1897,&nbsp;p.&nbsp;232<\/p>\n\n\n\n<p>Notes ult\u00e9rieures :<\/p>\n\n\n\n<p>L&rsquo;enceinte castrale d\u00e9crit un carr\u00e9 de 80 \u00e0 90 m\u00e8tres de c\u00f4t\u00e9s flanqu\u00e9 \u00e0 chaque saillant d&rsquo;une&nbsp;tour&nbsp;cylindrique \u00ab&nbsp;en forte saillie, \u00e0 parois fortement talut\u00e9es, perc\u00e9es de longues et fines arch\u00e8res.&nbsp;\u00bb (Jean Louis Boucly,&nbsp;\u00c9volution des fortifications de Landrecies)<\/p>\n\n\n\n<p>Une troisi\u00e8me&nbsp;tour&nbsp;cylindrique est attest\u00e9e au centre de la&nbsp;courtine&nbsp;est, une tour rectangulaire est attest\u00e9e sur la&nbsp;courtine&nbsp;nord \u00e0 proximit\u00e9 de la&nbsp;tour&nbsp;au saillant nord-est sur l&rsquo;une des sources et au centre de la&nbsp;courtine&nbsp;sur une autre. Deux sources :<\/p>\n\n\n\n<p>1 Plan de Landrecies dans l&rsquo;Atlas des villes des Pays-Bas&nbsp;: 73 places lev\u00e9es entre 1550 et 1565 sur les ordres de Charles Quint et de Philippe II conserv\u00e9 par la Koninklijke Bibliotheek\/biblioth\u00e8que royale<small>&nbsp;<\/small><\/p>\n\n\n<div class=\"wp-block-image\">\n<figure class=\"aligncenter size-full is-resized\"><img data-recalc-dims=\"1\" loading=\"lazy\" decoding=\"async\" width=\"746\" height=\"665\" data-attachment-id=\"21708\" data-permalink=\"https:\/\/patrimoine-avesnois.fr\/chemin\/landrecies-et-son-ancien-chateau-fort\/image-2027\/\" data-orig-file=\"https:\/\/i0.wp.com\/patrimoine-avesnois.fr\/chemin\/wp-content\/uploads\/2025\/06\/image-11.png?fit=746%2C665&amp;ssl=1\" data-orig-size=\"746,665\" data-comments-opened=\"1\" data-image-meta=\"{&quot;aperture&quot;:&quot;0&quot;,&quot;credit&quot;:&quot;&quot;,&quot;camera&quot;:&quot;&quot;,&quot;caption&quot;:&quot;&quot;,&quot;created_timestamp&quot;:&quot;0&quot;,&quot;copyright&quot;:&quot;&quot;,&quot;focal_length&quot;:&quot;0&quot;,&quot;iso&quot;:&quot;0&quot;,&quot;shutter_speed&quot;:&quot;0&quot;,&quot;title&quot;:&quot;&quot;,&quot;orientation&quot;:&quot;0&quot;}\" data-image-title=\"image\" data-image-description=\"\" data-image-caption=\"\" data-large-file=\"https:\/\/i0.wp.com\/patrimoine-avesnois.fr\/chemin\/wp-content\/uploads\/2025\/06\/image-11.png?fit=746%2C665&amp;ssl=1\" src=\"https:\/\/i0.wp.com\/patrimoine-avesnois.fr\/chemin\/wp-content\/uploads\/2025\/06\/image-11.png?resize=746%2C665&#038;ssl=1\" alt=\"\" class=\"wp-image-21708\" style=\"width:630px\" srcset=\"https:\/\/i0.wp.com\/patrimoine-avesnois.fr\/chemin\/wp-content\/uploads\/2025\/06\/image-11.png?w=746&amp;ssl=1 746w, https:\/\/i0.wp.com\/patrimoine-avesnois.fr\/chemin\/wp-content\/uploads\/2025\/06\/image-11.png?resize=300%2C267&amp;ssl=1 300w\" sizes=\"auto, (max-width: 746px) 85vw, 746px\" \/><figcaption class=\"wp-element-caption\">D\u00e9tail du ch\u00e2teau de Landrecies du plan de Jacob van Deventer de l&rsquo;Atlas des villes des Pays-Bas<\/figcaption><\/figure>\n<\/div>\n\n\n<p>2 LANDVRSHE [Landrecies], dessin repr\u00e9sentant l&rsquo;enceinte et le ch\u00e2teau de Landrecies assi\u00e9g\u00e9s \u00e0 une date inconnue, publi\u00e9e dans l&rsquo;ouvrage de Jean Louis Boucly <em>\u00c9volution des fortifications de Landrecies<\/em>.<\/p>\n\n\n<div class=\"wp-block-image\">\n<figure class=\"aligncenter size-full is-resized\"><img data-recalc-dims=\"1\" loading=\"lazy\" decoding=\"async\" width=\"632\" height=\"786\" data-attachment-id=\"21701\" data-permalink=\"https:\/\/patrimoine-avesnois.fr\/chemin\/landrecies-et-son-ancien-chateau-fort\/image-2025\/\" data-orig-file=\"https:\/\/i0.wp.com\/patrimoine-avesnois.fr\/chemin\/wp-content\/uploads\/2025\/06\/image-9.png?fit=632%2C786&amp;ssl=1\" data-orig-size=\"632,786\" data-comments-opened=\"1\" data-image-meta=\"{&quot;aperture&quot;:&quot;0&quot;,&quot;credit&quot;:&quot;&quot;,&quot;camera&quot;:&quot;&quot;,&quot;caption&quot;:&quot;&quot;,&quot;created_timestamp&quot;:&quot;0&quot;,&quot;copyright&quot;:&quot;&quot;,&quot;focal_length&quot;:&quot;0&quot;,&quot;iso&quot;:&quot;0&quot;,&quot;shutter_speed&quot;:&quot;0&quot;,&quot;title&quot;:&quot;&quot;,&quot;orientation&quot;:&quot;0&quot;}\" data-image-title=\"image\" data-image-description=\"\" data-image-caption=\"\" data-large-file=\"https:\/\/i0.wp.com\/patrimoine-avesnois.fr\/chemin\/wp-content\/uploads\/2025\/06\/image-9.png?fit=632%2C786&amp;ssl=1\" src=\"https:\/\/i0.wp.com\/patrimoine-avesnois.fr\/chemin\/wp-content\/uploads\/2025\/06\/image-9.png?resize=632%2C786&#038;ssl=1\" alt=\"\" class=\"wp-image-21701\" style=\"width:630px\" srcset=\"https:\/\/i0.wp.com\/patrimoine-avesnois.fr\/chemin\/wp-content\/uploads\/2025\/06\/image-9.png?w=632&amp;ssl=1 632w, https:\/\/i0.wp.com\/patrimoine-avesnois.fr\/chemin\/wp-content\/uploads\/2025\/06\/image-9.png?resize=241%2C300&amp;ssl=1 241w\" sizes=\"auto, (max-width: 632px) 85vw, 632px\" \/><figcaption class=\"wp-element-caption\">dessin repr\u00e9sentant l&rsquo;enceinte et le ch\u00e2teau<\/figcaption><\/figure>\n<\/div>\n\n\n<p><\/p>\n\n\n\n<p>La tour ronde en briques &nbsp;en se retrouvant \u00e0 l&rsquo;arri\u00e8re de la&nbsp;courtine la tour perd son utilit\u00e9 et est par la suite transform\u00e9e en&nbsp;poudri\u00e8re. Deux sources :<\/p>\n\n\n\n<p>1 Plan de Landrecies dans l&rsquo;Atlas des villes des Pays-Bas&nbsp;: 73 places lev\u00e9es entre 1550 et 1565 sur les ordres de Charles Quint et de Philippe II conserv\u00e9 par la Koninklijke Bibliotheek\/biblioth\u00e8que royale <\/p>\n\n\n\n<p>2 Chapitre VII&nbsp;: \u00c9tat de la ville de Landrecies au milieu et \u00e0 la fin du&nbsp;XVIII<sup>e<\/sup>&nbsp;si\u00e8cle&nbsp;\u00bb dans&nbsp;Philippe Fournez,&nbsp;Histoire d&rsquo;une forteresse&nbsp;: Landrecies, Paris, Perrin et Compagnie&nbsp;1911)<\/p>\n\n\n<div class=\"wp-block-image\">\n<figure class=\"aligncenter size-full is-resized\"><img data-recalc-dims=\"1\" loading=\"lazy\" decoding=\"async\" width=\"551\" height=\"688\" data-attachment-id=\"21703\" data-permalink=\"https:\/\/patrimoine-avesnois.fr\/chemin\/landrecies-et-son-ancien-chateau-fort\/image-2026\/\" data-orig-file=\"https:\/\/i0.wp.com\/patrimoine-avesnois.fr\/chemin\/wp-content\/uploads\/2025\/06\/image-10.png?fit=551%2C688&amp;ssl=1\" data-orig-size=\"551,688\" data-comments-opened=\"1\" data-image-meta=\"{&quot;aperture&quot;:&quot;0&quot;,&quot;credit&quot;:&quot;&quot;,&quot;camera&quot;:&quot;&quot;,&quot;caption&quot;:&quot;&quot;,&quot;created_timestamp&quot;:&quot;0&quot;,&quot;copyright&quot;:&quot;&quot;,&quot;focal_length&quot;:&quot;0&quot;,&quot;iso&quot;:&quot;0&quot;,&quot;shutter_speed&quot;:&quot;0&quot;,&quot;title&quot;:&quot;&quot;,&quot;orientation&quot;:&quot;0&quot;}\" data-image-title=\"image\" data-image-description=\"\" data-image-caption=\"\" data-large-file=\"https:\/\/i0.wp.com\/patrimoine-avesnois.fr\/chemin\/wp-content\/uploads\/2025\/06\/image-10.png?fit=551%2C688&amp;ssl=1\" src=\"https:\/\/i0.wp.com\/patrimoine-avesnois.fr\/chemin\/wp-content\/uploads\/2025\/06\/image-10.png?resize=551%2C688&#038;ssl=1\" alt=\"\" class=\"wp-image-21703\" style=\"width:630px\" srcset=\"https:\/\/i0.wp.com\/patrimoine-avesnois.fr\/chemin\/wp-content\/uploads\/2025\/06\/image-10.png?w=551&amp;ssl=1 551w, https:\/\/i0.wp.com\/patrimoine-avesnois.fr\/chemin\/wp-content\/uploads\/2025\/06\/image-10.png?resize=240%2C300&amp;ssl=1 240w\" sizes=\"auto, (max-width: 551px) 85vw, 551px\" \/><figcaption class=\"wp-element-caption\">La Poudri\u00e8re <\/figcaption><\/figure>\n<\/div>","protected":false},"excerpt":{"rendered":"<p>Lors du d\u00e9cret de d\u00e9classement de la place de Landrecies, l&rsquo;opinion g\u00e9n\u00e9rale \u00e9tait que les fortifications en grande partie du Chevalier de Ville et du Marechal de Vauban, disparaissant ainsi que \u00ab La Porte de France \u00bb si originale, il ne resterait malheureusement dans cette vieille cit\u00e9 tant de fois assi\u00e9g\u00e9e, incendi\u00e9e et d\u00e9truite, aucune &hellip; <a href=\"https:\/\/patrimoine-avesnois.fr\/chemin\/landrecies-et-son-ancien-chateau-fort\/\" class=\"more-link\">Continuer la lecture<span class=\"screen-reader-text\"> de &laquo;&nbsp;Landrecies et son ancien ch\u00e2teau fort&nbsp;&raquo;<\/span><\/a><\/p>\n","protected":false},"author":2,"featured_media":0,"parent":0,"menu_order":0,"comment_status":"closed","ping_status":"closed","template":"","meta":{"jetpack_post_was_ever_published":false,"footnotes":""},"class_list":["post-21695","page","type-page","status-publish","hentry"],"jetpack_sharing_enabled":true,"jetpack_shortlink":"https:\/\/wp.me\/PaOEkN-5DV","jetpack-related-posts":[],"_links":{"self":[{"href":"https:\/\/patrimoine-avesnois.fr\/chemin\/wp-json\/wp\/v2\/pages\/21695","targetHints":{"allow":["GET"]}}],"collection":[{"href":"https:\/\/patrimoine-avesnois.fr\/chemin\/wp-json\/wp\/v2\/pages"}],"about":[{"href":"https:\/\/patrimoine-avesnois.fr\/chemin\/wp-json\/wp\/v2\/types\/page"}],"author":[{"embeddable":true,"href":"https:\/\/patrimoine-avesnois.fr\/chemin\/wp-json\/wp\/v2\/users\/2"}],"replies":[{"embeddable":true,"href":"https:\/\/patrimoine-avesnois.fr\/chemin\/wp-json\/wp\/v2\/comments?post=21695"}],"version-history":[{"count":0,"href":"https:\/\/patrimoine-avesnois.fr\/chemin\/wp-json\/wp\/v2\/pages\/21695\/revisions"}],"wp:attachment":[{"href":"https:\/\/patrimoine-avesnois.fr\/chemin\/wp-json\/wp\/v2\/media?parent=21695"}],"curies":[{"name":"wp","href":"https:\/\/api.w.org\/{rel}","templated":true}]}}