{"id":27,"date":"2019-03-18T13:09:23","date_gmt":"2019-03-18T12:09:23","guid":{"rendered":"http:\/\/patrimoine-avesnois.fr\/chemin\/?page_id=27"},"modified":"2025-03-04T11:33:15","modified_gmt":"2025-03-04T10:33:15","slug":"aibes","status":"publish","type":"page","link":"https:\/\/patrimoine-avesnois.fr\/chemin\/aibes\/","title":{"rendered":"Aibes"},"content":{"rendered":"<div class=\"wp-block-image\">\n<figure class=\"aligncenter\"><img data-recalc-dims=\"1\" loading=\"lazy\" decoding=\"async\" width=\"697\" height=\"523\" data-attachment-id=\"38\" data-permalink=\"https:\/\/patrimoine-avesnois.fr\/chemin\/aibes\/capture3\/\" data-orig-file=\"https:\/\/i0.wp.com\/patrimoine-avesnois.fr\/chemin\/wp-content\/uploads\/2019\/03\/Capture3.png?fit=697%2C523&amp;ssl=1\" data-orig-size=\"697,523\" data-comments-opened=\"1\" data-image-meta=\"{&quot;aperture&quot;:&quot;0&quot;,&quot;credit&quot;:&quot;&quot;,&quot;camera&quot;:&quot;&quot;,&quot;caption&quot;:&quot;&quot;,&quot;created_timestamp&quot;:&quot;0&quot;,&quot;copyright&quot;:&quot;&quot;,&quot;focal_length&quot;:&quot;0&quot;,&quot;iso&quot;:&quot;0&quot;,&quot;shutter_speed&quot;:&quot;0&quot;,&quot;title&quot;:&quot;&quot;,&quot;orientation&quot;:&quot;0&quot;}\" data-image-title=\"Capture3\" data-image-description=\"\" data-image-caption=\"\" data-large-file=\"https:\/\/i0.wp.com\/patrimoine-avesnois.fr\/chemin\/wp-content\/uploads\/2019\/03\/Capture3.png?fit=697%2C523&amp;ssl=1\" src=\"https:\/\/i0.wp.com\/patrimoine-avesnois.fr\/chemin\/wp-content\/uploads\/2019\/03\/Capture3.png?resize=697%2C523\" alt=\"\" class=\"wp-image-38\" srcset=\"https:\/\/i0.wp.com\/patrimoine-avesnois.fr\/chemin\/wp-content\/uploads\/2019\/03\/Capture3.png?w=697&amp;ssl=1 697w, https:\/\/i0.wp.com\/patrimoine-avesnois.fr\/chemin\/wp-content\/uploads\/2019\/03\/Capture3.png?resize=300%2C225&amp;ssl=1 300w\" sizes=\"auto, (max-width: 697px) 85vw, 697px\" \/><figcaption class=\"wp-element-caption\"><a href=\"https:\/\/www.delcampe.net\/fr\/collections\/search?categories%5B%5D=30002&amp;search_mode=all&amp;excluded_terms=&amp;is_searchable_in_descriptions=0&amp;is_searchable_in_translations=0&amp;term=aibes&amp;show_type=all&amp;display_ongoing=ongoing&amp;started_days=&amp;started_hours=&amp;ended_hours=&amp;display_only=&amp;min_price=&amp;max_price=&amp;currency=all&amp;seller_localisation=&amp;view=&amp;order=&amp;country=\">Vue a\u00e9rienne d&rsquo;Aibes<\/a> <\/figcaption><\/figure>\n<\/div>\n\n\n<p>L&rsquo;abbaye d&rsquo;Aulne poss\u00e9dait \u00e0 Aibes des biens importants, entre autres la <a href=\"http:\/\/patrimoine-avesnois.fr\/censes\/les-censes-de-labbaye-daulne\/\">ferme de Coulmie<\/a>, \u00e0 laquelle \u00e9taient annex\u00e9s un moulin et une brasserie et la <a href=\"http:\/\/patrimoine-avesnois.fr\/censes\/les-censes-de-labbaye-daulne\/\">cense Le Maisnil.<\/a><\/p>\n\n\n\n<p>L&rsquo;\u00e9glise reconstruite vers 1700 et le clocher en 1825 dispose d&rsquo;une pierre tombale du mayeur Moran Teste (1598) avec l&rsquo;inscription \u00ab\u00a0Regarde \u00e0 la mort\u00a0\u00bb (MH). Elle poss\u00e8de \u00e9galement de fonts baptismaux muraux (bois sculpt\u00e9 et peint du XVIII e si\u00e8cle), sp\u00e9cimen fort rare car les r\u00e8gles liturgiques exigeaient que les fonts soient isol\u00e9s de toute muraille.<\/p>\n\n\n<div class=\"wp-block-image is-resized\">\n<figure class=\"aligncenter\"><img loading=\"lazy\" decoding=\"async\" width=\"2112\" height=\"2816\" data-attachment-id=\"28\" data-permalink=\"https:\/\/patrimoine-avesnois.fr\/chemin\/aibes\/eglisesaintmartin160507_25\/\" data-orig-file=\"https:\/\/i0.wp.com\/patrimoine-avesnois.fr\/chemin\/wp-content\/uploads\/2019\/03\/%C3%89gliseSaintMartin160507_25.jpg?fit=2112%2C2816&amp;ssl=1\" data-orig-size=\"2112,2816\" data-comments-opened=\"1\" data-image-meta=\"{&quot;aperture&quot;:&quot;4&quot;,&quot;credit&quot;:&quot;&quot;,&quot;camera&quot;:&quot;SP500UZ&quot;,&quot;caption&quot;:&quot;OLYMPUS DIGITAL CAMERA&quot;,&quot;created_timestamp&quot;:&quot;1179325668&quot;,&quot;copyright&quot;:&quot;&quot;,&quot;focal_length&quot;:&quot;6.3&quot;,&quot;iso&quot;:&quot;80&quot;,&quot;shutter_speed&quot;:&quot;0.00125&quot;,&quot;title&quot;:&quot;OLYMPUS DIGITAL CAMERA&quot;,&quot;orientation&quot;:&quot;0&quot;}\" data-image-title=\"\u00c9gliseSaintMartin160507_(25)\" data-image-description=\"\" data-image-caption=\"&lt;p&gt;OLYMPUS DIGITAL CAMERA&lt;\/p&gt;\n\" data-large-file=\"https:\/\/i0.wp.com\/patrimoine-avesnois.fr\/chemin\/wp-content\/uploads\/2019\/03\/%C3%89gliseSaintMartin160507_25.jpg?fit=768%2C1024&amp;ssl=1\" src=\"https:\/\/i0.wp.com\/patrimoine-avesnois.fr\/chemin\/wp-content\/uploads\/2019\/03\/\u00c9gliseSaintMartin160507_25.jpg?fit=768%2C1024\" alt=\"\" class=\"wp-image-28\" srcset=\"https:\/\/i0.wp.com\/patrimoine-avesnois.fr\/chemin\/wp-content\/uploads\/2019\/03\/%C3%89gliseSaintMartin160507_25.jpg?w=2112&amp;ssl=1 2112w, https:\/\/i0.wp.com\/patrimoine-avesnois.fr\/chemin\/wp-content\/uploads\/2019\/03\/%C3%89gliseSaintMartin160507_25.jpg?resize=225%2C300&amp;ssl=1 225w, https:\/\/i0.wp.com\/patrimoine-avesnois.fr\/chemin\/wp-content\/uploads\/2019\/03\/%C3%89gliseSaintMartin160507_25.jpg?resize=768%2C1024&amp;ssl=1 768w, https:\/\/i0.wp.com\/patrimoine-avesnois.fr\/chemin\/wp-content\/uploads\/2019\/03\/%C3%89gliseSaintMartin160507_25.jpg?resize=1200%2C1600&amp;ssl=1 1200w, https:\/\/i0.wp.com\/patrimoine-avesnois.fr\/chemin\/wp-content\/uploads\/2019\/03\/%C3%89gliseSaintMartin160507_25.jpg?w=1680 1680w\" sizes=\"auto, (max-width: 709px) 85vw, (max-width: 909px) 67vw, (max-width: 1362px) 62vw, 840px\" \/><figcaption class=\"wp-element-caption\">L&rsquo;Eglise d&rsquo;Aibes<br><br><\/figcaption><\/figure>\n<\/div>\n\n<div class=\"wp-block-image\">\n<figure class=\"aligncenter is-resized\"><img data-recalc-dims=\"1\" loading=\"lazy\" decoding=\"async\" width=\"606\" height=\"808\" data-attachment-id=\"29\" data-permalink=\"https:\/\/patrimoine-avesnois.fr\/chemin\/aibes\/capture1\/\" data-orig-file=\"https:\/\/i0.wp.com\/patrimoine-avesnois.fr\/chemin\/wp-content\/uploads\/2019\/03\/Capture1.png?fit=606%2C808&amp;ssl=1\" data-orig-size=\"606,808\" data-comments-opened=\"1\" data-image-meta=\"{&quot;aperture&quot;:&quot;0&quot;,&quot;credit&quot;:&quot;&quot;,&quot;camera&quot;:&quot;&quot;,&quot;caption&quot;:&quot;&quot;,&quot;created_timestamp&quot;:&quot;0&quot;,&quot;copyright&quot;:&quot;&quot;,&quot;focal_length&quot;:&quot;0&quot;,&quot;iso&quot;:&quot;0&quot;,&quot;shutter_speed&quot;:&quot;0&quot;,&quot;title&quot;:&quot;&quot;,&quot;orientation&quot;:&quot;0&quot;}\" data-image-title=\"Capture1\" data-image-description=\"\" data-image-caption=\"\" data-large-file=\"https:\/\/i0.wp.com\/patrimoine-avesnois.fr\/chemin\/wp-content\/uploads\/2019\/03\/Capture1.png?fit=606%2C808&amp;ssl=1\" src=\"https:\/\/i0.wp.com\/patrimoine-avesnois.fr\/chemin\/wp-content\/uploads\/2019\/03\/Capture1.png?resize=606%2C808\" alt=\"\" class=\"wp-image-29\" style=\"width:625px\" srcset=\"https:\/\/i0.wp.com\/patrimoine-avesnois.fr\/chemin\/wp-content\/uploads\/2019\/03\/Capture1.png?w=606&amp;ssl=1 606w, https:\/\/i0.wp.com\/patrimoine-avesnois.fr\/chemin\/wp-content\/uploads\/2019\/03\/Capture1.png?resize=225%2C300&amp;ssl=1 225w\" sizes=\"auto, (max-width: 606px) 85vw, 606px\" \/><figcaption class=\"wp-element-caption\">Vue de face de l&rsquo;\u00e9glise St Martin<\/figcaption><\/figure>\n<\/div>\n\n<div class=\"wp-block-image\">\n<figure class=\"aligncenter size-full is-resized\"><img data-recalc-dims=\"1\" loading=\"lazy\" decoding=\"async\" width=\"462\" height=\"449\" data-attachment-id=\"21337\" data-permalink=\"https:\/\/patrimoine-avesnois.fr\/chemin\/aibes\/image-2007\/\" data-orig-file=\"https:\/\/i0.wp.com\/patrimoine-avesnois.fr\/chemin\/wp-content\/uploads\/2025\/03\/image-6.png?fit=462%2C449&amp;ssl=1\" data-orig-size=\"462,449\" data-comments-opened=\"1\" data-image-meta=\"{&quot;aperture&quot;:&quot;0&quot;,&quot;credit&quot;:&quot;&quot;,&quot;camera&quot;:&quot;&quot;,&quot;caption&quot;:&quot;&quot;,&quot;created_timestamp&quot;:&quot;0&quot;,&quot;copyright&quot;:&quot;&quot;,&quot;focal_length&quot;:&quot;0&quot;,&quot;iso&quot;:&quot;0&quot;,&quot;shutter_speed&quot;:&quot;0&quot;,&quot;title&quot;:&quot;&quot;,&quot;orientation&quot;:&quot;0&quot;}\" data-image-title=\"image\" data-image-description=\"\" data-image-caption=\"\" data-large-file=\"https:\/\/i0.wp.com\/patrimoine-avesnois.fr\/chemin\/wp-content\/uploads\/2025\/03\/image-6.png?fit=462%2C449&amp;ssl=1\" src=\"https:\/\/i0.wp.com\/patrimoine-avesnois.fr\/chemin\/wp-content\/uploads\/2025\/03\/image-6.png?resize=462%2C449&#038;ssl=1\" alt=\"\" class=\"wp-image-21337\" style=\"width:625px\" srcset=\"https:\/\/i0.wp.com\/patrimoine-avesnois.fr\/chemin\/wp-content\/uploads\/2025\/03\/image-6.png?w=462&amp;ssl=1 462w, https:\/\/i0.wp.com\/patrimoine-avesnois.fr\/chemin\/wp-content\/uploads\/2025\/03\/image-6.png?resize=300%2C292&amp;ssl=1 300w\" sizes=\"auto, (max-width: 462px) 85vw, 462px\" \/><figcaption class=\"wp-element-caption\">Toit de l&rsquo;\u00e9glise refait en 2023 Photo<a href=\"https:\/\/www.lavoixdunord.fr\/1388383\/article\/2023-10-23\/l-eglise-d-aibes-se-revet-d-une-nouvelle-toiture\" data-type=\"link\" data-id=\"https:\/\/www.lavoixdunord.fr\/1388383\/article\/2023-10-23\/l-eglise-d-aibes-se-revet-d-une-nouvelle-toiture\" target=\"_blank\" rel=\"noreferrer noopener\"> VDN<\/a><\/figcaption><\/figure>\n<\/div>\n\n<div class=\"wp-block-image\">\n<figure class=\"aligncenter size-full is-resized\"><img data-recalc-dims=\"1\" loading=\"lazy\" decoding=\"async\" width=\"261\" height=\"505\" data-attachment-id=\"21339\" data-permalink=\"https:\/\/patrimoine-avesnois.fr\/chemin\/aibes\/image-2008\/\" data-orig-file=\"https:\/\/i0.wp.com\/patrimoine-avesnois.fr\/chemin\/wp-content\/uploads\/2025\/03\/image-7.png?fit=261%2C505&amp;ssl=1\" data-orig-size=\"261,505\" data-comments-opened=\"1\" data-image-meta=\"{&quot;aperture&quot;:&quot;0&quot;,&quot;credit&quot;:&quot;&quot;,&quot;camera&quot;:&quot;&quot;,&quot;caption&quot;:&quot;&quot;,&quot;created_timestamp&quot;:&quot;0&quot;,&quot;copyright&quot;:&quot;&quot;,&quot;focal_length&quot;:&quot;0&quot;,&quot;iso&quot;:&quot;0&quot;,&quot;shutter_speed&quot;:&quot;0&quot;,&quot;title&quot;:&quot;&quot;,&quot;orientation&quot;:&quot;0&quot;}\" data-image-title=\"image\" data-image-description=\"\" data-image-caption=\"\" data-large-file=\"https:\/\/i0.wp.com\/patrimoine-avesnois.fr\/chemin\/wp-content\/uploads\/2025\/03\/image-7.png?fit=261%2C505&amp;ssl=1\" src=\"https:\/\/i0.wp.com\/patrimoine-avesnois.fr\/chemin\/wp-content\/uploads\/2025\/03\/image-7.png?resize=261%2C505&#038;ssl=1\" alt=\"\" class=\"wp-image-21339\" style=\"width:379px;height:auto\" srcset=\"https:\/\/i0.wp.com\/patrimoine-avesnois.fr\/chemin\/wp-content\/uploads\/2025\/03\/image-7.png?w=261&amp;ssl=1 261w, https:\/\/i0.wp.com\/patrimoine-avesnois.fr\/chemin\/wp-content\/uploads\/2025\/03\/image-7.png?resize=155%2C300&amp;ssl=1 155w\" sizes=\"auto, (max-width: 261px) 85vw, 261px\" \/><figcaption class=\"wp-element-caption\">Fonts baptismaux muraux, bois sculpt\u00e9 et peint XVIII e <br>\u00a9 Minist\u00e8re de la Culture (France), M\u00e9diath\u00e8que du patrimoine et de la photographie, diffusion RMN-GP<\/figcaption><\/figure>\n<\/div>\n\n\n<p>Ils ont \u00e9t\u00e9 class\u00e9s MH au titre d&rsquo;objet mobilier le 17\/03\/1934. <br>La porte en bois repr\u00e9sentant le Bapt\u00eame du Christ a \u00e9t\u00e9 vol\u00e9e dans la nuit des 17 et 18 novembre 1978.<\/p>\n\n\n\n<p>Le village d&rsquo;Aibes poss\u00e8de <a href=\"http:\/\/oratoiresetchapelles-avesnois.fr\/aibes\/\">4 oratoires une chapelle<\/a> et un <a href=\"http:\/\/www.calvaires-avesnois.fr\/aibes-2\/\">calvaire<\/a>.<\/p>\n\n\n\n<p>Signalons la pr\u00e9sence d&rsquo;une fontaine dont les eaux donnent naissance \u00e0 la rivi\u00e8re La Solre.<\/p>\n\n\n<div class=\"wp-block-image\">\n<figure class=\"aligncenter\"><img data-recalc-dims=\"1\" loading=\"lazy\" decoding=\"async\" width=\"813\" height=\"611\" data-attachment-id=\"30\" data-permalink=\"https:\/\/patrimoine-avesnois.fr\/chemin\/aibes\/capture2\/\" data-orig-file=\"https:\/\/i0.wp.com\/patrimoine-avesnois.fr\/chemin\/wp-content\/uploads\/2019\/03\/Capture2.png?fit=813%2C611&amp;ssl=1\" data-orig-size=\"813,611\" data-comments-opened=\"1\" data-image-meta=\"{&quot;aperture&quot;:&quot;0&quot;,&quot;credit&quot;:&quot;&quot;,&quot;camera&quot;:&quot;&quot;,&quot;caption&quot;:&quot;&quot;,&quot;created_timestamp&quot;:&quot;0&quot;,&quot;copyright&quot;:&quot;&quot;,&quot;focal_length&quot;:&quot;0&quot;,&quot;iso&quot;:&quot;0&quot;,&quot;shutter_speed&quot;:&quot;0&quot;,&quot;title&quot;:&quot;&quot;,&quot;orientation&quot;:&quot;0&quot;}\" data-image-title=\"Capture2\" data-image-description=\"\" data-image-caption=\"\" data-large-file=\"https:\/\/i0.wp.com\/patrimoine-avesnois.fr\/chemin\/wp-content\/uploads\/2019\/03\/Capture2.png?fit=813%2C611&amp;ssl=1\" src=\"https:\/\/i0.wp.com\/patrimoine-avesnois.fr\/chemin\/wp-content\/uploads\/2019\/03\/Capture2.png?resize=813%2C611\" alt=\"\" class=\"wp-image-30\" srcset=\"https:\/\/i0.wp.com\/patrimoine-avesnois.fr\/chemin\/wp-content\/uploads\/2019\/03\/Capture2.png?w=813&amp;ssl=1 813w, https:\/\/i0.wp.com\/patrimoine-avesnois.fr\/chemin\/wp-content\/uploads\/2019\/03\/Capture2.png?resize=300%2C225&amp;ssl=1 300w, https:\/\/i0.wp.com\/patrimoine-avesnois.fr\/chemin\/wp-content\/uploads\/2019\/03\/Capture2.png?resize=768%2C577&amp;ssl=1 768w\" sizes=\"auto, (max-width: 813px) 85vw, 813px\" \/><figcaption class=\"wp-element-caption\"><a href=\"https:\/\/www.google.fr\/maps\/@50.2359059,4.0927783,3a,75y,309.5h,71.45t\/data=!3m6!1e1!3m4!1s3B3V9kyoUP8tLRlNtSrpMw!2e0!7i13312!8i6656?hl=fr\">La Fontaine St Martin<\/a><br><br><\/figcaption><\/figure>\n<\/div>\n\n<div class=\"wp-block-image\">\n<figure class=\"aligncenter\"><img data-recalc-dims=\"1\" loading=\"lazy\" decoding=\"async\" width=\"800\" height=\"600\" data-attachment-id=\"37\" data-permalink=\"https:\/\/patrimoine-avesnois.fr\/chemin\/aibes\/800px-aibes_nord_fr_mairie-ecole\/\" data-orig-file=\"https:\/\/i0.wp.com\/patrimoine-avesnois.fr\/chemin\/wp-content\/uploads\/2019\/03\/800px-Aibes_Nord_Fr_mairie-%C3%A9cole.jpg?fit=800%2C600&amp;ssl=1\" data-orig-size=\"800,600\" data-comments-opened=\"1\" data-image-meta=\"{&quot;aperture&quot;:&quot;0&quot;,&quot;credit&quot;:&quot;&quot;,&quot;camera&quot;:&quot;&quot;,&quot;caption&quot;:&quot;&quot;,&quot;created_timestamp&quot;:&quot;0&quot;,&quot;copyright&quot;:&quot;&quot;,&quot;focal_length&quot;:&quot;0&quot;,&quot;iso&quot;:&quot;0&quot;,&quot;shutter_speed&quot;:&quot;0&quot;,&quot;title&quot;:&quot;&quot;,&quot;orientation&quot;:&quot;0&quot;}\" data-image-title=\"800px-Aibes_(Nord,_Fr)_mairie-\u00e9cole\" data-image-description=\"\" data-image-caption=\"\" data-large-file=\"https:\/\/i0.wp.com\/patrimoine-avesnois.fr\/chemin\/wp-content\/uploads\/2019\/03\/800px-Aibes_Nord_Fr_mairie-%C3%A9cole.jpg?fit=800%2C600&amp;ssl=1\" src=\"https:\/\/i0.wp.com\/patrimoine-avesnois.fr\/chemin\/wp-content\/uploads\/2019\/03\/800px-Aibes_Nord_Fr_mairie-%C3%A9cole.jpg?resize=800%2C600\" alt=\"\" class=\"wp-image-37\" srcset=\"https:\/\/i0.wp.com\/patrimoine-avesnois.fr\/chemin\/wp-content\/uploads\/2019\/03\/800px-Aibes_Nord_Fr_mairie-%C3%A9cole.jpg?w=800&amp;ssl=1 800w, https:\/\/i0.wp.com\/patrimoine-avesnois.fr\/chemin\/wp-content\/uploads\/2019\/03\/800px-Aibes_Nord_Fr_mairie-%C3%A9cole.jpg?resize=300%2C225&amp;ssl=1 300w, https:\/\/i0.wp.com\/patrimoine-avesnois.fr\/chemin\/wp-content\/uploads\/2019\/03\/800px-Aibes_Nord_Fr_mairie-%C3%A9cole.jpg?resize=768%2C576&amp;ssl=1 768w\" sizes=\"auto, (max-width: 800px) 85vw, 800px\" \/><figcaption class=\"wp-element-caption\"><a href=\"https:\/\/fr.wikipedia.org\/wiki\/Aibes\">Mairie et \u00e9cole<\/a><\/figcaption><\/figure>\n<\/div>\n\n<div class=\"wp-block-image\">\n<figure class=\"aligncenter is-resized\"><img loading=\"lazy\" decoding=\"async\" width=\"1050\" height=\"787\" data-attachment-id=\"7942\" data-permalink=\"https:\/\/patrimoine-avesnois.fr\/chemin\/aibes\/salle-des-fetes-5\/\" data-orig-file=\"https:\/\/i0.wp.com\/patrimoine-avesnois.fr\/chemin\/wp-content\/uploads\/2019\/08\/Salle-des-f%C3%AAtes.jpg?fit=1050%2C787&amp;ssl=1\" data-orig-size=\"1050,787\" data-comments-opened=\"1\" data-image-meta=\"{&quot;aperture&quot;:&quot;0&quot;,&quot;credit&quot;:&quot;CARRE&quot;,&quot;camera&quot;:&quot;&quot;,&quot;caption&quot;:&quot;&quot;,&quot;created_timestamp&quot;:&quot;1565351018&quot;,&quot;copyright&quot;:&quot;&quot;,&quot;focal_length&quot;:&quot;0&quot;,&quot;iso&quot;:&quot;0&quot;,&quot;shutter_speed&quot;:&quot;0&quot;,&quot;title&quot;:&quot;&quot;,&quot;orientation&quot;:&quot;0&quot;}\" data-image-title=\"Salle des f\u00eates\" data-image-description=\"\" data-image-caption=\"\" data-large-file=\"https:\/\/i0.wp.com\/patrimoine-avesnois.fr\/chemin\/wp-content\/uploads\/2019\/08\/Salle-des-f%C3%AAtes.jpg?fit=840%2C630&amp;ssl=1\" src=\"https:\/\/i2.wp.com\/patrimoine-avesnois.fr\/chemin\/wp-content\/uploads\/2019\/08\/Salle-des-f\u00eates.jpg?fit=840%2C630\" alt=\"\" class=\"wp-image-7942\" style=\"width:695px;height:522px\" srcset=\"https:\/\/i0.wp.com\/patrimoine-avesnois.fr\/chemin\/wp-content\/uploads\/2019\/08\/Salle-des-f%C3%AAtes.jpg?w=1050&amp;ssl=1 1050w, https:\/\/i0.wp.com\/patrimoine-avesnois.fr\/chemin\/wp-content\/uploads\/2019\/08\/Salle-des-f%C3%AAtes.jpg?resize=300%2C225&amp;ssl=1 300w, https:\/\/i0.wp.com\/patrimoine-avesnois.fr\/chemin\/wp-content\/uploads\/2019\/08\/Salle-des-f%C3%AAtes.jpg?resize=768%2C576&amp;ssl=1 768w, https:\/\/i0.wp.com\/patrimoine-avesnois.fr\/chemin\/wp-content\/uploads\/2019\/08\/Salle-des-f%C3%AAtes.jpg?resize=1024%2C768&amp;ssl=1 1024w\" sizes=\"auto, (max-width: 709px) 85vw, (max-width: 909px) 67vw, (max-width: 1362px) 62vw, 840px\" \/><figcaption class=\"wp-element-caption\"><em>Salle des f\u00eates inaugur\u00e9e en 2005 <\/em> Rue Basse<\/figcaption><\/figure>\n<\/div>\n\n<div class=\"wp-block-image\">\n<figure class=\"aligncenter is-resized\"><img data-recalc-dims=\"1\" loading=\"lazy\" decoding=\"async\" width=\"712\" height=\"534\" data-attachment-id=\"7940\" data-permalink=\"https:\/\/patrimoine-avesnois.fr\/chemin\/aibes\/plateau\/\" data-orig-file=\"https:\/\/i0.wp.com\/patrimoine-avesnois.fr\/chemin\/wp-content\/uploads\/2019\/08\/Plateau.jpg?fit=712%2C534&amp;ssl=1\" data-orig-size=\"712,534\" data-comments-opened=\"1\" data-image-meta=\"{&quot;aperture&quot;:&quot;0&quot;,&quot;credit&quot;:&quot;CARRE&quot;,&quot;camera&quot;:&quot;&quot;,&quot;caption&quot;:&quot;&quot;,&quot;created_timestamp&quot;:&quot;1565350182&quot;,&quot;copyright&quot;:&quot;&quot;,&quot;focal_length&quot;:&quot;0&quot;,&quot;iso&quot;:&quot;0&quot;,&quot;shutter_speed&quot;:&quot;0&quot;,&quot;title&quot;:&quot;&quot;,&quot;orientation&quot;:&quot;1&quot;}\" data-image-title=\"Plateau\" data-image-description=\"\" data-image-caption=\"\" data-large-file=\"https:\/\/i0.wp.com\/patrimoine-avesnois.fr\/chemin\/wp-content\/uploads\/2019\/08\/Plateau.jpg?fit=712%2C534&amp;ssl=1\" src=\"https:\/\/i0.wp.com\/patrimoine-avesnois.fr\/chemin\/wp-content\/uploads\/2019\/08\/Plateau.jpg?resize=712%2C534\" alt=\"\" class=\"wp-image-7940\" style=\"width:695px;height:522px\" srcset=\"https:\/\/i0.wp.com\/patrimoine-avesnois.fr\/chemin\/wp-content\/uploads\/2019\/08\/Plateau.jpg?w=712&amp;ssl=1 712w, https:\/\/i0.wp.com\/patrimoine-avesnois.fr\/chemin\/wp-content\/uploads\/2019\/08\/Plateau.jpg?resize=300%2C225&amp;ssl=1 300w\" sizes=\"auto, (max-width: 712px) 85vw, 712px\" \/><figcaption class=\"wp-element-caption\">Plateau multisports inaugur\u00e9 en 2018,  Rue de Qui\u00e9velon<\/figcaption><\/figure>\n<\/div>\n\n<div class=\"wp-block-image\">\n<figure class=\"aligncenter\"><img data-recalc-dims=\"1\" loading=\"lazy\" decoding=\"async\" width=\"638\" height=\"850\" data-attachment-id=\"34\" data-permalink=\"https:\/\/patrimoine-avesnois.fr\/chemin\/aibes\/aibes_1_524c00bb58a72\/\" data-orig-file=\"https:\/\/i0.wp.com\/patrimoine-avesnois.fr\/chemin\/wp-content\/uploads\/2019\/03\/aibes_1_524c00bb58a72.jpg?fit=638%2C850&amp;ssl=1\" data-orig-size=\"638,850\" data-comments-opened=\"1\" data-image-meta=\"{&quot;aperture&quot;:&quot;9&quot;,&quot;credit&quot;:&quot;&quot;,&quot;camera&quot;:&quot;DSC-HX5V&quot;,&quot;caption&quot;:&quot;&quot;,&quot;created_timestamp&quot;:&quot;1310375579&quot;,&quot;copyright&quot;:&quot;&quot;,&quot;focal_length&quot;:&quot;6.62&quot;,&quot;iso&quot;:&quot;125&quot;,&quot;shutter_speed&quot;:&quot;0.005&quot;,&quot;title&quot;:&quot;&quot;,&quot;orientation&quot;:&quot;1&quot;}\" data-image-title=\"aibes_1_524c00bb58a72\" data-image-description=\"\" data-image-caption=\"\" data-large-file=\"https:\/\/i0.wp.com\/patrimoine-avesnois.fr\/chemin\/wp-content\/uploads\/2019\/03\/aibes_1_524c00bb58a72.jpg?fit=638%2C850&amp;ssl=1\" src=\"https:\/\/i0.wp.com\/patrimoine-avesnois.fr\/chemin\/wp-content\/uploads\/2019\/03\/aibes_1_524c00bb58a72.jpg?resize=638%2C850\" alt=\"\" class=\"wp-image-34\" srcset=\"https:\/\/i0.wp.com\/patrimoine-avesnois.fr\/chemin\/wp-content\/uploads\/2019\/03\/aibes_1_524c00bb58a72.jpg?w=638&amp;ssl=1 638w, https:\/\/i0.wp.com\/patrimoine-avesnois.fr\/chemin\/wp-content\/uploads\/2019\/03\/aibes_1_524c00bb58a72.jpg?resize=225%2C300&amp;ssl=1 225w\" sizes=\"auto, (max-width: 638px) 85vw, 638px\" \/><figcaption class=\"wp-element-caption\"><a href=\"https:\/\/monumentsmorts.univ-lille.fr\/monument\/9\/aibes-place\/\">Description du Monument&nbsp;aux&nbsp;Morts<\/a><\/figcaption><\/figure>\n<\/div>","protected":false},"excerpt":{"rendered":"<p>L&rsquo;abbaye d&rsquo;Aulne poss\u00e9dait \u00e0 Aibes des biens importants, entre autres la ferme de Coulmie, \u00e0 laquelle \u00e9taient annex\u00e9s un moulin et une brasserie et la cense Le Maisnil. L&rsquo;\u00e9glise reconstruite vers 1700 et le clocher en 1825 dispose d&rsquo;une pierre tombale du mayeur Moran Teste (1598) avec l&rsquo;inscription \u00ab\u00a0Regarde \u00e0 la mort\u00a0\u00bb (MH). Elle poss\u00e8de &hellip; <a href=\"https:\/\/patrimoine-avesnois.fr\/chemin\/aibes\/\" class=\"more-link\">Continuer la lecture<span class=\"screen-reader-text\"> de &laquo;&nbsp;Aibes&nbsp;&raquo;<\/span><\/a><\/p>\n","protected":false},"author":2,"featured_media":0,"parent":0,"menu_order":0,"comment_status":"closed","ping_status":"closed","template":"","meta":{"jetpack_post_was_ever_published":false,"footnotes":""},"class_list":["post-27","page","type-page","status-publish","hentry"],"jetpack_sharing_enabled":true,"jetpack_shortlink":"https:\/\/wp.me\/PaOEkN-r","jetpack-related-posts":[],"_links":{"self":[{"href":"https:\/\/patrimoine-avesnois.fr\/chemin\/wp-json\/wp\/v2\/pages\/27","targetHints":{"allow":["GET"]}}],"collection":[{"href":"https:\/\/patrimoine-avesnois.fr\/chemin\/wp-json\/wp\/v2\/pages"}],"about":[{"href":"https:\/\/patrimoine-avesnois.fr\/chemin\/wp-json\/wp\/v2\/types\/page"}],"author":[{"embeddable":true,"href":"https:\/\/patrimoine-avesnois.fr\/chemin\/wp-json\/wp\/v2\/users\/2"}],"replies":[{"embeddable":true,"href":"https:\/\/patrimoine-avesnois.fr\/chemin\/wp-json\/wp\/v2\/comments?post=27"}],"version-history":[{"count":0,"href":"https:\/\/patrimoine-avesnois.fr\/chemin\/wp-json\/wp\/v2\/pages\/27\/revisions"}],"wp:attachment":[{"href":"https:\/\/patrimoine-avesnois.fr\/chemin\/wp-json\/wp\/v2\/media?parent=27"}],"curies":[{"name":"wp","href":"https:\/\/api.w.org\/{rel}","templated":true}]}}