{"id":352,"date":"2019-03-27T15:16:42","date_gmt":"2019-03-27T14:16:42","guid":{"rendered":"http:\/\/patrimoine-avesnois.fr\/chemin\/?page_id=352"},"modified":"2021-12-28T21:17:09","modified_gmt":"2021-12-28T20:17:09","slug":"berelles","status":"publish","type":"page","link":"https:\/\/patrimoine-avesnois.fr\/chemin\/berelles\/","title":{"rendered":"B\u00e9relles"},"content":{"rendered":"\n<div class=\"wp-block-image\"><figure class=\"aligncenter\"><img loading=\"lazy\" decoding=\"async\" width=\"1280\" height=\"960\" data-attachment-id=\"354\" data-permalink=\"https:\/\/patrimoine-avesnois.fr\/chemin\/berelles\/1280px-vue_d_ensemble210507_56\/\" data-orig-file=\"https:\/\/i0.wp.com\/patrimoine-avesnois.fr\/chemin\/wp-content\/uploads\/2019\/03\/1280px-Vue_d_ensemble210507_56.jpg?fit=1280%2C960&amp;ssl=1\" data-orig-size=\"1280,960\" data-comments-opened=\"1\" data-image-meta=\"{&quot;aperture&quot;:&quot;0&quot;,&quot;credit&quot;:&quot;&quot;,&quot;camera&quot;:&quot;&quot;,&quot;caption&quot;:&quot;&quot;,&quot;created_timestamp&quot;:&quot;1553697172&quot;,&quot;copyright&quot;:&quot;&quot;,&quot;focal_length&quot;:&quot;0&quot;,&quot;iso&quot;:&quot;0&quot;,&quot;shutter_speed&quot;:&quot;0&quot;,&quot;title&quot;:&quot;&quot;,&quot;orientation&quot;:&quot;1&quot;}\" data-image-title=\"1280px-Vue_d_ensemble210507_(56)\" data-image-description=\"\" data-image-caption=\"\" data-large-file=\"https:\/\/i0.wp.com\/patrimoine-avesnois.fr\/chemin\/wp-content\/uploads\/2019\/03\/1280px-Vue_d_ensemble210507_56.jpg?fit=840%2C630&amp;ssl=1\" src=\"https:\/\/i2.wp.com\/patrimoine-avesnois.fr\/chemin\/wp-content\/uploads\/2019\/03\/1280px-Vue_d_ensemble210507_56.jpg?fit=840%2C630\" alt=\"\" class=\"wp-image-354\" srcset=\"https:\/\/i0.wp.com\/patrimoine-avesnois.fr\/chemin\/wp-content\/uploads\/2019\/03\/1280px-Vue_d_ensemble210507_56.jpg?w=1280&amp;ssl=1 1280w, https:\/\/i0.wp.com\/patrimoine-avesnois.fr\/chemin\/wp-content\/uploads\/2019\/03\/1280px-Vue_d_ensemble210507_56.jpg?resize=300%2C225&amp;ssl=1 300w, https:\/\/i0.wp.com\/patrimoine-avesnois.fr\/chemin\/wp-content\/uploads\/2019\/03\/1280px-Vue_d_ensemble210507_56.jpg?resize=768%2C576&amp;ssl=1 768w, https:\/\/i0.wp.com\/patrimoine-avesnois.fr\/chemin\/wp-content\/uploads\/2019\/03\/1280px-Vue_d_ensemble210507_56.jpg?resize=1024%2C768&amp;ssl=1 1024w, https:\/\/i0.wp.com\/patrimoine-avesnois.fr\/chemin\/wp-content\/uploads\/2019\/03\/1280px-Vue_d_ensemble210507_56.jpg?resize=1200%2C900&amp;ssl=1 1200w\" sizes=\"auto, (max-width: 709px) 85vw, (max-width: 909px) 67vw, (max-width: 1362px) 62vw, 840px\" \/><figcaption>Vue d&rsquo;ensemble du village de B\u00e9relles<\/figcaption><\/figure><\/div>\n\n\n\n<p> <br>Ce petit village se situe sur le&nbsp;ruisseau du Pont-de-Pierre&nbsp;et la route de Solre \u00e0 Jeumont. En 1128, on le trouvait sous le nom de Berella. Il fut dot\u00e9 de franchises en 1292. Il poss\u00e9dait d\u00e9j\u00e0 au XVI e si\u00e8cle un&nbsp;ch\u00e2teau f\u00e9odal.  <\/p>\n\n\n\n<div class=\"wp-block-image\"><figure class=\"aligncenter\"><img decoding=\"async\" src=\"https:\/\/upload.wikimedia.org\/wikipedia\/commons\/thumb\/3\/30\/%C3%89glise_B%C3%A9relles160507.JPG\/1280px-%C3%89glise_B%C3%A9relles160507.JPG\" alt=\"\"\/><figcaption>L&rsquo;\u00e9glise de B\u00e9relles<\/figcaption><\/figure><\/div>\n\n\n\n<p>Une des pierres fun\u00e9raires porte une<strong>&nbsp;<\/strong>inscription<strong> <\/strong>latine, \u00e0 la m\u00e9moire de Philibert-Fran\u00e7ois de Milot et de Marie-Fran\u00e7oise de Maldonade, seigneurs de B\u00e9relles, et rappelant une fondation en faveur de 5 pauvres du pays, en 1713. Quatre autres pierres tombales \u00e9voquent la m\u00e9moire des cur\u00e9s de B\u00e9relles au XVIII e si\u00e8cle. <\/p>\n\n\n\n<p>L&rsquo;\u00e9glise compte \u00e9galement  une cloche inscrite \u00e0 l&rsquo;inventaire des Monuments Historiques.  Cette cloche, nomm\u00e9e&nbsp;Maldonade, fut r\u00e9alis\u00e9e en 1700 par un certain F\u00e9lix Ganard. Elle porte une inscription : \u00ab<em>&nbsp;on m&rsquo;appelle Messire Nicaise de Maldonade, prestre, seigneur de B\u00e9relles, archidiacre de Hainaut et chanoine de l&rsquo;\u00e9glise m\u00e9tropolitaine de Cambrai, et Dame Fran\u00e7oise de Maldonade, dame de Molembaix, du temps de maistre Nicolas Depry, cur\u00e9 dudit B\u00e9relles<\/em>&nbsp;\u00bb. &nbsp; <\/p>\n\n\n\n<p> &nbsp;On a d\u00e9couvert, ma\u00e7onn\u00e9e dans le mur de fondation du clocher (c\u00f4t\u00e9 nord), une&nbsp;pierre ovoide<strong>&nbsp;<\/strong>\u00e0 deux \u00e9l\u00e9ments. Il s&rsquo;agirait l\u00e0 de monuments fun\u00e9raires, datant de la plus haute antiquit\u00e9. Cette forme en \u0153uf laisse \u00e0 penser qu&rsquo;elles \u00e9taient symbole de r\u00e9surrection en m\u00eame temps qu&rsquo;un lien de culte gaulois. <\/p>\n\n\n\n<p>Source du texte : <a href=\"http:\/\/ot.solrezis.free.fr\/berelles.htm\" target=\"_blank\" rel=\"noreferrer noopener\">L&rsquo;office du Tourisme du Solr\u00e9zis<\/a><\/p>\n\n\n\n<div class=\"wp-block-image\"><figure class=\"aligncenter is-resized\"><img loading=\"lazy\" decoding=\"async\" data-attachment-id=\"388\" data-permalink=\"https:\/\/patrimoine-avesnois.fr\/chemin\/berelles\/image-8\/\" data-orig-file=\"https:\/\/i0.wp.com\/patrimoine-avesnois.fr\/chemin\/wp-content\/uploads\/2019\/03\/image-7.png?fit=1479%2C1003&amp;ssl=1\" data-orig-size=\"1479,1003\" data-comments-opened=\"1\" data-image-meta=\"{&quot;aperture&quot;:&quot;0&quot;,&quot;credit&quot;:&quot;&quot;,&quot;camera&quot;:&quot;&quot;,&quot;caption&quot;:&quot;&quot;,&quot;created_timestamp&quot;:&quot;0&quot;,&quot;copyright&quot;:&quot;&quot;,&quot;focal_length&quot;:&quot;0&quot;,&quot;iso&quot;:&quot;0&quot;,&quot;shutter_speed&quot;:&quot;0&quot;,&quot;title&quot;:&quot;&quot;,&quot;orientation&quot;:&quot;0&quot;}\" data-image-title=\"image\" data-image-description=\"\" data-image-caption=\"\" data-large-file=\"https:\/\/i0.wp.com\/patrimoine-avesnois.fr\/chemin\/wp-content\/uploads\/2019\/03\/image-7.png?fit=840%2C569&amp;ssl=1\" src=\"https:\/\/i2.wp.com\/patrimoine-avesnois.fr\/chemin\/wp-content\/uploads\/2019\/03\/image-7.png?fit=840%2C569\" alt=\"\" class=\"wp-image-388\" width=\"629\" height=\"427\" srcset=\"https:\/\/i0.wp.com\/patrimoine-avesnois.fr\/chemin\/wp-content\/uploads\/2019\/03\/image-7.png?w=1479&amp;ssl=1 1479w, https:\/\/i0.wp.com\/patrimoine-avesnois.fr\/chemin\/wp-content\/uploads\/2019\/03\/image-7.png?resize=300%2C203&amp;ssl=1 300w, https:\/\/i0.wp.com\/patrimoine-avesnois.fr\/chemin\/wp-content\/uploads\/2019\/03\/image-7.png?resize=768%2C521&amp;ssl=1 768w, https:\/\/i0.wp.com\/patrimoine-avesnois.fr\/chemin\/wp-content\/uploads\/2019\/03\/image-7.png?resize=1024%2C694&amp;ssl=1 1024w, https:\/\/i0.wp.com\/patrimoine-avesnois.fr\/chemin\/wp-content\/uploads\/2019\/03\/image-7.png?resize=1200%2C814&amp;ssl=1 1200w\" sizes=\"auto, (max-width: 629px) 85vw, 629px\" \/><figcaption>Le ch\u00e2teau de B\u00e9relles en 1923 voir 1 et 2<\/figcaption><\/figure><\/div>\n\n\n\n<ol class=\"wp-block-list\"><li>Vue prise du S-E, en Hiver. Le centre du village est a droite. Au premier plan, \u00e0 gauche, Julien Cailliez, r\u00e9gisseur du ch\u00e2teau, de la ferme, et du domaine forestier (175 ha.) appartenant alors a Ulysse Rouvi\u00e8re, maire de B\u00e9relles, directeur \u00e0 Jeumont de ,\u00a0\u00bbl&rsquo;Electrique \u00a0\u00bb (anc\u00eatre des F.A.C.E.J. et de Jeumont-Schneider). On aper\u00e7oit un groupe de cinq hommes (le personnel ouvrier) parmi lesquels Alfred Cailliez, fr\u00e8re de Julien, garde-chasse et p\u00eache, Ernest Mairesse, Serge Deltour, et \u00ab le p\u00e8re \u00bb Etienne Noulin, chef de cour, renomm\u00e9 pour les galettes au bl\u00e9 moulu qu&rsquo;il confectionnait lui-m\u00eame afin de nourrir les nombreux chiens de chasse et de garde. <\/li><li>Architecture assez complexe, qui date du dernier quart du XIX e si\u00e8cle lorsque le domaine appartenait au baron Dusart de Molembaix (qui avait aussi, notamment, le ch\u00e2teau de Bellignies). Les b\u00e2timents du bas sont : \u00e0 gauche, la ferme (elle comportait une infirmerie v\u00e9t\u00e9rinaire, non visible ici) ; au centre, avec vitrages, la centrale \u00e9lectrique ; a droite, la chaufferie. L&rsquo;ensemble est b\u00e2ti sur de tr\u00e8s anciennes fondations ; au XVI e si\u00e8cle il y avait encore un ch\u00e2teau-fort qui fut restaur\u00e9 puis d\u00e9moli au XVII e si\u00e8cle.<\/li><\/ol>\n\n\n\n<div class=\"wp-block-image\"><figure class=\"aligncenter is-resized\"><img data-recalc-dims=\"1\" loading=\"lazy\" decoding=\"async\" data-attachment-id=\"356\" data-permalink=\"https:\/\/patrimoine-avesnois.fr\/chemin\/berelles\/480_001-2\/\" data-orig-file=\"https:\/\/i0.wp.com\/patrimoine-avesnois.fr\/chemin\/wp-content\/uploads\/2019\/03\/480_001-1.jpg?fit=888%2C666&amp;ssl=1\" data-orig-size=\"888,666\" data-comments-opened=\"1\" data-image-meta=\"{&quot;aperture&quot;:&quot;0&quot;,&quot;credit&quot;:&quot;&quot;,&quot;camera&quot;:&quot;&quot;,&quot;caption&quot;:&quot;&quot;,&quot;created_timestamp&quot;:&quot;1553695866&quot;,&quot;copyright&quot;:&quot;&quot;,&quot;focal_length&quot;:&quot;0&quot;,&quot;iso&quot;:&quot;0&quot;,&quot;shutter_speed&quot;:&quot;0&quot;,&quot;title&quot;:&quot;&quot;,&quot;orientation&quot;:&quot;1&quot;}\" data-image-title=\"480_001\" data-image-description=\"\" data-image-caption=\"\" data-large-file=\"https:\/\/i0.wp.com\/patrimoine-avesnois.fr\/chemin\/wp-content\/uploads\/2019\/03\/480_001-1.jpg?fit=840%2C630&amp;ssl=1\" src=\"https:\/\/i0.wp.com\/patrimoine-avesnois.fr\/chemin\/wp-content\/uploads\/2019\/03\/480_001-1.jpg?resize=628%2C472\" alt=\"\" class=\"wp-image-356\" width=\"628\" height=\"472\" srcset=\"https:\/\/i0.wp.com\/patrimoine-avesnois.fr\/chemin\/wp-content\/uploads\/2019\/03\/480_001-1.jpg?w=888&amp;ssl=1 888w, https:\/\/i0.wp.com\/patrimoine-avesnois.fr\/chemin\/wp-content\/uploads\/2019\/03\/480_001-1.jpg?resize=300%2C225&amp;ssl=1 300w, https:\/\/i0.wp.com\/patrimoine-avesnois.fr\/chemin\/wp-content\/uploads\/2019\/03\/480_001-1.jpg?resize=768%2C576&amp;ssl=1 768w\" sizes=\"auto, (max-width: 628px) 85vw, 628px\" \/><\/figure><\/div>\n\n\n\n<div class=\"wp-block-image\"><figure class=\"aligncenter\"><img loading=\"lazy\" decoding=\"async\" width=\"726\" height=\"536\" data-attachment-id=\"9598\" data-permalink=\"https:\/\/patrimoine-avesnois.fr\/chemin\/les-chateaux-de-lavesnois-et-leurs-proprietaires\/image-1497\/\" data-orig-file=\"https:\/\/i0.wp.com\/patrimoine-avesnois.fr\/chemin\/wp-content\/uploads\/2020\/03\/image-95.png?fit=726%2C536&amp;ssl=1\" data-orig-size=\"726,536\" data-comments-opened=\"1\" data-image-meta=\"{&quot;aperture&quot;:&quot;0&quot;,&quot;credit&quot;:&quot;&quot;,&quot;camera&quot;:&quot;&quot;,&quot;caption&quot;:&quot;&quot;,&quot;created_timestamp&quot;:&quot;0&quot;,&quot;copyright&quot;:&quot;&quot;,&quot;focal_length&quot;:&quot;0&quot;,&quot;iso&quot;:&quot;0&quot;,&quot;shutter_speed&quot;:&quot;0&quot;,&quot;title&quot;:&quot;&quot;,&quot;orientation&quot;:&quot;0&quot;}\" data-image-title=\"image\" data-image-description=\"\" data-image-caption=\"\" data-large-file=\"https:\/\/i0.wp.com\/patrimoine-avesnois.fr\/chemin\/wp-content\/uploads\/2020\/03\/image-95.png?fit=726%2C536&amp;ssl=1\" src=\"https:\/\/i1.wp.com\/patrimoine-avesnois.fr\/chemin\/wp-content\/uploads\/2020\/03\/image-95.png?resize=630%2C462\" alt=\"\" class=\"wp-image-9598\" srcset=\"https:\/\/i0.wp.com\/patrimoine-avesnois.fr\/chemin\/wp-content\/uploads\/2020\/03\/image-95.png?w=726&amp;ssl=1 726w, https:\/\/i0.wp.com\/patrimoine-avesnois.fr\/chemin\/wp-content\/uploads\/2020\/03\/image-95.png?resize=300%2C221&amp;ssl=1 300w\" sizes=\"auto, (max-width: 726px) 85vw, 726px\" \/><\/figure><\/div>\n\n\n\n<p>Ce ch\u00e2teau f\u00e9odal d\u00e9truit au XVII e  si\u00e8cle fut relev\u00e9 en 1704. Cette demeure aux murs massifs flanqu\u00e9s de tourelles et blanchis \u00e0 la chaux, s&rsquo;\u00e9l\u00e8ve sur le versant sud d&rsquo;un coteau, en face d&rsquo;un bois qu&rsquo;elle domine de ses terrasses.  <br><br><\/p>\n\n\n\n<p><\/p>\n\n\n\n<div class=\"wp-block-image\"><figure class=\"aligncenter\"><img decoding=\"async\" data-attachment-id=\"1199\" data-permalink=\"https:\/\/patrimoine-avesnois.fr\/chemin\/eth\/image-246\/\" data-orig-file=\"https:\/\/i0.wp.com\/patrimoine-avesnois.fr\/chemin\/wp-content\/uploads\/2019\/04\/image-224.png?fit=588%2C537&amp;ssl=1\" data-orig-size=\"588,537\" data-comments-opened=\"1\" data-image-meta=\"{&quot;aperture&quot;:&quot;0&quot;,&quot;credit&quot;:&quot;&quot;,&quot;camera&quot;:&quot;&quot;,&quot;caption&quot;:&quot;&quot;,&quot;created_timestamp&quot;:&quot;0&quot;,&quot;copyright&quot;:&quot;&quot;,&quot;focal_length&quot;:&quot;0&quot;,&quot;iso&quot;:&quot;0&quot;,&quot;shutter_speed&quot;:&quot;0&quot;,&quot;title&quot;:&quot;&quot;,&quot;orientation&quot;:&quot;0&quot;}\" data-image-title=\"image\" data-image-description=\"\" data-image-caption=\"\" data-large-file=\"https:\/\/i0.wp.com\/patrimoine-avesnois.fr\/chemin\/wp-content\/uploads\/2019\/04\/image-224.png?fit=588%2C537&amp;ssl=1\" src=\"http:\/\/i1.wp.com\/www.calvaires-avesnois.fr\/wp-content\/uploads\/2016\/09\/Capturer-25.jpg?resize=544%2C568\" alt=\"Calvaire 11 rue de Cousolre \" class=\"wp-image-1199\"\/><figcaption>Calvaire 11 rue de Cousolre<\/figcaption><\/figure><\/div>\n\n\n\n<p>Calvaire BEVER du nom de son fondateur. Il s\u2019agit tr\u00e8s probablement de Victor Bernard BEVER n\u00e9 en 1804, d\u00e9c\u00e9d\u00e9 en 1876 rue Bout de la Haut, cultivateur et c\u00e9libataire. Il fut maire de 1853 \u00e0 1865.<\/p>\n\n\n\n<p>On peut observer trois oratoires \u00e0 B\u00e9relles :<\/p>\n\n\n\n<div class=\"wp-block-image\"><figure class=\"aligncenter\"><img data-recalc-dims=\"1\" height=\"1024\" width=\"768\" decoding=\"async\" src=\"https:\/\/i0.wp.com\/oratoiresetchapelles-avesnois.fr\/wp-content\/uploads\/2016\/10\/45a.Berelles-Rte-de-Solrinnes-1866-1-768x1024.jpg?resize=768%2C1024\" alt=\"Oratoire Saint Hubert (1866)\" class=\"wp-image-968\"\/><figcaption>Oratoire Saint Hubert (1866)<\/figcaption><\/figure><\/div>\n\n\n\n<p>Oratoire Saint Hubert : au centre de B\u00e9relles \u00e0 l\u2019intersection de la D 80 avec la D 963 (Rue de Solrinnes \/ Route de Jeumont).<\/p>\n\n\n\n<div class=\"wp-block-image\"><figure class=\"aligncenter\"><img data-recalc-dims=\"1\" height=\"1024\" width=\"603\" decoding=\"async\" src=\"https:\/\/i0.wp.com\/oratoiresetchapelles-avesnois.fr\/wp-content\/uploads\/2016\/10\/46.Berelles-D80-ND-Lourdes-1882-603x1024.jpg?resize=603%2C1024\" alt=\"Oratoire N.D de Lourdes (1882)\" class=\"wp-image-969\"\/><figcaption>Oratoire N.D de Lourdes (1882)<\/figcaption><\/figure><\/div>\n\n\n\n<div class=\"wp-block-image\"><figure class=\"aligncenter\"><img data-recalc-dims=\"1\" height=\"1024\" width=\"720\" decoding=\"async\" src=\"https:\/\/i0.wp.com\/oratoiresetchapelles-avesnois.fr\/wp-content\/uploads\/2016\/10\/47.Berelles-au-ch%C3%A2teau-St-Pierre-720x1024.jpg?resize=720%2C1024\" alt=\"Oratoire St Pierre (1809)\" class=\"wp-image-970\"\/><figcaption>Oratoire St Pierre (1809)<\/figcaption><\/figure><\/div>\n\n\n\n<p>Oratoire St Pierre dans le parc du Ch\u00e2teau. Cette belle potale a son premier \u00e9l\u00e9ment en pierre qui fait office de marche. <\/p>\n\n\n\n<div class=\"wp-block-image\"><figure class=\"aligncenter\"><img loading=\"lazy\" decoding=\"async\" width=\"800\" height=\"1067\" data-attachment-id=\"355\" data-permalink=\"https:\/\/patrimoine-avesnois.fr\/chemin\/berelles\/800px-monumentauxmorts210507_66\/\" data-orig-file=\"https:\/\/i0.wp.com\/patrimoine-avesnois.fr\/chemin\/wp-content\/uploads\/2019\/03\/800px-Monumentauxmorts210507_66.jpg?fit=800%2C1067&amp;ssl=1\" data-orig-size=\"800,1067\" data-comments-opened=\"1\" data-image-meta=\"{&quot;aperture&quot;:&quot;0&quot;,&quot;credit&quot;:&quot;&quot;,&quot;camera&quot;:&quot;&quot;,&quot;caption&quot;:&quot;&quot;,&quot;created_timestamp&quot;:&quot;0&quot;,&quot;copyright&quot;:&quot;&quot;,&quot;focal_length&quot;:&quot;0&quot;,&quot;iso&quot;:&quot;0&quot;,&quot;shutter_speed&quot;:&quot;0&quot;,&quot;title&quot;:&quot;&quot;,&quot;orientation&quot;:&quot;0&quot;}\" data-image-title=\"800px-Monumentauxmorts210507_(66)\" data-image-description=\"\" data-image-caption=\"\" data-large-file=\"https:\/\/i0.wp.com\/patrimoine-avesnois.fr\/chemin\/wp-content\/uploads\/2019\/03\/800px-Monumentauxmorts210507_66.jpg?fit=768%2C1024&amp;ssl=1\" src=\"https:\/\/i1.wp.com\/patrimoine-avesnois.fr\/chemin\/wp-content\/uploads\/2019\/03\/800px-Monumentauxmorts210507_66.jpg?fit=768%2C1024\" alt=\"\" class=\"wp-image-355\" srcset=\"https:\/\/i0.wp.com\/patrimoine-avesnois.fr\/chemin\/wp-content\/uploads\/2019\/03\/800px-Monumentauxmorts210507_66.jpg?w=800&amp;ssl=1 800w, https:\/\/i0.wp.com\/patrimoine-avesnois.fr\/chemin\/wp-content\/uploads\/2019\/03\/800px-Monumentauxmorts210507_66.jpg?resize=225%2C300&amp;ssl=1 225w, https:\/\/i0.wp.com\/patrimoine-avesnois.fr\/chemin\/wp-content\/uploads\/2019\/03\/800px-Monumentauxmorts210507_66.jpg?resize=768%2C1024&amp;ssl=1 768w\" sizes=\"auto, (max-width: 800px) 85vw, 800px\" \/><figcaption><a rel=\"noreferrer noopener\" href=\"https:\/\/monumentsmorts.univ-lille.fr\/monument\/87\/berelles-presdeleglise\/\" target=\"_blank\">Le Monument aux Morts de B\u00e9relles<\/a> Photo Universit\u00e9 Lille<\/figcaption><\/figure><\/div>\n\n\n\n<div class=\"wp-block-image\"><figure class=\"aligncenter\"><img loading=\"lazy\" decoding=\"async\" width=\"984\" height=\"985\" data-attachment-id=\"13544\" data-permalink=\"https:\/\/patrimoine-avesnois.fr\/chemin\/3bis-fontaine-colau-a-berelles-2\/\" data-orig-file=\"https:\/\/i0.wp.com\/patrimoine-avesnois.fr\/chemin\/wp-content\/uploads\/2021\/06\/3Bis.Fontaine-Colau-%C3%A0-Berelles-2.jpg?fit=984%2C985&amp;ssl=1\" data-orig-size=\"984,985\" data-comments-opened=\"1\" data-image-meta=\"{&quot;aperture&quot;:&quot;0&quot;,&quot;credit&quot;:&quot;&quot;,&quot;camera&quot;:&quot;&quot;,&quot;caption&quot;:&quot;&quot;,&quot;created_timestamp&quot;:&quot;1624129534&quot;,&quot;copyright&quot;:&quot;&quot;,&quot;focal_length&quot;:&quot;0&quot;,&quot;iso&quot;:&quot;0&quot;,&quot;shutter_speed&quot;:&quot;0&quot;,&quot;title&quot;:&quot;&quot;,&quot;orientation&quot;:&quot;1&quot;}\" data-image-title=\"3Bis.Fontaine-Colau-\u00e0-Berelles-2\" data-image-description=\"\" data-image-caption=\"\" data-large-file=\"https:\/\/i0.wp.com\/patrimoine-avesnois.fr\/chemin\/wp-content\/uploads\/2021\/06\/3Bis.Fontaine-Colau-%C3%A0-Berelles-2.jpg?fit=840%2C841&amp;ssl=1\" src=\"https:\/\/i0.wp.com\/patrimoine-avesnois.fr\/chemin\/wp-content\/uploads\/2021\/06\/3Bis.Fontaine-Colau-\u00e0-Berelles-2.jpg?resize=630%2C630\" alt=\"\" class=\"wp-image-13544\" srcset=\"https:\/\/i0.wp.com\/patrimoine-avesnois.fr\/chemin\/wp-content\/uploads\/2021\/06\/3Bis.Fontaine-Colau-%C3%A0-Berelles-2.jpg?w=984&amp;ssl=1 984w, https:\/\/i0.wp.com\/patrimoine-avesnois.fr\/chemin\/wp-content\/uploads\/2021\/06\/3Bis.Fontaine-Colau-%C3%A0-Berelles-2.jpg?resize=300%2C300&amp;ssl=1 300w, https:\/\/i0.wp.com\/patrimoine-avesnois.fr\/chemin\/wp-content\/uploads\/2021\/06\/3Bis.Fontaine-Colau-%C3%A0-Berelles-2.jpg?resize=150%2C150&amp;ssl=1 150w, https:\/\/i0.wp.com\/patrimoine-avesnois.fr\/chemin\/wp-content\/uploads\/2021\/06\/3Bis.Fontaine-Colau-%C3%A0-Berelles-2.jpg?resize=768%2C769&amp;ssl=1 768w\" sizes=\"auto, (max-width: 709px) 85vw, (max-width: 909px) 67vw, (max-width: 1362px) 62vw, 840px\" \/><figcaption>La Fontaine Colau \u00e0 B\u00e9relles<\/figcaption><\/figure><\/div>\n\n\n\n<div class=\"wp-block-image\"><figure class=\"aligncenter\"><img decoding=\"async\" src=\"https:\/\/upload.wikimedia.org\/wikipedia\/commons\/thumb\/8\/81\/Rue_de_solre160507_%2843%29.JPG\/1280px-Rue_de_solre160507_%2843%29.JPG\" alt=\"\"\/><figcaption>Rue de Solre<\/figcaption><\/figure><\/div>\n\n\n\n<div class=\"wp-block-image\"><figure class=\"aligncenter\"><img decoding=\"async\" src=\"https:\/\/upload.wikimedia.org\/wikipedia\/commons\/thumb\/3\/3f\/Circuitboutdenhaut210507_%2836%29.JPG\/1280px-Circuitboutdenhaut210507_%2836%29.JPG\" alt=\"\"\/><figcaption> Sur le circuit du bout-l\u00e0-haut <\/figcaption><\/figure><\/div>\n","protected":false},"excerpt":{"rendered":"<p>Ce petit village se situe sur le&nbsp;ruisseau du Pont-de-Pierre&nbsp;et la route de Solre \u00e0 Jeumont. En 1128, on le trouvait sous le nom de Berella. Il fut dot\u00e9 de franchises en 1292. Il poss\u00e9dait d\u00e9j\u00e0 au XVI e si\u00e8cle un&nbsp;ch\u00e2teau f\u00e9odal. Une des pierres fun\u00e9raires porte une&nbsp;inscription latine, \u00e0 la m\u00e9moire de Philibert-Fran\u00e7ois de Milot &hellip; <a href=\"https:\/\/patrimoine-avesnois.fr\/chemin\/berelles\/\" class=\"more-link\">Continuer la lecture<span class=\"screen-reader-text\"> de &laquo;&nbsp;B\u00e9relles&nbsp;&raquo;<\/span><\/a><\/p>\n","protected":false},"author":2,"featured_media":0,"parent":0,"menu_order":0,"comment_status":"closed","ping_status":"closed","template":"","meta":{"jetpack_post_was_ever_published":false,"footnotes":""},"class_list":["post-352","page","type-page","status-publish","hentry"],"jetpack_sharing_enabled":true,"jetpack_shortlink":"https:\/\/wp.me\/PaOEkN-5G","jetpack-related-posts":[],"_links":{"self":[{"href":"https:\/\/patrimoine-avesnois.fr\/chemin\/wp-json\/wp\/v2\/pages\/352","targetHints":{"allow":["GET"]}}],"collection":[{"href":"https:\/\/patrimoine-avesnois.fr\/chemin\/wp-json\/wp\/v2\/pages"}],"about":[{"href":"https:\/\/patrimoine-avesnois.fr\/chemin\/wp-json\/wp\/v2\/types\/page"}],"author":[{"embeddable":true,"href":"https:\/\/patrimoine-avesnois.fr\/chemin\/wp-json\/wp\/v2\/users\/2"}],"replies":[{"embeddable":true,"href":"https:\/\/patrimoine-avesnois.fr\/chemin\/wp-json\/wp\/v2\/comments?post=352"}],"version-history":[{"count":0,"href":"https:\/\/patrimoine-avesnois.fr\/chemin\/wp-json\/wp\/v2\/pages\/352\/revisions"}],"wp:attachment":[{"href":"https:\/\/patrimoine-avesnois.fr\/chemin\/wp-json\/wp\/v2\/media?parent=352"}],"curies":[{"name":"wp","href":"https:\/\/api.w.org\/{rel}","templated":true}]}}