{"id":142,"date":"2018-08-14T12:38:33","date_gmt":"2018-08-14T10:38:33","guid":{"rendered":"http:\/\/patrimoine-avesnois.fr\/eglisesfortifiees\/?page_id=142"},"modified":"2023-05-17T19:44:30","modified_gmt":"2023-05-17T17:44:30","slug":"leglise-de-salesches","status":"publish","type":"page","link":"https:\/\/patrimoine-avesnois.fr\/eglisesfortifiees\/leglise-de-salesches\/","title":{"rendered":"L&rsquo;Eglise de Salesches"},"content":{"rendered":"<p style=\"text-align: center;\"><img data-recalc-dims=\"1\" loading=\"lazy\" decoding=\"async\" data-attachment-id=\"144\" data-permalink=\"https:\/\/patrimoine-avesnois.fr\/eglisesfortifiees\/leglise-de-salesches\/img_0025-2\/\" data-orig-file=\"https:\/\/i0.wp.com\/patrimoine-avesnois.fr\/eglisesfortifiees\/wp-content\/uploads\/2018\/08\/IMG_0025-2.jpg?fit=1367%2C1710&amp;ssl=1\" data-orig-size=\"1367,1710\" data-comments-opened=\"1\" data-image-meta=\"{&quot;aperture&quot;:&quot;1.8&quot;,&quot;credit&quot;:&quot;&quot;,&quot;camera&quot;:&quot;iPhone 7&quot;,&quot;caption&quot;:&quot;&quot;,&quot;created_timestamp&quot;:&quot;1534073428&quot;,&quot;copyright&quot;:&quot;&quot;,&quot;focal_length&quot;:&quot;3.99&quot;,&quot;iso&quot;:&quot;20&quot;,&quot;shutter_speed&quot;:&quot;0.00038595137012736&quot;,&quot;title&quot;:&quot;&quot;,&quot;orientation&quot;:&quot;1&quot;}\" data-image-title=\"IMG_0025 (2)\" data-image-description=\"\" data-image-caption=\"\" data-large-file=\"https:\/\/i0.wp.com\/patrimoine-avesnois.fr\/eglisesfortifiees\/wp-content\/uploads\/2018\/08\/IMG_0025-2.jpg?fit=819%2C1024&amp;ssl=1\" class=\"aligncenter wp-image-144\" src=\"https:\/\/i0.wp.com\/patrimoine-avesnois.fr\/eglisesfortifiees\/wp-content\/uploads\/2018\/08\/IMG_0025-2.jpg?resize=490%2C613\" alt=\"\" width=\"490\" height=\"613\" srcset=\"https:\/\/i0.wp.com\/patrimoine-avesnois.fr\/eglisesfortifiees\/wp-content\/uploads\/2018\/08\/IMG_0025-2.jpg?resize=819%2C1024&amp;ssl=1 819w, https:\/\/i0.wp.com\/patrimoine-avesnois.fr\/eglisesfortifiees\/wp-content\/uploads\/2018\/08\/IMG_0025-2.jpg?resize=240%2C300&amp;ssl=1 240w, https:\/\/i0.wp.com\/patrimoine-avesnois.fr\/eglisesfortifiees\/wp-content\/uploads\/2018\/08\/IMG_0025-2.jpg?resize=768%2C961&amp;ssl=1 768w, https:\/\/i0.wp.com\/patrimoine-avesnois.fr\/eglisesfortifiees\/wp-content\/uploads\/2018\/08\/IMG_0025-2.jpg?resize=1200%2C1501&amp;ssl=1 1200w, https:\/\/i0.wp.com\/patrimoine-avesnois.fr\/eglisesfortifiees\/wp-content\/uploads\/2018\/08\/IMG_0025-2.jpg?w=1367&amp;ssl=1 1367w\" sizes=\"auto, (max-width: 490px) 85vw, 490px\" \/><\/p>\n<p style=\"text-align: center;\"><img data-recalc-dims=\"1\" loading=\"lazy\" decoding=\"async\" data-attachment-id=\"146\" data-permalink=\"https:\/\/patrimoine-avesnois.fr\/eglisesfortifiees\/leglise-de-salesches\/img_4374\/\" data-orig-file=\"https:\/\/i0.wp.com\/patrimoine-avesnois.fr\/eglisesfortifiees\/wp-content\/uploads\/2018\/08\/IMG_4374.jpg?fit=3024%2C4032&amp;ssl=1\" data-orig-size=\"3024,4032\" data-comments-opened=\"1\" data-image-meta=\"{&quot;aperture&quot;:&quot;2.2&quot;,&quot;credit&quot;:&quot;&quot;,&quot;camera&quot;:&quot;iPhone SE&quot;,&quot;caption&quot;:&quot;&quot;,&quot;created_timestamp&quot;:&quot;1534073484&quot;,&quot;copyright&quot;:&quot;&quot;,&quot;focal_length&quot;:&quot;4.15&quot;,&quot;iso&quot;:&quot;25&quot;,&quot;shutter_speed&quot;:&quot;0.0047169811320755&quot;,&quot;title&quot;:&quot;&quot;,&quot;orientation&quot;:&quot;1&quot;}\" data-image-title=\"IMG_4374\" data-image-description=\"\" data-image-caption=\"\" data-large-file=\"https:\/\/i0.wp.com\/patrimoine-avesnois.fr\/eglisesfortifiees\/wp-content\/uploads\/2018\/08\/IMG_4374.jpg?fit=768%2C1024&amp;ssl=1\" class=\"alignnone wp-image-146\" src=\"https:\/\/i0.wp.com\/patrimoine-avesnois.fr\/eglisesfortifiees\/wp-content\/uploads\/2018\/08\/IMG_4374.jpg?resize=490%2C653\" alt=\"\" width=\"490\" height=\"653\" srcset=\"https:\/\/i0.wp.com\/patrimoine-avesnois.fr\/eglisesfortifiees\/wp-content\/uploads\/2018\/08\/IMG_4374.jpg?resize=768%2C1024&amp;ssl=1 768w, https:\/\/i0.wp.com\/patrimoine-avesnois.fr\/eglisesfortifiees\/wp-content\/uploads\/2018\/08\/IMG_4374.jpg?resize=225%2C300&amp;ssl=1 225w, https:\/\/i0.wp.com\/patrimoine-avesnois.fr\/eglisesfortifiees\/wp-content\/uploads\/2018\/08\/IMG_4374.jpg?resize=1200%2C1600&amp;ssl=1 1200w, https:\/\/i0.wp.com\/patrimoine-avesnois.fr\/eglisesfortifiees\/wp-content\/uploads\/2018\/08\/IMG_4374.jpg?w=1680 1680w, https:\/\/i0.wp.com\/patrimoine-avesnois.fr\/eglisesfortifiees\/wp-content\/uploads\/2018\/08\/IMG_4374.jpg?w=2520 2520w\" sizes=\"auto, (max-width: 490px) 85vw, 490px\" \/><\/p>\n<p style=\"text-align: center;\"><img data-recalc-dims=\"1\" loading=\"lazy\" decoding=\"async\" data-attachment-id=\"147\" data-permalink=\"https:\/\/patrimoine-avesnois.fr\/eglisesfortifiees\/leglise-de-salesches\/img_4375\/\" data-orig-file=\"https:\/\/i0.wp.com\/patrimoine-avesnois.fr\/eglisesfortifiees\/wp-content\/uploads\/2018\/08\/IMG_4375.jpg?fit=3024%2C4032&amp;ssl=1\" data-orig-size=\"3024,4032\" data-comments-opened=\"1\" data-image-meta=\"{&quot;aperture&quot;:&quot;2.2&quot;,&quot;credit&quot;:&quot;&quot;,&quot;camera&quot;:&quot;iPhone SE&quot;,&quot;caption&quot;:&quot;&quot;,&quot;created_timestamp&quot;:&quot;1534073488&quot;,&quot;copyright&quot;:&quot;&quot;,&quot;focal_length&quot;:&quot;4.15&quot;,&quot;iso&quot;:&quot;25&quot;,&quot;shutter_speed&quot;:&quot;0.0006631299734748&quot;,&quot;title&quot;:&quot;&quot;,&quot;orientation&quot;:&quot;1&quot;}\" data-image-title=\"IMG_4375\" data-image-description=\"\" data-image-caption=\"\" data-large-file=\"https:\/\/i0.wp.com\/patrimoine-avesnois.fr\/eglisesfortifiees\/wp-content\/uploads\/2018\/08\/IMG_4375.jpg?fit=768%2C1024&amp;ssl=1\" class=\"alignnone wp-image-147\" src=\"https:\/\/i0.wp.com\/patrimoine-avesnois.fr\/eglisesfortifiees\/wp-content\/uploads\/2018\/08\/IMG_4375.jpg?resize=490%2C653\" alt=\"\" width=\"490\" height=\"653\" srcset=\"https:\/\/i0.wp.com\/patrimoine-avesnois.fr\/eglisesfortifiees\/wp-content\/uploads\/2018\/08\/IMG_4375.jpg?resize=768%2C1024&amp;ssl=1 768w, https:\/\/i0.wp.com\/patrimoine-avesnois.fr\/eglisesfortifiees\/wp-content\/uploads\/2018\/08\/IMG_4375.jpg?resize=225%2C300&amp;ssl=1 225w, https:\/\/i0.wp.com\/patrimoine-avesnois.fr\/eglisesfortifiees\/wp-content\/uploads\/2018\/08\/IMG_4375.jpg?resize=1200%2C1600&amp;ssl=1 1200w, https:\/\/i0.wp.com\/patrimoine-avesnois.fr\/eglisesfortifiees\/wp-content\/uploads\/2018\/08\/IMG_4375.jpg?w=1680 1680w, https:\/\/i0.wp.com\/patrimoine-avesnois.fr\/eglisesfortifiees\/wp-content\/uploads\/2018\/08\/IMG_4375.jpg?w=2520 2520w\" sizes=\"auto, (max-width: 490px) 85vw, 490px\" \/><\/p>\n<p style=\"text-align: center;\"><img data-recalc-dims=\"1\" loading=\"lazy\" decoding=\"async\" data-attachment-id=\"145\" data-permalink=\"https:\/\/patrimoine-avesnois.fr\/eglisesfortifiees\/leglise-de-salesches\/img_4366\/\" data-orig-file=\"https:\/\/i0.wp.com\/patrimoine-avesnois.fr\/eglisesfortifiees\/wp-content\/uploads\/2018\/08\/IMG_4366.jpg?fit=3024%2C4032&amp;ssl=1\" data-orig-size=\"3024,4032\" data-comments-opened=\"1\" data-image-meta=\"{&quot;aperture&quot;:&quot;2.2&quot;,&quot;credit&quot;:&quot;&quot;,&quot;camera&quot;:&quot;iPhone SE&quot;,&quot;caption&quot;:&quot;&quot;,&quot;created_timestamp&quot;:&quot;1534073220&quot;,&quot;copyright&quot;:&quot;&quot;,&quot;focal_length&quot;:&quot;4.15&quot;,&quot;iso&quot;:&quot;25&quot;,&quot;shutter_speed&quot;:&quot;0.00085763293310463&quot;,&quot;title&quot;:&quot;&quot;,&quot;orientation&quot;:&quot;1&quot;}\" data-image-title=\"IMG_4366\" data-image-description=\"\" data-image-caption=\"\" data-large-file=\"https:\/\/i0.wp.com\/patrimoine-avesnois.fr\/eglisesfortifiees\/wp-content\/uploads\/2018\/08\/IMG_4366.jpg?fit=768%2C1024&amp;ssl=1\" class=\"alignnone wp-image-145\" src=\"https:\/\/i0.wp.com\/patrimoine-avesnois.fr\/eglisesfortifiees\/wp-content\/uploads\/2018\/08\/IMG_4366.jpg?resize=490%2C653\" alt=\"\" width=\"490\" height=\"653\" srcset=\"https:\/\/i0.wp.com\/patrimoine-avesnois.fr\/eglisesfortifiees\/wp-content\/uploads\/2018\/08\/IMG_4366.jpg?resize=768%2C1024&amp;ssl=1 768w, https:\/\/i0.wp.com\/patrimoine-avesnois.fr\/eglisesfortifiees\/wp-content\/uploads\/2018\/08\/IMG_4366.jpg?resize=225%2C300&amp;ssl=1 225w, https:\/\/i0.wp.com\/patrimoine-avesnois.fr\/eglisesfortifiees\/wp-content\/uploads\/2018\/08\/IMG_4366.jpg?resize=1200%2C1600&amp;ssl=1 1200w, https:\/\/i0.wp.com\/patrimoine-avesnois.fr\/eglisesfortifiees\/wp-content\/uploads\/2018\/08\/IMG_4366.jpg?w=1680 1680w, https:\/\/i0.wp.com\/patrimoine-avesnois.fr\/eglisesfortifiees\/wp-content\/uploads\/2018\/08\/IMG_4366.jpg?w=2520 2520w\" sizes=\"auto, (max-width: 490px) 85vw, 490px\" \/><\/p>\n<p>Vers 1600, la tour de l\u2019\u00e9glise servait de poste d\u2019observation. L\u2019ensemble \u00e9tait compos\u00e9 de \u00ab\u00a0la tour de l\u2019\u00e9glise isol\u00e9e derri\u00e8re une courtine et d\u2019une tour de d\u00e9fense aras\u00e9e \u00e0 son sommet\u00a0\u00bb.<\/p>\n<p>En 1693, les villageois de Salesches r\u00e9\u00e9difi\u00e8rent l\u2019\u00e9glise Saint Quinibert et bien que consid\u00e9rablement remani\u00e9e, certains \u00e9l\u00e9ments fortifi\u00e9s sont encore visibles.<\/p>\n","protected":false},"excerpt":{"rendered":"<p>Vers 1600, la tour de l\u2019\u00e9glise servait de poste d\u2019observation. L\u2019ensemble \u00e9tait compos\u00e9 de \u00ab\u00a0la tour de l\u2019\u00e9glise isol\u00e9e derri\u00e8re une courtine et d\u2019une tour de d\u00e9fense aras\u00e9e \u00e0 son sommet\u00a0\u00bb. En 1693, les villageois de Salesches r\u00e9\u00e9difi\u00e8rent l\u2019\u00e9glise Saint Quinibert et bien que consid\u00e9rablement remani\u00e9e, certains \u00e9l\u00e9ments fortifi\u00e9s sont encore visibles.<\/p>\n","protected":false},"author":2,"featured_media":0,"parent":0,"menu_order":25,"comment_status":"closed","ping_status":"closed","template":"","meta":{"jetpack_post_was_ever_published":false,"footnotes":""},"class_list":["post-142","page","type-page","status-publish","hentry"],"jetpack_sharing_enabled":true,"jetpack_shortlink":"https:\/\/wp.me\/PacK2X-2i","jetpack-related-posts":[],"_links":{"self":[{"href":"https:\/\/patrimoine-avesnois.fr\/eglisesfortifiees\/wp-json\/wp\/v2\/pages\/142","targetHints":{"allow":["GET"]}}],"collection":[{"href":"https:\/\/patrimoine-avesnois.fr\/eglisesfortifiees\/wp-json\/wp\/v2\/pages"}],"about":[{"href":"https:\/\/patrimoine-avesnois.fr\/eglisesfortifiees\/wp-json\/wp\/v2\/types\/page"}],"author":[{"embeddable":true,"href":"https:\/\/patrimoine-avesnois.fr\/eglisesfortifiees\/wp-json\/wp\/v2\/users\/2"}],"replies":[{"embeddable":true,"href":"https:\/\/patrimoine-avesnois.fr\/eglisesfortifiees\/wp-json\/wp\/v2\/comments?post=142"}],"version-history":[{"count":3,"href":"https:\/\/patrimoine-avesnois.fr\/eglisesfortifiees\/wp-json\/wp\/v2\/pages\/142\/revisions"}],"predecessor-version":[{"id":150,"href":"https:\/\/patrimoine-avesnois.fr\/eglisesfortifiees\/wp-json\/wp\/v2\/pages\/142\/revisions\/150"}],"wp:attachment":[{"href":"https:\/\/patrimoine-avesnois.fr\/eglisesfortifiees\/wp-json\/wp\/v2\/media?parent=142"}],"curies":[{"name":"wp","href":"https:\/\/api.w.org\/{rel}","templated":true}]}}

<p style="text-align: center;"><img data-recalc-dims="1" loading="lazy" decoding="async" data-attachment-id="144" data-permalink="https://patrimoine-avesnois.fr/eglisesfortifiees/leglise-de-salesches/img_0025-2/" data-orig-file="https://i0.wp.com/patrimoine-avesnois.fr/eglisesfortifiees/wp-content/uploads/2018/08/IMG_0025-2.jpg?fit=1367%2C1710&amp;ssl=1" data-orig-size="1367,1710" data-comments-opened="1" data-image-meta="{&quot;aperture&quot;:&quot;1.8&quot;,&quot;credit&quot;:&quot;&quot;,&quot;camera&quot;:&quot;iPhone 7&quot;,&quot;caption&quot;:&quot;&quot;,&quot;created_timestamp&quot;:&quot;1534073428&quot;,&quot;copyright&quot;:&quot;&quot;,&quot;focal_length&quot;:&quot;3.99&quot;,&quot;iso&quot;:&quot;20&quot;,&quot;shutter_speed&quot;:&quot;0.00038595137012736&quot;,&quot;title&quot;:&quot;&quot;,&quot;orientation&quot;:&quot;1&quot;}" data-image-title="IMG_0025 (2)" data-image-description="" data-image-caption="" data-large-file="https://i0.wp.com/patrimoine-avesnois.fr/eglisesfortifiees/wp-content/uploads/2018/08/IMG_0025-2.jpg?fit=819%2C1024&amp;ssl=1" class="aligncenter wp-image-144" src="https://i0.wp.com/patrimoine-avesnois.fr/eglisesfortifiees/wp-content/uploads/2018/08/IMG_0025-2.jpg?resize=490%2C613" alt="" width="490" height="613" srcset="https://i0.wp.com/patrimoine-avesnois.fr/eglisesfortifiees/wp-content/uploads/2018/08/IMG_0025-2.jpg?resize=819%2C1024&amp;ssl=1 819w, https://i0.wp.com/patrimoine-avesnois.fr/eglisesfortifiees/wp-content/uploads/2018/08/IMG_0025-2.jpg?resize=240%2C300&amp;ssl=1 240w, https://i0.wp.com/patrimoine-avesnois.fr/eglisesfortifiees/wp-content/uploads/2018/08/IMG_0025-2.jpg?resize=768%2C961&amp;ssl=1 768w, https://i0.wp.com/patrimoine-avesnois.fr/eglisesfortifiees/wp-content/uploads/2018/08/IMG_0025-2.jpg?resize=1200%2C1501&amp;ssl=1 1200w, https://i0.wp.com/patrimoine-avesnois.fr/eglisesfortifiees/wp-content/uploads/2018/08/IMG_0025-2.jpg?w=1367&amp;ssl=1 1367w" sizes="auto, (max-width: 490px) 85vw, 490px" /></p>
<p style="text-align: center;"><img data-recalc-dims="1" loading="lazy" decoding="async" data-attachment-id="146" data-permalink="https://patrimoine-avesnois.fr/eglisesfortifiees/leglise-de-salesches/img_4374/" data-orig-file="https://i0.wp.com/patrimoine-avesnois.fr/eglisesfortifiees/wp-content/uploads/2018/08/IMG_4374.jpg?fit=3024%2C4032&amp;ssl=1" data-orig-size="3024,4032" data-comments-opened="1" data-image-meta="{&quot;aperture&quot;:&quot;2.2&quot;,&quot;credit&quot;:&quot;&quot;,&quot;camera&quot;:&quot;iPhone SE&quot;,&quot;caption&quot;:&quot;&quot;,&quot;created_timestamp&quot;:&quot;1534073484&quot;,&quot;copyright&quot;:&quot;&quot;,&quot;focal_length&quot;:&quot;4.15&quot;,&quot;iso&quot;:&quot;25&quot;,&quot;shutter_speed&quot;:&quot;0.0047169811320755&quot;,&quot;title&quot;:&quot;&quot;,&quot;orientation&quot;:&quot;1&quot;}" data-image-title="IMG_4374" data-image-description="" data-image-caption="" data-large-file="https://i0.wp.com/patrimoine-avesnois.fr/eglisesfortifiees/wp-content/uploads/2018/08/IMG_4374.jpg?fit=768%2C1024&amp;ssl=1" class="alignnone wp-image-146" src="https://i0.wp.com/patrimoine-avesnois.fr/eglisesfortifiees/wp-content/uploads/2018/08/IMG_4374.jpg?resize=490%2C653" alt="" width="490" height="653" srcset="https://i0.wp.com/patrimoine-avesnois.fr/eglisesfortifiees/wp-content/uploads/2018/08/IMG_4374.jpg?resize=768%2C1024&amp;ssl=1 768w, https://i0.wp.com/patrimoine-avesnois.fr/eglisesfortifiees/wp-content/uploads/2018/08/IMG_4374.jpg?resize=225%2C300&amp;ssl=1 225w, https://i0.wp.com/patrimoine-avesnois.fr/eglisesfortifiees/wp-content/uploads/2018/08/IMG_4374.jpg?resize=1200%2C1600&amp;ssl=1 1200w, https://i0.wp.com/patrimoine-avesnois.fr/eglisesfortifiees/wp-content/uploads/2018/08/IMG_4374.jpg?w=1680 1680w, https://i0.wp.com/patrimoine-avesnois.fr/eglisesfortifiees/wp-content/uploads/2018/08/IMG_4374.jpg?w=2520 2520w" sizes="auto, (max-width: 490px) 85vw, 490px" /></p>
<p style="text-align: center;"><img data-recalc-dims="1" loading="lazy" decoding="async" data-attachment-id="147" data-permalink="https://patrimoine-avesnois.fr/eglisesfortifiees/leglise-de-salesches/img_4375/" data-orig-file="https://i0.wp.com/patrimoine-avesnois.fr/eglisesfortifiees/wp-content/uploads/2018/08/IMG_4375.jpg?fit=3024%2C4032&amp;ssl=1" data-orig-size="3024,4032" data-comments-opened="1" data-image-meta="{&quot;aperture&quot;:&quot;2.2&quot;,&quot;credit&quot;:&quot;&quot;,&quot;camera&quot;:&quot;iPhone SE&quot;,&quot;caption&quot;:&quot;&quot;,&quot;created_timestamp&quot;:&quot;1534073488&quot;,&quot;copyright&quot;:&quot;&quot;,&quot;focal_length&quot;:&quot;4.15&quot;,&quot;iso&quot;:&quot;25&quot;,&quot;shutter_speed&quot;:&quot;0.0006631299734748&quot;,&quot;title&quot;:&quot;&quot;,&quot;orientation&quot;:&quot;1&quot;}" data-image-title="IMG_4375" data-image-description="" data-image-caption="" data-large-file="https://i0.wp.com/patrimoine-avesnois.fr/eglisesfortifiees/wp-content/uploads/2018/08/IMG_4375.jpg?fit=768%2C1024&amp;ssl=1" class="alignnone wp-image-147" src="https://i0.wp.com/patrimoine-avesnois.fr/eglisesfortifiees/wp-content/uploads/2018/08/IMG_4375.jpg?resize=490%2C653" alt="" width="490" height="653" srcset="https://i0.wp.com/patrimoine-avesnois.fr/eglisesfortifiees/wp-content/uploads/2018/08/IMG_4375.jpg?resize=768%2C1024&amp;ssl=1 768w, https://i0.wp.com/patrimoine-avesnois.fr/eglisesfortifiees/wp-content/uploads/2018/08/IMG_4375.jpg?resize=225%2C300&amp;ssl=1 225w, https://i0.wp.com/patrimoine-avesnois.fr/eglisesfortifiees/wp-content/uploads/2018/08/IMG_4375.jpg?resize=1200%2C1600&amp;ssl=1 1200w, https://i0.wp.com/patrimoine-avesnois.fr/eglisesfortifiees/wp-content/uploads/2018/08/IMG_4375.jpg?w=1680 1680w, https://i0.wp.com/patrimoine-avesnois.fr/eglisesfortifiees/wp-content/uploads/2018/08/IMG_4375.jpg?w=2520 2520w" sizes="auto, (max-width: 490px) 85vw, 490px" /></p>
<p style="text-align: center;"><img data-recalc-dims="1" loading="lazy" decoding="async" data-attachment-id="145" data-permalink="https://patrimoine-avesnois.fr/eglisesfortifiees/leglise-de-salesches/img_4366/" data-orig-file="https://i0.wp.com/patrimoine-avesnois.fr/eglisesfortifiees/wp-content/uploads/2018/08/IMG_4366.jpg?fit=3024%2C4032&amp;ssl=1" data-orig-size="3024,4032" data-comments-opened="1" data-image-meta="{&quot;aperture&quot;:&quot;2.2&quot;,&quot;credit&quot;:&quot;&quot;,&quot;camera&quot;:&quot;iPhone SE&quot;,&quot;caption&quot;:&quot;&quot;,&quot;created_timestamp&quot;:&quot;1534073220&quot;,&quot;copyright&quot;:&quot;&quot;,&quot;focal_length&quot;:&quot;4.15&quot;,&quot;iso&quot;:&quot;25&quot;,&quot;shutter_speed&quot;:&quot;0.00085763293310463&quot;,&quot;title&quot;:&quot;&quot;,&quot;orientation&quot;:&quot;1&quot;}" data-image-title="IMG_4366" data-image-description="" data-image-caption="" data-large-file="https://i0.wp.com/patrimoine-avesnois.fr/eglisesfortifiees/wp-content/uploads/2018/08/IMG_4366.jpg?fit=768%2C1024&amp;ssl=1" class="alignnone wp-image-145" src="https://i0.wp.com/patrimoine-avesnois.fr/eglisesfortifiees/wp-content/uploads/2018/08/IMG_4366.jpg?resize=490%2C653" alt="" width="490" height="653" srcset="https://i0.wp.com/patrimoine-avesnois.fr/eglisesfortifiees/wp-content/uploads/2018/08/IMG_4366.jpg?resize=768%2C1024&amp;ssl=1 768w, https://i0.wp.com/patrimoine-avesnois.fr/eglisesfortifiees/wp-content/uploads/2018/08/IMG_4366.jpg?resize=225%2C300&amp;ssl=1 225w, https://i0.wp.com/patrimoine-avesnois.fr/eglisesfortifiees/wp-content/uploads/2018/08/IMG_4366.jpg?resize=1200%2C1600&amp;ssl=1 1200w, https://i0.wp.com/patrimoine-avesnois.fr/eglisesfortifiees/wp-content/uploads/2018/08/IMG_4366.jpg?w=1680 1680w, https://i0.wp.com/patrimoine-avesnois.fr/eglisesfortifiees/wp-content/uploads/2018/08/IMG_4366.jpg?w=2520 2520w" sizes="auto, (max-width: 490px) 85vw, 490px" /></p>
<p>Vers 1600, la tour de l’église servait de poste d’observation. L’ensemble était composé de « la tour de l’église isolée derrière une courtine et d’une tour de défense arasée à son sommet ».</p>
<p>En 1693, les villageois de Salesches réédifièrent l’église Saint Quinibert et bien que considérablement remaniée, certains éléments fortifiés sont encore visibles.</p>

<p>Vers 1600, la tour de l’église servait de poste d’observation. L’ensemble était composé de « la tour de l’église isolée derrière une courtine et d’une tour de défense arasée à son sommet ». En 1693, les villageois de Salesches réédifièrent l’église Saint Quinibert et bien que considérablement remaniée, certains éléments fortifiés sont encore visibles.</p>
