{"id":27,"date":"2018-08-13T19:04:51","date_gmt":"2018-08-13T17:04:51","guid":{"rendered":"http:\/\/patrimoine-avesnois.fr\/eglisesfortifiees\/?page_id=27"},"modified":"2023-05-17T19:42:27","modified_gmt":"2023-05-17T17:42:27","slug":"leglise-de-bersillies","status":"publish","type":"page","link":"https:\/\/patrimoine-avesnois.fr\/eglisesfortifiees\/leglise-de-bersillies\/","title":{"rendered":"L&rsquo;Eglise de Bersillies"},"content":{"rendered":"<p><img data-recalc-dims=\"1\" loading=\"lazy\" decoding=\"async\" data-attachment-id=\"28\" data-permalink=\"https:\/\/patrimoine-avesnois.fr\/eglisesfortifiees\/leglise-de-bersillies\/bersillies3\/\" data-orig-file=\"https:\/\/i0.wp.com\/patrimoine-avesnois.fr\/eglisesfortifiees\/wp-content\/uploads\/2018\/08\/Bersillies3.jpg?fit=2592%2C4608&amp;ssl=1\" data-orig-size=\"2592,4608\" data-comments-opened=\"1\" data-image-meta=\"{&quot;aperture&quot;:&quot;8.8&quot;,&quot;credit&quot;:&quot;&quot;,&quot;camera&quot;:&quot;DMC-SZ10&quot;,&quot;caption&quot;:&quot;&quot;,&quot;created_timestamp&quot;:&quot;1534155291&quot;,&quot;copyright&quot;:&quot;&quot;,&quot;focal_length&quot;:&quot;5.8&quot;,&quot;iso&quot;:&quot;100&quot;,&quot;shutter_speed&quot;:&quot;0.002&quot;,&quot;title&quot;:&quot;&quot;,&quot;orientation&quot;:&quot;1&quot;}\" data-image-title=\"Bersillies3\" data-image-description=\"\" data-image-caption=\"\" data-large-file=\"https:\/\/i0.wp.com\/patrimoine-avesnois.fr\/eglisesfortifiees\/wp-content\/uploads\/2018\/08\/Bersillies3.jpg?fit=576%2C1024&amp;ssl=1\" class=\"aligncenter wp-image-28\" src=\"https:\/\/i0.wp.com\/patrimoine-avesnois.fr\/eglisesfortifiees\/wp-content\/uploads\/2018\/08\/Bersillies3.jpg?resize=450%2C800\" alt=\"\" width=\"450\" height=\"800\" srcset=\"https:\/\/i0.wp.com\/patrimoine-avesnois.fr\/eglisesfortifiees\/wp-content\/uploads\/2018\/08\/Bersillies3.jpg?resize=576%2C1024&amp;ssl=1 576w, https:\/\/i0.wp.com\/patrimoine-avesnois.fr\/eglisesfortifiees\/wp-content\/uploads\/2018\/08\/Bersillies3.jpg?resize=169%2C300&amp;ssl=1 169w, https:\/\/i0.wp.com\/patrimoine-avesnois.fr\/eglisesfortifiees\/wp-content\/uploads\/2018\/08\/Bersillies3.jpg?resize=768%2C1365&amp;ssl=1 768w, https:\/\/i0.wp.com\/patrimoine-avesnois.fr\/eglisesfortifiees\/wp-content\/uploads\/2018\/08\/Bersillies3.jpg?resize=1200%2C2133&amp;ssl=1 1200w, https:\/\/i0.wp.com\/patrimoine-avesnois.fr\/eglisesfortifiees\/wp-content\/uploads\/2018\/08\/Bersillies3.jpg?w=1680 1680w, https:\/\/i0.wp.com\/patrimoine-avesnois.fr\/eglisesfortifiees\/wp-content\/uploads\/2018\/08\/Bersillies3.jpg?w=2520 2520w\" sizes=\"auto, (max-width: 450px) 85vw, 450px\" \/><\/p>\n<p style=\"text-align: center;\"><img data-recalc-dims=\"1\" loading=\"lazy\" decoding=\"async\" data-attachment-id=\"31\" data-permalink=\"https:\/\/patrimoine-avesnois.fr\/eglisesfortifiees\/leglise-de-bersillies\/bersillies\/\" data-orig-file=\"https:\/\/i0.wp.com\/patrimoine-avesnois.fr\/eglisesfortifiees\/wp-content\/uploads\/2018\/08\/Bersillies.jpg?fit=450%2C600&amp;ssl=1\" data-orig-size=\"450,600\" data-comments-opened=\"1\" data-image-meta=\"{&quot;aperture&quot;:&quot;0&quot;,&quot;credit&quot;:&quot;&quot;,&quot;camera&quot;:&quot;&quot;,&quot;caption&quot;:&quot;&quot;,&quot;created_timestamp&quot;:&quot;0&quot;,&quot;copyright&quot;:&quot;&quot;,&quot;focal_length&quot;:&quot;0&quot;,&quot;iso&quot;:&quot;0&quot;,&quot;shutter_speed&quot;:&quot;0&quot;,&quot;title&quot;:&quot;&quot;,&quot;orientation&quot;:&quot;0&quot;}\" data-image-title=\"Bersillies\" data-image-description=\"\" data-image-caption=\"\" data-large-file=\"https:\/\/i0.wp.com\/patrimoine-avesnois.fr\/eglisesfortifiees\/wp-content\/uploads\/2018\/08\/Bersillies.jpg?fit=450%2C600&amp;ssl=1\" class=\"alignnone wp-image-31 size-full\" src=\"https:\/\/i0.wp.com\/patrimoine-avesnois.fr\/eglisesfortifiees\/wp-content\/uploads\/2018\/08\/Bersillies.jpg?resize=450%2C600\" alt=\"\" width=\"450\" height=\"600\" srcset=\"https:\/\/i0.wp.com\/patrimoine-avesnois.fr\/eglisesfortifiees\/wp-content\/uploads\/2018\/08\/Bersillies.jpg?w=450&amp;ssl=1 450w, https:\/\/i0.wp.com\/patrimoine-avesnois.fr\/eglisesfortifiees\/wp-content\/uploads\/2018\/08\/Bersillies.jpg?resize=225%2C300&amp;ssl=1 225w\" sizes=\"auto, (max-width: 450px) 85vw, 450px\" \/><\/p>\n<p style=\"text-align: center;\"><img data-recalc-dims=\"1\" loading=\"lazy\" decoding=\"async\" data-attachment-id=\"29\" data-permalink=\"https:\/\/patrimoine-avesnois.fr\/eglisesfortifiees\/leglise-de-bersillies\/bersillies2\/\" data-orig-file=\"https:\/\/i0.wp.com\/patrimoine-avesnois.fr\/eglisesfortifiees\/wp-content\/uploads\/2018\/08\/Bersillies2.jpg?fit=4608%2C2592&amp;ssl=1\" data-orig-size=\"4608,2592\" data-comments-opened=\"1\" data-image-meta=\"{&quot;aperture&quot;:&quot;7.8&quot;,&quot;credit&quot;:&quot;&quot;,&quot;camera&quot;:&quot;DMC-SZ10&quot;,&quot;caption&quot;:&quot;&quot;,&quot;created_timestamp&quot;:&quot;1534155176&quot;,&quot;copyright&quot;:&quot;&quot;,&quot;focal_length&quot;:&quot;4.3&quot;,&quot;iso&quot;:&quot;100&quot;,&quot;shutter_speed&quot;:&quot;0.0025&quot;,&quot;title&quot;:&quot;&quot;,&quot;orientation&quot;:&quot;1&quot;}\" data-image-title=\"Bersillies2\" data-image-description=\"\" data-image-caption=\"\" data-large-file=\"https:\/\/i0.wp.com\/patrimoine-avesnois.fr\/eglisesfortifiees\/wp-content\/uploads\/2018\/08\/Bersillies2.jpg?fit=840%2C473&amp;ssl=1\" class=\"size-large wp-image-29 aligncenter\" src=\"https:\/\/i0.wp.com\/patrimoine-avesnois.fr\/eglisesfortifiees\/wp-content\/uploads\/2018\/08\/Bersillies2.jpg?resize=840%2C473\" alt=\"\" width=\"840\" height=\"473\" srcset=\"https:\/\/i0.wp.com\/patrimoine-avesnois.fr\/eglisesfortifiees\/wp-content\/uploads\/2018\/08\/Bersillies2.jpg?resize=1024%2C576&amp;ssl=1 1024w, https:\/\/i0.wp.com\/patrimoine-avesnois.fr\/eglisesfortifiees\/wp-content\/uploads\/2018\/08\/Bersillies2.jpg?resize=300%2C169&amp;ssl=1 300w, https:\/\/i0.wp.com\/patrimoine-avesnois.fr\/eglisesfortifiees\/wp-content\/uploads\/2018\/08\/Bersillies2.jpg?resize=768%2C432&amp;ssl=1 768w, https:\/\/i0.wp.com\/patrimoine-avesnois.fr\/eglisesfortifiees\/wp-content\/uploads\/2018\/08\/Bersillies2.jpg?resize=1200%2C675&amp;ssl=1 1200w, https:\/\/i0.wp.com\/patrimoine-avesnois.fr\/eglisesfortifiees\/wp-content\/uploads\/2018\/08\/Bersillies2.jpg?w=1680 1680w, https:\/\/i0.wp.com\/patrimoine-avesnois.fr\/eglisesfortifiees\/wp-content\/uploads\/2018\/08\/Bersillies2.jpg?w=2520 2520w\" sizes=\"auto, (max-width: 709px) 85vw, (max-width: 909px) 67vw, (max-width: 1362px) 62vw, 840px\" \/><\/p>\n<p style=\"text-align: center;\"><img data-recalc-dims=\"1\" loading=\"lazy\" decoding=\"async\" data-attachment-id=\"32\" data-permalink=\"https:\/\/patrimoine-avesnois.fr\/eglisesfortifiees\/leglise-de-bersillies\/bersillies4-2\/\" data-orig-file=\"https:\/\/i0.wp.com\/patrimoine-avesnois.fr\/eglisesfortifiees\/wp-content\/uploads\/2018\/08\/Bersillies4-2.jpg?fit=4608%2C2592&amp;ssl=1\" data-orig-size=\"4608,2592\" data-comments-opened=\"1\" data-image-meta=\"{&quot;aperture&quot;:&quot;7.8&quot;,&quot;credit&quot;:&quot;&quot;,&quot;camera&quot;:&quot;DMC-SZ10&quot;,&quot;caption&quot;:&quot;&quot;,&quot;created_timestamp&quot;:&quot;1534155341&quot;,&quot;copyright&quot;:&quot;&quot;,&quot;focal_length&quot;:&quot;4.3&quot;,&quot;iso&quot;:&quot;100&quot;,&quot;shutter_speed&quot;:&quot;0.0025&quot;,&quot;title&quot;:&quot;&quot;,&quot;orientation&quot;:&quot;1&quot;}\" data-image-title=\"Bersillies4 (2)\" data-image-description=\"\" data-image-caption=\"\" data-large-file=\"https:\/\/i0.wp.com\/patrimoine-avesnois.fr\/eglisesfortifiees\/wp-content\/uploads\/2018\/08\/Bersillies4-2.jpg?fit=840%2C473&amp;ssl=1\" class=\"alignnone size-large wp-image-32\" src=\"https:\/\/i0.wp.com\/patrimoine-avesnois.fr\/eglisesfortifiees\/wp-content\/uploads\/2018\/08\/Bersillies4-2.jpg?resize=840%2C473\" alt=\"\" width=\"840\" height=\"473\" srcset=\"https:\/\/i0.wp.com\/patrimoine-avesnois.fr\/eglisesfortifiees\/wp-content\/uploads\/2018\/08\/Bersillies4-2.jpg?resize=1024%2C576&amp;ssl=1 1024w, https:\/\/i0.wp.com\/patrimoine-avesnois.fr\/eglisesfortifiees\/wp-content\/uploads\/2018\/08\/Bersillies4-2.jpg?resize=300%2C169&amp;ssl=1 300w, https:\/\/i0.wp.com\/patrimoine-avesnois.fr\/eglisesfortifiees\/wp-content\/uploads\/2018\/08\/Bersillies4-2.jpg?resize=768%2C432&amp;ssl=1 768w, https:\/\/i0.wp.com\/patrimoine-avesnois.fr\/eglisesfortifiees\/wp-content\/uploads\/2018\/08\/Bersillies4-2.jpg?resize=1200%2C675&amp;ssl=1 1200w, https:\/\/i0.wp.com\/patrimoine-avesnois.fr\/eglisesfortifiees\/wp-content\/uploads\/2018\/08\/Bersillies4-2.jpg?w=1680 1680w, https:\/\/i0.wp.com\/patrimoine-avesnois.fr\/eglisesfortifiees\/wp-content\/uploads\/2018\/08\/Bersillies4-2.jpg?w=2520 2520w\" sizes=\"auto, (max-width: 709px) 85vw, (max-width: 909px) 67vw, (max-width: 1362px) 62vw, 840px\" \/><\/p>\n<p style=\"text-align: center;\">\n<p>Les troupes d\u2019Henri II, marchant sur Maubeuge d\u00e9vast\u00e8rent le village en 1554. Cette ann\u00e9e marque le d\u00e9but de la construction de l&rsquo;actuelle \u00e9glise Saint-Aldegonde b\u00e2tie sur un monticule et ceinte de murs, constituant ainsi son syst\u00e8me de d\u00e9fense<\/p>\n","protected":false},"excerpt":{"rendered":"<p>Les troupes d\u2019Henri II, marchant sur Maubeuge d\u00e9vast\u00e8rent le village en 1554. Cette ann\u00e9e marque le d\u00e9but de la construction de l&rsquo;actuelle \u00e9glise Saint-Aldegonde b\u00e2tie sur un monticule et ceinte de murs, constituant ainsi son syst\u00e8me de d\u00e9fense<\/p>\n","protected":false},"author":2,"featured_media":0,"parent":0,"menu_order":7,"comment_status":"closed","ping_status":"closed","template":"","meta":{"jetpack_post_was_ever_published":false,"footnotes":""},"class_list":["post-27","page","type-page","status-publish","hentry"],"jetpack_sharing_enabled":true,"jetpack_shortlink":"https:\/\/wp.me\/PacK2X-r","jetpack-related-posts":[],"_links":{"self":[{"href":"https:\/\/patrimoine-avesnois.fr\/eglisesfortifiees\/wp-json\/wp\/v2\/pages\/27","targetHints":{"allow":["GET"]}}],"collection":[{"href":"https:\/\/patrimoine-avesnois.fr\/eglisesfortifiees\/wp-json\/wp\/v2\/pages"}],"about":[{"href":"https:\/\/patrimoine-avesnois.fr\/eglisesfortifiees\/wp-json\/wp\/v2\/types\/page"}],"author":[{"embeddable":true,"href":"https:\/\/patrimoine-avesnois.fr\/eglisesfortifiees\/wp-json\/wp\/v2\/users\/2"}],"replies":[{"embeddable":true,"href":"https:\/\/patrimoine-avesnois.fr\/eglisesfortifiees\/wp-json\/wp\/v2\/comments?post=27"}],"version-history":[{"count":1,"href":"https:\/\/patrimoine-avesnois.fr\/eglisesfortifiees\/wp-json\/wp\/v2\/pages\/27\/revisions"}],"predecessor-version":[{"id":33,"href":"https:\/\/patrimoine-avesnois.fr\/eglisesfortifiees\/wp-json\/wp\/v2\/pages\/27\/revisions\/33"}],"wp:attachment":[{"href":"https:\/\/patrimoine-avesnois.fr\/eglisesfortifiees\/wp-json\/wp\/v2\/media?parent=27"}],"curies":[{"name":"wp","href":"https:\/\/api.w.org\/{rel}","templated":true}]}}

<p><img data-recalc-dims="1" loading="lazy" decoding="async" data-attachment-id="28" data-permalink="https://patrimoine-avesnois.fr/eglisesfortifiees/leglise-de-bersillies/bersillies3/" data-orig-file="https://i0.wp.com/patrimoine-avesnois.fr/eglisesfortifiees/wp-content/uploads/2018/08/Bersillies3.jpg?fit=2592%2C4608&amp;ssl=1" data-orig-size="2592,4608" data-comments-opened="1" data-image-meta="{&quot;aperture&quot;:&quot;8.8&quot;,&quot;credit&quot;:&quot;&quot;,&quot;camera&quot;:&quot;DMC-SZ10&quot;,&quot;caption&quot;:&quot;&quot;,&quot;created_timestamp&quot;:&quot;1534155291&quot;,&quot;copyright&quot;:&quot;&quot;,&quot;focal_length&quot;:&quot;5.8&quot;,&quot;iso&quot;:&quot;100&quot;,&quot;shutter_speed&quot;:&quot;0.002&quot;,&quot;title&quot;:&quot;&quot;,&quot;orientation&quot;:&quot;1&quot;}" data-image-title="Bersillies3" data-image-description="" data-image-caption="" data-large-file="https://i0.wp.com/patrimoine-avesnois.fr/eglisesfortifiees/wp-content/uploads/2018/08/Bersillies3.jpg?fit=576%2C1024&amp;ssl=1" class="aligncenter wp-image-28" src="https://i0.wp.com/patrimoine-avesnois.fr/eglisesfortifiees/wp-content/uploads/2018/08/Bersillies3.jpg?resize=450%2C800" alt="" width="450" height="800" srcset="https://i0.wp.com/patrimoine-avesnois.fr/eglisesfortifiees/wp-content/uploads/2018/08/Bersillies3.jpg?resize=576%2C1024&amp;ssl=1 576w, https://i0.wp.com/patrimoine-avesnois.fr/eglisesfortifiees/wp-content/uploads/2018/08/Bersillies3.jpg?resize=169%2C300&amp;ssl=1 169w, https://i0.wp.com/patrimoine-avesnois.fr/eglisesfortifiees/wp-content/uploads/2018/08/Bersillies3.jpg?resize=768%2C1365&amp;ssl=1 768w, https://i0.wp.com/patrimoine-avesnois.fr/eglisesfortifiees/wp-content/uploads/2018/08/Bersillies3.jpg?resize=1200%2C2133&amp;ssl=1 1200w, https://i0.wp.com/patrimoine-avesnois.fr/eglisesfortifiees/wp-content/uploads/2018/08/Bersillies3.jpg?w=1680 1680w, https://i0.wp.com/patrimoine-avesnois.fr/eglisesfortifiees/wp-content/uploads/2018/08/Bersillies3.jpg?w=2520 2520w" sizes="auto, (max-width: 450px) 85vw, 450px" /></p>
<p style="text-align: center;"><img data-recalc-dims="1" loading="lazy" decoding="async" data-attachment-id="31" data-permalink="https://patrimoine-avesnois.fr/eglisesfortifiees/leglise-de-bersillies/bersillies/" data-orig-file="https://i0.wp.com/patrimoine-avesnois.fr/eglisesfortifiees/wp-content/uploads/2018/08/Bersillies.jpg?fit=450%2C600&amp;ssl=1" data-orig-size="450,600" data-comments-opened="1" data-image-meta="{&quot;aperture&quot;:&quot;0&quot;,&quot;credit&quot;:&quot;&quot;,&quot;camera&quot;:&quot;&quot;,&quot;caption&quot;:&quot;&quot;,&quot;created_timestamp&quot;:&quot;0&quot;,&quot;copyright&quot;:&quot;&quot;,&quot;focal_length&quot;:&quot;0&quot;,&quot;iso&quot;:&quot;0&quot;,&quot;shutter_speed&quot;:&quot;0&quot;,&quot;title&quot;:&quot;&quot;,&quot;orientation&quot;:&quot;0&quot;}" data-image-title="Bersillies" data-image-description="" data-image-caption="" data-large-file="https://i0.wp.com/patrimoine-avesnois.fr/eglisesfortifiees/wp-content/uploads/2018/08/Bersillies.jpg?fit=450%2C600&amp;ssl=1" class="alignnone wp-image-31 size-full" src="https://i0.wp.com/patrimoine-avesnois.fr/eglisesfortifiees/wp-content/uploads/2018/08/Bersillies.jpg?resize=450%2C600" alt="" width="450" height="600" srcset="https://i0.wp.com/patrimoine-avesnois.fr/eglisesfortifiees/wp-content/uploads/2018/08/Bersillies.jpg?w=450&amp;ssl=1 450w, https://i0.wp.com/patrimoine-avesnois.fr/eglisesfortifiees/wp-content/uploads/2018/08/Bersillies.jpg?resize=225%2C300&amp;ssl=1 225w" sizes="auto, (max-width: 450px) 85vw, 450px" /></p>
<p style="text-align: center;"><img data-recalc-dims="1" loading="lazy" decoding="async" data-attachment-id="29" data-permalink="https://patrimoine-avesnois.fr/eglisesfortifiees/leglise-de-bersillies/bersillies2/" data-orig-file="https://i0.wp.com/patrimoine-avesnois.fr/eglisesfortifiees/wp-content/uploads/2018/08/Bersillies2.jpg?fit=4608%2C2592&amp;ssl=1" data-orig-size="4608,2592" data-comments-opened="1" data-image-meta="{&quot;aperture&quot;:&quot;7.8&quot;,&quot;credit&quot;:&quot;&quot;,&quot;camera&quot;:&quot;DMC-SZ10&quot;,&quot;caption&quot;:&quot;&quot;,&quot;created_timestamp&quot;:&quot;1534155176&quot;,&quot;copyright&quot;:&quot;&quot;,&quot;focal_length&quot;:&quot;4.3&quot;,&quot;iso&quot;:&quot;100&quot;,&quot;shutter_speed&quot;:&quot;0.0025&quot;,&quot;title&quot;:&quot;&quot;,&quot;orientation&quot;:&quot;1&quot;}" data-image-title="Bersillies2" data-image-description="" data-image-caption="" data-large-file="https://i0.wp.com/patrimoine-avesnois.fr/eglisesfortifiees/wp-content/uploads/2018/08/Bersillies2.jpg?fit=840%2C473&amp;ssl=1" class="size-large wp-image-29 aligncenter" src="https://i0.wp.com/patrimoine-avesnois.fr/eglisesfortifiees/wp-content/uploads/2018/08/Bersillies2.jpg?resize=840%2C473" alt="" width="840" height="473" srcset="https://i0.wp.com/patrimoine-avesnois.fr/eglisesfortifiees/wp-content/uploads/2018/08/Bersillies2.jpg?resize=1024%2C576&amp;ssl=1 1024w, https://i0.wp.com/patrimoine-avesnois.fr/eglisesfortifiees/wp-content/uploads/2018/08/Bersillies2.jpg?resize=300%2C169&amp;ssl=1 300w, https://i0.wp.com/patrimoine-avesnois.fr/eglisesfortifiees/wp-content/uploads/2018/08/Bersillies2.jpg?resize=768%2C432&amp;ssl=1 768w, https://i0.wp.com/patrimoine-avesnois.fr/eglisesfortifiees/wp-content/uploads/2018/08/Bersillies2.jpg?resize=1200%2C675&amp;ssl=1 1200w, https://i0.wp.com/patrimoine-avesnois.fr/eglisesfortifiees/wp-content/uploads/2018/08/Bersillies2.jpg?w=1680 1680w, https://i0.wp.com/patrimoine-avesnois.fr/eglisesfortifiees/wp-content/uploads/2018/08/Bersillies2.jpg?w=2520 2520w" sizes="auto, (max-width: 709px) 85vw, (max-width: 909px) 67vw, (max-width: 1362px) 62vw, 840px" /></p>
<p style="text-align: center;"><img data-recalc-dims="1" loading="lazy" decoding="async" data-attachment-id="32" data-permalink="https://patrimoine-avesnois.fr/eglisesfortifiees/leglise-de-bersillies/bersillies4-2/" data-orig-file="https://i0.wp.com/patrimoine-avesnois.fr/eglisesfortifiees/wp-content/uploads/2018/08/Bersillies4-2.jpg?fit=4608%2C2592&amp;ssl=1" data-orig-size="4608,2592" data-comments-opened="1" data-image-meta="{&quot;aperture&quot;:&quot;7.8&quot;,&quot;credit&quot;:&quot;&quot;,&quot;camera&quot;:&quot;DMC-SZ10&quot;,&quot;caption&quot;:&quot;&quot;,&quot;created_timestamp&quot;:&quot;1534155341&quot;,&quot;copyright&quot;:&quot;&quot;,&quot;focal_length&quot;:&quot;4.3&quot;,&quot;iso&quot;:&quot;100&quot;,&quot;shutter_speed&quot;:&quot;0.0025&quot;,&quot;title&quot;:&quot;&quot;,&quot;orientation&quot;:&quot;1&quot;}" data-image-title="Bersillies4 (2)" data-image-description="" data-image-caption="" data-large-file="https://i0.wp.com/patrimoine-avesnois.fr/eglisesfortifiees/wp-content/uploads/2018/08/Bersillies4-2.jpg?fit=840%2C473&amp;ssl=1" class="alignnone size-large wp-image-32" src="https://i0.wp.com/patrimoine-avesnois.fr/eglisesfortifiees/wp-content/uploads/2018/08/Bersillies4-2.jpg?resize=840%2C473" alt="" width="840" height="473" srcset="https://i0.wp.com/patrimoine-avesnois.fr/eglisesfortifiees/wp-content/uploads/2018/08/Bersillies4-2.jpg?resize=1024%2C576&amp;ssl=1 1024w, https://i0.wp.com/patrimoine-avesnois.fr/eglisesfortifiees/wp-content/uploads/2018/08/Bersillies4-2.jpg?resize=300%2C169&amp;ssl=1 300w, https://i0.wp.com/patrimoine-avesnois.fr/eglisesfortifiees/wp-content/uploads/2018/08/Bersillies4-2.jpg?resize=768%2C432&amp;ssl=1 768w, https://i0.wp.com/patrimoine-avesnois.fr/eglisesfortifiees/wp-content/uploads/2018/08/Bersillies4-2.jpg?resize=1200%2C675&amp;ssl=1 1200w, https://i0.wp.com/patrimoine-avesnois.fr/eglisesfortifiees/wp-content/uploads/2018/08/Bersillies4-2.jpg?w=1680 1680w, https://i0.wp.com/patrimoine-avesnois.fr/eglisesfortifiees/wp-content/uploads/2018/08/Bersillies4-2.jpg?w=2520 2520w" sizes="auto, (max-width: 709px) 85vw, (max-width: 909px) 67vw, (max-width: 1362px) 62vw, 840px" /></p>
<p style="text-align: center;">
<p>Les troupes d’Henri II, marchant sur Maubeuge dévastèrent le village en 1554. Cette année marque le début de la construction de l&rsquo;actuelle église Saint-Aldegonde bâtie sur un monticule et ceinte de murs, constituant ainsi son système de défense</p>

<p>Les troupes d’Henri II, marchant sur Maubeuge dévastèrent le village en 1554. Cette année marque le début de la construction de l&rsquo;actuelle église Saint-Aldegonde bâtie sur un monticule et ceinte de murs, constituant ainsi son système de défense</p>
