{"id":115,"date":"2021-07-02T09:48:33","date_gmt":"2021-07-02T07:48:33","guid":{"rendered":"https:\/\/patrimoine-avesnois.fr\/fontaines\/?page_id=115"},"modified":"2022-02-14T16:52:10","modified_gmt":"2022-02-14T15:52:10","slug":"cartignies-les-fontaines-monseu-dupont-et-st-jean","status":"publish","type":"page","link":"https:\/\/patrimoine-avesnois.fr\/fontaines\/cartignies-les-fontaines-monseu-dupont-et-st-jean\/","title":{"rendered":"Cartignies : les fontaines Monseu, Dupont et St Jean, l&rsquo;abreuvoir de la Croisette"},"content":{"rendered":"\n<div class=\"wp-block-image\"><figure class=\"aligncenter size-large is-resized\"><img data-recalc-dims=\"1\" loading=\"lazy\" decoding=\"async\" src=\"https:\/\/i0.wp.com\/patrimoine-avesnois.fr\/fontaines\/wp-content\/uploads\/2021\/07\/Fontaine-Monseu-21-1.jpg?resize=630%2C472&#038;ssl=1\" alt=\"\" class=\"wp-image-119\" width=\"630\" height=\"472\" srcset=\"https:\/\/i0.wp.com\/patrimoine-avesnois.fr\/fontaines\/wp-content\/uploads\/2021\/07\/Fontaine-Monseu-21-1.jpg?w=727&amp;ssl=1 727w, https:\/\/i0.wp.com\/patrimoine-avesnois.fr\/fontaines\/wp-content\/uploads\/2021\/07\/Fontaine-Monseu-21-1.jpg?resize=300%2C224&amp;ssl=1 300w\" sizes=\"auto, (max-width: 630px) 85vw, 630px\" \/><figcaption>Fontaine Monseu <a href=\"https:\/\/archivesdepartementales.lenord.fr\/ark:\/33518\/xv4l3m9kpwh5\/4c7f3b71-8613-493b-ab87-d7541b6ff3d3\" data-type=\"URL\" data-id=\"https:\/\/archivesdepartementales.lenord.fr\/ark:\/33518\/xv4l3m9kpwh5\/4c7f3b71-8613-493b-ab87-d7541b6ff3d3\" target=\"_blank\" rel=\"noreferrer noopener\">\u00e0 la Corbi\u00e8re<\/a><\/figcaption><\/figure><\/div>\n\n\n\n<div class=\"wp-block-image\"><figure class=\"aligncenter size-large is-resized\"><img data-recalc-dims=\"1\" loading=\"lazy\" decoding=\"async\" src=\"https:\/\/i0.wp.com\/patrimoine-avesnois.fr\/fontaines\/wp-content\/uploads\/2021\/07\/Fontaine-GD24-1.jpg?resize=630%2C457&#038;ssl=1\" alt=\"\" class=\"wp-image-120\" width=\"630\" height=\"457\" srcset=\"https:\/\/i0.wp.com\/patrimoine-avesnois.fr\/fontaines\/wp-content\/uploads\/2021\/07\/Fontaine-GD24-1.jpg?w=839&amp;ssl=1 839w, https:\/\/i0.wp.com\/patrimoine-avesnois.fr\/fontaines\/wp-content\/uploads\/2021\/07\/Fontaine-GD24-1.jpg?resize=300%2C218&amp;ssl=1 300w, https:\/\/i0.wp.com\/patrimoine-avesnois.fr\/fontaines\/wp-content\/uploads\/2021\/07\/Fontaine-GD24-1.jpg?resize=768%2C557&amp;ssl=1 768w\" sizes=\"auto, (max-width: 630px) 85vw, 630px\" \/><figcaption>Fontaine Gille Dupont <a href=\"https:\/\/archivesdepartementales.lenord.fr\/ark:\/33518\/xv4l3m9kpwh5\/58742d7c-2ab4-4f9d-a71c-18dd156da563\" data-type=\"URL\" data-id=\"https:\/\/archivesdepartementales.lenord.fr\/ark:\/33518\/xv4l3m9kpwh5\/58742d7c-2ab4-4f9d-a71c-18dd156da563\" target=\"_blank\" rel=\"noreferrer noopener\">\u00e0 la Conroy<\/a><\/figcaption><\/figure><\/div>\n\n\n\n<div class=\"wp-block-image\"><figure class=\"aligncenter size-large is-resized\"><img data-recalc-dims=\"1\" loading=\"lazy\" decoding=\"async\" src=\"https:\/\/i0.wp.com\/patrimoine-avesnois.fr\/fontaines\/wp-content\/uploads\/2021\/07\/Fontaine-St-Jean32-1.jpg?resize=630%2C472&#038;ssl=1\" alt=\"\" class=\"wp-image-121\" width=\"630\" height=\"472\" srcset=\"https:\/\/i0.wp.com\/patrimoine-avesnois.fr\/fontaines\/wp-content\/uploads\/2021\/07\/Fontaine-St-Jean32-1.jpg?w=804&amp;ssl=1 804w, https:\/\/i0.wp.com\/patrimoine-avesnois.fr\/fontaines\/wp-content\/uploads\/2021\/07\/Fontaine-St-Jean32-1.jpg?resize=300%2C225&amp;ssl=1 300w, https:\/\/i0.wp.com\/patrimoine-avesnois.fr\/fontaines\/wp-content\/uploads\/2021\/07\/Fontaine-St-Jean32-1.jpg?resize=768%2C575&amp;ssl=1 768w\" sizes=\"auto, (max-width: 630px) 85vw, 630px\" \/><figcaption>Fontaine St Jean <a href=\"https:\/\/archivesdepartementales.lenord.fr\/ark:\/33518\/xv4l3m9kpwh5\/2925e86c-0d57-42ab-835e-800f6b0265f4\" data-type=\"URL\" data-id=\"https:\/\/archivesdepartementales.lenord.fr\/ark:\/33518\/xv4l3m9kpwh5\/2925e86c-0d57-42ab-835e-800f6b0265f4\" target=\"_blank\" rel=\"noreferrer noopener\">Section Ferme du Veau<\/a><\/figcaption><\/figure><\/div>\n\n\n\n<p>Le territoire de Cartignies \u00a0est fa\u00e7onn\u00e9 par un\u00a0r\u00e9seau hydrographique\u00a0dense. En 1870 trois fontaines y \u00e9taient r\u00e9pertori\u00e9es. La fontaine Monseu se trouvait au bord du ruisseau du Chevireuil. Quant \u00e0 La fontaine Gille Dupont elle devait porter ce nom en l\u2019honneur de son propri\u00e9taire initial. Enfin la fontaine Saint Jean donnait naissance au Ruisseau du Grand Sart. <\/p>\n\n\n\n<div class=\"wp-block-image\"><figure class=\"aligncenter size-large is-resized\"><img data-recalc-dims=\"1\" loading=\"lazy\" decoding=\"async\" src=\"https:\/\/i0.wp.com\/patrimoine-avesnois.fr\/fontaines\/wp-content\/uploads\/2022\/02\/image-9.png?resize=635%2C479&#038;ssl=1\" alt=\"\" class=\"wp-image-1817\" width=\"635\" height=\"479\" srcset=\"https:\/\/i0.wp.com\/patrimoine-avesnois.fr\/fontaines\/wp-content\/uploads\/2022\/02\/image-9.png?resize=1024%2C771&amp;ssl=1 1024w, https:\/\/i0.wp.com\/patrimoine-avesnois.fr\/fontaines\/wp-content\/uploads\/2022\/02\/image-9.png?resize=300%2C226&amp;ssl=1 300w, https:\/\/i0.wp.com\/patrimoine-avesnois.fr\/fontaines\/wp-content\/uploads\/2022\/02\/image-9.png?resize=768%2C578&amp;ssl=1 768w, https:\/\/i0.wp.com\/patrimoine-avesnois.fr\/fontaines\/wp-content\/uploads\/2022\/02\/image-9.png?w=1173&amp;ssl=1 1173w\" sizes=\"auto, (max-width: 635px) 85vw, 635px\" \/><figcaption>Pompe sur le ruisseau de Chevireuil qui va se jeter dans l&rsquo;Helpe Mineure <br>\u00e0 quelques centaines de m\u00e8tres <a rel=\"noreferrer noopener\" href=\"https:\/\/www.google.fr\/maps\/@50.0879079,3.8540473,3a,75y,51.53h,70.28t\/data=!3m6!1e1!3m4!1s8RwOjO2tQnJhbY5ZZ6KKYA!2e0!7i16384!8i8192\" data-type=\"URL\" data-id=\"https:\/\/www.google.fr\/maps\/@50.0879079,3.8540473,3a,75y,51.53h,70.28t\/data=!3m6!1e1!3m4!1s8RwOjO2tQnJhbY5ZZ6KKYA!2e0!7i16384!8i8192\" target=\"_blank\"> La Croisette<\/a><\/figcaption><\/figure><\/div>\n\n\n\n<p>Il se trouvait \u00e9galement sur le territoire de Cartignies, \u00e0 la Croisette un abreuvoir qui fut supprim\u00e9 en 1844 car son emplacement le rendait dangereux. S&rsquo;est substitu\u00e9 une pompe pour les agriculteurs.<\/p>\n","protected":false},"excerpt":{"rendered":"<p>Le territoire de Cartignies \u00a0est fa\u00e7onn\u00e9 par un\u00a0r\u00e9seau hydrographique\u00a0dense. En 1870 trois fontaines y \u00e9taient r\u00e9pertori\u00e9es. La fontaine Monseu se trouvait au bord du ruisseau du Chevireuil. Quant \u00e0 La fontaine Gille Dupont elle devait porter ce nom en l\u2019honneur de son propri\u00e9taire initial. Enfin la fontaine Saint Jean donnait naissance au Ruisseau du Grand &hellip; <a href=\"https:\/\/patrimoine-avesnois.fr\/fontaines\/cartignies-les-fontaines-monseu-dupont-et-st-jean\/\" class=\"more-link\">Continuer la lecture<span class=\"screen-reader-text\"> de &laquo;&nbsp;Cartignies : les fontaines Monseu, Dupont et St Jean, l&rsquo;abreuvoir de la Croisette&nbsp;&raquo;<\/span><\/a><\/p>\n","protected":false},"author":2,"featured_media":0,"parent":0,"menu_order":0,"comment_status":"closed","ping_status":"closed","template":"","meta":{"footnotes":""},"class_list":["post-115","page","type-page","status-publish","hentry"],"jetpack_sharing_enabled":true,"_links":{"self":[{"href":"https:\/\/patrimoine-avesnois.fr\/fontaines\/wp-json\/wp\/v2\/pages\/115","targetHints":{"allow":["GET"]}}],"collection":[{"href":"https:\/\/patrimoine-avesnois.fr\/fontaines\/wp-json\/wp\/v2\/pages"}],"about":[{"href":"https:\/\/patrimoine-avesnois.fr\/fontaines\/wp-json\/wp\/v2\/types\/page"}],"author":[{"embeddable":true,"href":"https:\/\/patrimoine-avesnois.fr\/fontaines\/wp-json\/wp\/v2\/users\/2"}],"replies":[{"embeddable":true,"href":"https:\/\/patrimoine-avesnois.fr\/fontaines\/wp-json\/wp\/v2\/comments?post=115"}],"version-history":[{"count":5,"href":"https:\/\/patrimoine-avesnois.fr\/fontaines\/wp-json\/wp\/v2\/pages\/115\/revisions"}],"predecessor-version":[{"id":1819,"href":"https:\/\/patrimoine-avesnois.fr\/fontaines\/wp-json\/wp\/v2\/pages\/115\/revisions\/1819"}],"wp:attachment":[{"href":"https:\/\/patrimoine-avesnois.fr\/fontaines\/wp-json\/wp\/v2\/media?parent=115"}],"curies":[{"name":"wp","href":"https:\/\/api.w.org\/{rel}","templated":true}]}}

<div class="wp-block-image"><figure class="aligncenter size-large is-resized"><img data-recalc-dims="1" loading="lazy" decoding="async" src="https://i0.wp.com/patrimoine-avesnois.fr/fontaines/wp-content/uploads/2021/07/Fontaine-Monseu-21-1.jpg?resize=630%2C472&#038;ssl=1" alt="" class="wp-image-119" width="630" height="472" srcset="https://i0.wp.com/patrimoine-avesnois.fr/fontaines/wp-content/uploads/2021/07/Fontaine-Monseu-21-1.jpg?w=727&amp;ssl=1 727w, https://i0.wp.com/patrimoine-avesnois.fr/fontaines/wp-content/uploads/2021/07/Fontaine-Monseu-21-1.jpg?resize=300%2C224&amp;ssl=1 300w" sizes="auto, (max-width: 630px) 85vw, 630px" /><figcaption>Fontaine Monseu <a href="https://archivesdepartementales.lenord.fr/ark:/33518/xv4l3m9kpwh5/4c7f3b71-8613-493b-ab87-d7541b6ff3d3" data-type="URL" data-id="https://archivesdepartementales.lenord.fr/ark:/33518/xv4l3m9kpwh5/4c7f3b71-8613-493b-ab87-d7541b6ff3d3" target="_blank" rel="noreferrer noopener">à la Corbière</a></figcaption></figure></div>



<div class="wp-block-image"><figure class="aligncenter size-large is-resized"><img data-recalc-dims="1" loading="lazy" decoding="async" src="https://i0.wp.com/patrimoine-avesnois.fr/fontaines/wp-content/uploads/2021/07/Fontaine-GD24-1.jpg?resize=630%2C457&#038;ssl=1" alt="" class="wp-image-120" width="630" height="457" srcset="https://i0.wp.com/patrimoine-avesnois.fr/fontaines/wp-content/uploads/2021/07/Fontaine-GD24-1.jpg?w=839&amp;ssl=1 839w, https://i0.wp.com/patrimoine-avesnois.fr/fontaines/wp-content/uploads/2021/07/Fontaine-GD24-1.jpg?resize=300%2C218&amp;ssl=1 300w, https://i0.wp.com/patrimoine-avesnois.fr/fontaines/wp-content/uploads/2021/07/Fontaine-GD24-1.jpg?resize=768%2C557&amp;ssl=1 768w" sizes="auto, (max-width: 630px) 85vw, 630px" /><figcaption>Fontaine Gille Dupont <a href="https://archivesdepartementales.lenord.fr/ark:/33518/xv4l3m9kpwh5/58742d7c-2ab4-4f9d-a71c-18dd156da563" data-type="URL" data-id="https://archivesdepartementales.lenord.fr/ark:/33518/xv4l3m9kpwh5/58742d7c-2ab4-4f9d-a71c-18dd156da563" target="_blank" rel="noreferrer noopener">à la Conroy</a></figcaption></figure></div>



<div class="wp-block-image"><figure class="aligncenter size-large is-resized"><img data-recalc-dims="1" loading="lazy" decoding="async" src="https://i0.wp.com/patrimoine-avesnois.fr/fontaines/wp-content/uploads/2021/07/Fontaine-St-Jean32-1.jpg?resize=630%2C472&#038;ssl=1" alt="" class="wp-image-121" width="630" height="472" srcset="https://i0.wp.com/patrimoine-avesnois.fr/fontaines/wp-content/uploads/2021/07/Fontaine-St-Jean32-1.jpg?w=804&amp;ssl=1 804w, https://i0.wp.com/patrimoine-avesnois.fr/fontaines/wp-content/uploads/2021/07/Fontaine-St-Jean32-1.jpg?resize=300%2C225&amp;ssl=1 300w, https://i0.wp.com/patrimoine-avesnois.fr/fontaines/wp-content/uploads/2021/07/Fontaine-St-Jean32-1.jpg?resize=768%2C575&amp;ssl=1 768w" sizes="auto, (max-width: 630px) 85vw, 630px" /><figcaption>Fontaine St Jean <a href="https://archivesdepartementales.lenord.fr/ark:/33518/xv4l3m9kpwh5/2925e86c-0d57-42ab-835e-800f6b0265f4" data-type="URL" data-id="https://archivesdepartementales.lenord.fr/ark:/33518/xv4l3m9kpwh5/2925e86c-0d57-42ab-835e-800f6b0265f4" target="_blank" rel="noreferrer noopener">Section Ferme du Veau</a></figcaption></figure></div>



<p>Le territoire de Cartignies  est façonné par un réseau hydrographique dense. En 1870 trois fontaines y étaient répertoriées. La fontaine Monseu se trouvait au bord du ruisseau du Chevireuil. Quant à La fontaine Gille Dupont elle devait porter ce nom en l’honneur de son propriétaire initial. Enfin la fontaine Saint Jean donnait naissance au Ruisseau du Grand Sart. </p>



<div class="wp-block-image"><figure class="aligncenter size-large is-resized"><img data-recalc-dims="1" loading="lazy" decoding="async" src="https://i0.wp.com/patrimoine-avesnois.fr/fontaines/wp-content/uploads/2022/02/image-9.png?resize=635%2C479&#038;ssl=1" alt="" class="wp-image-1817" width="635" height="479" srcset="https://i0.wp.com/patrimoine-avesnois.fr/fontaines/wp-content/uploads/2022/02/image-9.png?resize=1024%2C771&amp;ssl=1 1024w, https://i0.wp.com/patrimoine-avesnois.fr/fontaines/wp-content/uploads/2022/02/image-9.png?resize=300%2C226&amp;ssl=1 300w, https://i0.wp.com/patrimoine-avesnois.fr/fontaines/wp-content/uploads/2022/02/image-9.png?resize=768%2C578&amp;ssl=1 768w, https://i0.wp.com/patrimoine-avesnois.fr/fontaines/wp-content/uploads/2022/02/image-9.png?w=1173&amp;ssl=1 1173w" sizes="auto, (max-width: 635px) 85vw, 635px" /><figcaption>Pompe sur le ruisseau de Chevireuil qui va se jeter dans l&rsquo;Helpe Mineure <br>à quelques centaines de mètres <a rel="noreferrer noopener" href="https://www.google.fr/maps/@50.0879079,3.8540473,3a,75y,51.53h,70.28t/data=!3m6!1e1!3m4!1s8RwOjO2tQnJhbY5ZZ6KKYA!2e0!7i16384!8i8192" data-type="URL" data-id="https://www.google.fr/maps/@50.0879079,3.8540473,3a,75y,51.53h,70.28t/data=!3m6!1e1!3m4!1s8RwOjO2tQnJhbY5ZZ6KKYA!2e0!7i16384!8i8192" target="_blank"> La Croisette</a></figcaption></figure></div>



<p>Il se trouvait également sur le territoire de Cartignies, à la Croisette un abreuvoir qui fut supprimé en 1844 car son emplacement le rendait dangereux. S&rsquo;est substitué une pompe pour les agriculteurs.</p>

<p>Le territoire de Cartignies  est façonné par un réseau hydrographique dense. En 1870 trois fontaines y étaient répertoriées. La fontaine Monseu se trouvait au bord du ruisseau du Chevireuil. Quant à La fontaine Gille Dupont elle devait porter ce nom en l’honneur de son propriétaire initial. Enfin la fontaine Saint Jean donnait naissance au Ruisseau du Grand &hellip; <a href="https://patrimoine-avesnois.fr/fontaines/cartignies-les-fontaines-monseu-dupont-et-st-jean/" class="more-link">Continuer la lecture<span class="screen-reader-text"> de &laquo;&nbsp;Cartignies : les fontaines Monseu, Dupont et St Jean, l&rsquo;abreuvoir de la Croisette&nbsp;&raquo;</span></a></p>
