{"id":128,"date":"2021-07-02T10:03:45","date_gmt":"2021-07-02T08:03:45","guid":{"rendered":"https:\/\/patrimoine-avesnois.fr\/fontaines\/?page_id=128"},"modified":"2021-07-02T10:09:01","modified_gmt":"2021-07-02T08:09:01","slug":"choisies","status":"publish","type":"page","link":"https:\/\/patrimoine-avesnois.fr\/fontaines\/choisies\/","title":{"rendered":"Choisies : \u00ab\u00a0sa Pompe \u00e0 balancier\u00a0\u00bb et le Rieu de la Fontaine"},"content":{"rendered":"\n<div class=\"wp-block-image\"><figure class=\"aligncenter size-large is-resized\"><img data-recalc-dims=\"1\" loading=\"lazy\" decoding=\"async\" src=\"https:\/\/i0.wp.com\/patrimoine-avesnois.fr\/fontaines\/wp-content\/uploads\/2021\/07\/image.png?resize=630%2C394&#038;ssl=1\" alt=\"\" class=\"wp-image-129\" width=\"630\" height=\"394\" srcset=\"https:\/\/i0.wp.com\/patrimoine-avesnois.fr\/fontaines\/wp-content\/uploads\/2021\/07\/image.png?w=510&amp;ssl=1 510w, https:\/\/i0.wp.com\/patrimoine-avesnois.fr\/fontaines\/wp-content\/uploads\/2021\/07\/image.png?resize=300%2C188&amp;ssl=1 300w\" sizes=\"auto, (max-width: 630px) 85vw, 630px\" \/><\/figure><\/div>\n\n\n\n<p>\u00ab Le photographe tourne le dos \u00e0  Obrechies. Chemin boueux avec orni\u00e8res que l&rsquo;on peut supposer r\u00eal\u00e9es (= tr\u00e8s l\u00e9g\u00e8rement gel\u00e9es). A droite imm\u00e9diatement apr\u00e8s le saule t\u00eatard, la ferme d&rsquo;Eug\u00e8ne Legrand et de sa femme Aline n\u00e9e Duvergnies; apr\u00e8s la grange c&rsquo;est l&rsquo;habitation d&rsquo;Ad\u00e9line Culot aupr\u00e8s de laquelle se trouve <strong>une pompe \u00e0 balancier, d&rsquo;usage public<\/strong>; puis se succ\u00e8dent les fermes de Louis Huv\u00e9noit-Boucneau, Duvivier, BenoitLongfils \u00bb Source : Promenade dans la m\u00e9moire de l\u2019Avesnois Tome 2 Andr\u00e9 Hanot-Andr\u00e9 Pierrard<\/p>\n\n\n\n<div class=\"wp-block-image\"><figure class=\"aligncenter\"><img decoding=\"async\" src=\"https:\/\/i2.wp.com\/patrimoine-avesnois.fr\/chemin\/wp-content\/uploads\/2021\/06\/Pompe-1.jpg?resize=630%2C451\" alt=\"\" class=\"wp-image-13509\"\/><figcaption><a href=\"https:\/\/www.google.com\/maps\/@50.214314,4.043433,3a,75y,276.88h,90.05t\/data=!3m6!1e1!3m4!1sBfz2knFIkaInDIJAdS5kxQ!2e0!7i13312!8i6656?hl=fr\" target=\"_blank\" rel=\"noreferrer noopener\">Grand Rue<\/a> Choisies<\/figcaption><\/figure><\/div>\n\n\n\n<div class=\"wp-block-image\"><figure class=\"aligncenter\"><img decoding=\"async\" src=\"https:\/\/i1.wp.com\/patrimoine-avesnois.fr\/chemin\/wp-content\/uploads\/2021\/06\/Pompe-disparue-4-gd-rue-1.jpg?fit=840%2C516\" alt=\"\" class=\"wp-image-13510\"\/><figcaption>La pompe n\u2019existe plus.<\/figcaption><\/figure><\/div>\n\n\n\n<p class=\"has-text-align-center\">***<\/p>\n\n\n\n<div class=\"wp-block-image\"><figure class=\"aligncenter\"><img decoding=\"async\" src=\"https:\/\/i0.wp.com\/patrimoine-avesnois.fr\/chemin\/wp-content\/uploads\/2021\/06\/Choisies-1.jpg?resize=630%2C472\" alt=\"\" class=\"wp-image-13496\"\/><figcaption>Rieu de la Fontaine Choisies Cadastre 1828 ADN P 31 \/ 679 <a href=\"https:\/\/archivesdepartementales.lenord.fr\/ark:\/33518\/1nb4twvflcmd\/1afbad10-e7bc-4c13-ab04-4c765b29df73\" target=\"_blank\" rel=\"noreferrer noopener\">Vue 2\/5<\/a><\/figcaption><\/figure><\/div>\n\n\n\n<div class=\"wp-block-image\"><figure class=\"aligncenter\"><img decoding=\"async\" src=\"https:\/\/i2.wp.com\/patrimoine-avesnois.fr\/chemin\/wp-content\/uploads\/2021\/06\/Source-ruisseau-de-la-Fontaine-R-de-la-chapelle.jpg?resize=630%2C472\" alt=\"\" class=\"wp-image-13497\"\/><figcaption>Emplacement de la source du Rieu de la Fontaine (le long de la haie, au pied des saules) <a href=\"https:\/\/www.google.com\/maps\/@50.2123709,4.0405245,3a,75y,76.66h,91.35t\/data=!3m6!1e1!3m4!1sB09MebwZ18MacGNvBpT-Nw!2e0!7i13312!8i6656?hl=fr\">Rue de la Chapelle<\/a><\/figcaption><\/figure><\/div>\n","protected":false},"excerpt":{"rendered":"<p>\u00ab Le photographe tourne le dos \u00e0 Obrechies. Chemin boueux avec orni\u00e8res que l&rsquo;on peut supposer r\u00eal\u00e9es (= tr\u00e8s l\u00e9g\u00e8rement gel\u00e9es). A droite imm\u00e9diatement apr\u00e8s le saule t\u00eatard, la ferme d&rsquo;Eug\u00e8ne Legrand et de sa femme Aline n\u00e9e Duvergnies; apr\u00e8s la grange c&rsquo;est l&rsquo;habitation d&rsquo;Ad\u00e9line Culot aupr\u00e8s de laquelle se trouve une pompe \u00e0 balancier, &hellip; <a href=\"https:\/\/patrimoine-avesnois.fr\/fontaines\/choisies\/\" class=\"more-link\">Continuer la lecture<span class=\"screen-reader-text\"> de &laquo;&nbsp;Choisies : \u00ab\u00a0sa Pompe \u00e0 balancier\u00a0\u00bb et le Rieu de la Fontaine&nbsp;&raquo;<\/span><\/a><\/p>\n","protected":false},"author":2,"featured_media":0,"parent":0,"menu_order":0,"comment_status":"closed","ping_status":"closed","template":"","meta":{"footnotes":""},"class_list":["post-128","page","type-page","status-publish","hentry"],"jetpack_sharing_enabled":true,"_links":{"self":[{"href":"https:\/\/patrimoine-avesnois.fr\/fontaines\/wp-json\/wp\/v2\/pages\/128","targetHints":{"allow":["GET"]}}],"collection":[{"href":"https:\/\/patrimoine-avesnois.fr\/fontaines\/wp-json\/wp\/v2\/pages"}],"about":[{"href":"https:\/\/patrimoine-avesnois.fr\/fontaines\/wp-json\/wp\/v2\/types\/page"}],"author":[{"embeddable":true,"href":"https:\/\/patrimoine-avesnois.fr\/fontaines\/wp-json\/wp\/v2\/users\/2"}],"replies":[{"embeddable":true,"href":"https:\/\/patrimoine-avesnois.fr\/fontaines\/wp-json\/wp\/v2\/comments?post=128"}],"version-history":[{"count":5,"href":"https:\/\/patrimoine-avesnois.fr\/fontaines\/wp-json\/wp\/v2\/pages\/128\/revisions"}],"predecessor-version":[{"id":137,"href":"https:\/\/patrimoine-avesnois.fr\/fontaines\/wp-json\/wp\/v2\/pages\/128\/revisions\/137"}],"wp:attachment":[{"href":"https:\/\/patrimoine-avesnois.fr\/fontaines\/wp-json\/wp\/v2\/media?parent=128"}],"curies":[{"name":"wp","href":"https:\/\/api.w.org\/{rel}","templated":true}]}}