{"id":154,"date":"2021-07-02T10:43:43","date_gmt":"2021-07-02T08:43:43","guid":{"rendered":"https:\/\/patrimoine-avesnois.fr\/fontaines\/?page_id=154"},"modified":"2022-01-14T14:42:01","modified_gmt":"2022-01-14T13:42:01","slug":"damousies-le-puits-de-la-place","status":"publish","type":"page","link":"https:\/\/patrimoine-avesnois.fr\/fontaines\/damousies-le-puits-de-la-place\/","title":{"rendered":"Damousies : l&rsquo;ancien lavoir et le Puits de la Place"},"content":{"rendered":"\n<div class=\"wp-block-image\"><figure class=\"aligncenter size-full\"><img data-recalc-dims=\"1\" loading=\"lazy\" decoding=\"async\" width=\"825\" height=\"619\" src=\"https:\/\/i0.wp.com\/patrimoine-avesnois.fr\/fontaines\/wp-content\/uploads\/2022\/01\/Capture-1.jpg?resize=825%2C619&#038;ssl=1\" alt=\"\" class=\"wp-image-1581\" srcset=\"https:\/\/i0.wp.com\/patrimoine-avesnois.fr\/fontaines\/wp-content\/uploads\/2022\/01\/Capture-1.jpg?w=825&amp;ssl=1 825w, https:\/\/i0.wp.com\/patrimoine-avesnois.fr\/fontaines\/wp-content\/uploads\/2022\/01\/Capture-1.jpg?resize=300%2C225&amp;ssl=1 300w, https:\/\/i0.wp.com\/patrimoine-avesnois.fr\/fontaines\/wp-content\/uploads\/2022\/01\/Capture-1.jpg?resize=768%2C576&amp;ssl=1 768w\" sizes=\"auto, (max-width: 825px) 85vw, 825px\" \/><figcaption>Cadastre Damousies 1847 ADN P 31 \/ 684 <a href=\"https:\/\/archivesdepartementales.lenord.fr\/ark:\/33518\/sm78rhwglc5p\/a860d49c-1687-47ff-93b5-2d29c89eca4d\" data-type=\"URL\" data-id=\"https:\/\/archivesdepartementales.lenord.fr\/ark:\/33518\/sm78rhwglc5p\/a860d49c-1687-47ff-93b5-2d29c89eca4d\" target=\"_blank\" rel=\"noreferrer noopener\">Vue 7\/9<\/a><\/figcaption><\/figure><\/div>\n\n\n\n<p>La parcelle 439 sur le cadastre de 1847 contient le presbyt\u00e8re. Ce b\u00e2timent en L (n\u00b0 441) deviendra la mairie. Sa d\u00e9pendance sera transform\u00e9 en un lavoir.<\/p>\n\n\n\n<div class=\"wp-block-image\"><figure class=\"aligncenter size-full is-resized\"><img data-recalc-dims=\"1\" loading=\"lazy\" decoding=\"async\" src=\"https:\/\/i0.wp.com\/patrimoine-avesnois.fr\/fontaines\/wp-content\/uploads\/2022\/01\/image-5.png?resize=630%2C420&#038;ssl=1\" alt=\"\" class=\"wp-image-1575\" width=\"630\" height=\"420\" srcset=\"https:\/\/i0.wp.com\/patrimoine-avesnois.fr\/fontaines\/wp-content\/uploads\/2022\/01\/image-5.png?w=557&amp;ssl=1 557w, https:\/\/i0.wp.com\/patrimoine-avesnois.fr\/fontaines\/wp-content\/uploads\/2022\/01\/image-5.png?resize=300%2C200&amp;ssl=1 300w\" sizes=\"auto, (max-width: 630px) 85vw, 630px\" \/><figcaption>Photo de la Mairie et de l&rsquo;ancien lavoir en 1990.  <\/figcaption><\/figure><\/div>\n\n\n\n<div class=\"wp-block-image\"><figure class=\"aligncenter is-resized\"><img loading=\"lazy\" decoding=\"async\" src=\"https:\/\/upload.wikimedia.org\/wikipedia\/commons\/thumb\/7\/77\/Mairie_damousies.JPG\/1280px-Mairie_damousies.JPG\" alt=\"Damousies\" width=\"640\" height=\"480\"\/><figcaption>La Mairie et le puits en cours de r\u00e9habilitation.<br>Photo 08\/2008 par Chatsam  https:\/\/commons.wikimedia.org\/w\/index.php?curid=4715916<\/figcaption><\/figure><\/div>\n\n\n\n<div class=\"wp-block-image\"><figure class=\"aligncenter is-resized\"><img data-recalc-dims=\"1\" loading=\"lazy\" decoding=\"async\" src=\"https:\/\/i0.wp.com\/patrimoine-avesnois.fr\/chemin\/wp-content\/uploads\/2021\/12\/Damousies.jpg?resize=640%2C479\" alt=\"L\u2019attribut alt de cette image est vide, son nom de fichier est Damousies.jpg.\" width=\"640\" height=\"479\"\/><figcaption><em>La Mairie et son Puits fleuri sur la place Photo <\/em><a rel=\"noreferrer noopener\" href=\"https:\/\/www.google.fr\/maps\/@50.2187878,4.016342,3a,75y,44.16h,97.02t\/data=!3m6!1e1!3m4!1s9NcwIH1rJk4Dr_rzjL-IUA!2e0!7i16384!8i8192\" target=\"_blank\">Google 08\/2021<\/a><\/figcaption><\/figure><\/div>\n\n\n\n<div class=\"wp-block-image\"><figure class=\"aligncenter size-full is-resized\"><img data-recalc-dims=\"1\" loading=\"lazy\" decoding=\"async\" src=\"https:\/\/i0.wp.com\/patrimoine-avesnois.fr\/fontaines\/wp-content\/uploads\/2021\/07\/Puits-DAMOUSIES.webp?resize=476%2C566&#038;ssl=1\" alt=\"\" class=\"wp-image-711\" width=\"476\" height=\"566\" srcset=\"https:\/\/i0.wp.com\/patrimoine-avesnois.fr\/fontaines\/wp-content\/uploads\/2021\/07\/Puits-DAMOUSIES.webp?w=634&amp;ssl=1 634w, https:\/\/i0.wp.com\/patrimoine-avesnois.fr\/fontaines\/wp-content\/uploads\/2021\/07\/Puits-DAMOUSIES.webp?resize=252%2C300&amp;ssl=1 252w\" sizes=\"auto, (max-width: 476px) 85vw, 476px\" \/><figcaption>Puits sur la place de Damousies Photo 08\/2021<\/figcaption><\/figure><\/div>\n\n\n\n<p>Construit apr\u00e8s les ann\u00e9es 1960, le puits de Damousies a \u00e9t\u00e9 restaur\u00e9 en 2010 par l&#8217;employ\u00e9 communal \u00e0 l&rsquo;occasion de l&rsquo;am\u00e9nagement de la place. En vue de mettre en avant les abords de la mairie, l&rsquo;ancien b\u00e2timent du lavoir a alors \u00e9t\u00e9 supprim\u00e9. Il occultait la mairie et \u00e9cartait toute possibilit\u00e9 de mise en valeur de l&rsquo;\u00e9difice selon l&rsquo;\u00e9tude relative \u00e0 <a rel=\"noreferrer noopener\" href=\"https:\/\/cdn.s-pass.org\/SPASSDATA\/attachments\/2001_02\/22\/5f7f3cd66b784-d17639.pdf\" data-type=\"URL\" data-id=\"https:\/\/cdn.s-pass.org\/SPASSDATA\/attachments\/2001_02\/22\/5f7f3cd66b784-d17639.pdf\" target=\"_blank\">l&rsquo;Am\u00e9lioration du cadre de vie de la commune de Damousies<\/a> par l&rsquo;architecte David Binon.<\/p>\n","protected":false},"excerpt":{"rendered":"<p>La parcelle 439 sur le cadastre de 1847 contient le presbyt\u00e8re. Ce b\u00e2timent en L (n\u00b0 441) deviendra la mairie. Sa d\u00e9pendance sera transform\u00e9 en un lavoir. Construit apr\u00e8s les ann\u00e9es 1960, le puits de Damousies a \u00e9t\u00e9 restaur\u00e9 en 2010 par l&#8217;employ\u00e9 communal \u00e0 l&rsquo;occasion de l&rsquo;am\u00e9nagement de la place. En vue de mettre &hellip; <a href=\"https:\/\/patrimoine-avesnois.fr\/fontaines\/damousies-le-puits-de-la-place\/\" class=\"more-link\">Continuer la lecture<span class=\"screen-reader-text\"> de &laquo;&nbsp;Damousies : l&rsquo;ancien lavoir et le Puits de la Place&nbsp;&raquo;<\/span><\/a><\/p>\n","protected":false},"author":2,"featured_media":0,"parent":0,"menu_order":0,"comment_status":"closed","ping_status":"closed","template":"","meta":{"footnotes":""},"class_list":["post-154","page","type-page","status-publish","hentry"],"jetpack_sharing_enabled":true,"_links":{"self":[{"href":"https:\/\/patrimoine-avesnois.fr\/fontaines\/wp-json\/wp\/v2\/pages\/154","targetHints":{"allow":["GET"]}}],"collection":[{"href":"https:\/\/patrimoine-avesnois.fr\/fontaines\/wp-json\/wp\/v2\/pages"}],"about":[{"href":"https:\/\/patrimoine-avesnois.fr\/fontaines\/wp-json\/wp\/v2\/types\/page"}],"author":[{"embeddable":true,"href":"https:\/\/patrimoine-avesnois.fr\/fontaines\/wp-json\/wp\/v2\/users\/2"}],"replies":[{"embeddable":true,"href":"https:\/\/patrimoine-avesnois.fr\/fontaines\/wp-json\/wp\/v2\/comments?post=154"}],"version-history":[{"count":10,"href":"https:\/\/patrimoine-avesnois.fr\/fontaines\/wp-json\/wp\/v2\/pages\/154\/revisions"}],"predecessor-version":[{"id":1583,"href":"https:\/\/patrimoine-avesnois.fr\/fontaines\/wp-json\/wp\/v2\/pages\/154\/revisions\/1583"}],"wp:attachment":[{"href":"https:\/\/patrimoine-avesnois.fr\/fontaines\/wp-json\/wp\/v2\/media?parent=154"}],"curies":[{"name":"wp","href":"https:\/\/api.w.org\/{rel}","templated":true}]}}

<div class="wp-block-image"><figure class="aligncenter size-full"><img data-recalc-dims="1" loading="lazy" decoding="async" width="825" height="619" src="https://i0.wp.com/patrimoine-avesnois.fr/fontaines/wp-content/uploads/2022/01/Capture-1.jpg?resize=825%2C619&#038;ssl=1" alt="" class="wp-image-1581" srcset="https://i0.wp.com/patrimoine-avesnois.fr/fontaines/wp-content/uploads/2022/01/Capture-1.jpg?w=825&amp;ssl=1 825w, https://i0.wp.com/patrimoine-avesnois.fr/fontaines/wp-content/uploads/2022/01/Capture-1.jpg?resize=300%2C225&amp;ssl=1 300w, https://i0.wp.com/patrimoine-avesnois.fr/fontaines/wp-content/uploads/2022/01/Capture-1.jpg?resize=768%2C576&amp;ssl=1 768w" sizes="auto, (max-width: 825px) 85vw, 825px" /><figcaption>Cadastre Damousies 1847 ADN P 31 / 684 <a href="https://archivesdepartementales.lenord.fr/ark:/33518/sm78rhwglc5p/a860d49c-1687-47ff-93b5-2d29c89eca4d" data-type="URL" data-id="https://archivesdepartementales.lenord.fr/ark:/33518/sm78rhwglc5p/a860d49c-1687-47ff-93b5-2d29c89eca4d" target="_blank" rel="noreferrer noopener">Vue 7/9</a></figcaption></figure></div>



<p>La parcelle 439 sur le cadastre de 1847 contient le presbytère. Ce bâtiment en L (n° 441) deviendra la mairie. Sa dépendance sera transformé en un lavoir.</p>



<div class="wp-block-image"><figure class="aligncenter size-full is-resized"><img data-recalc-dims="1" loading="lazy" decoding="async" src="https://i0.wp.com/patrimoine-avesnois.fr/fontaines/wp-content/uploads/2022/01/image-5.png?resize=630%2C420&#038;ssl=1" alt="" class="wp-image-1575" width="630" height="420" srcset="https://i0.wp.com/patrimoine-avesnois.fr/fontaines/wp-content/uploads/2022/01/image-5.png?w=557&amp;ssl=1 557w, https://i0.wp.com/patrimoine-avesnois.fr/fontaines/wp-content/uploads/2022/01/image-5.png?resize=300%2C200&amp;ssl=1 300w" sizes="auto, (max-width: 630px) 85vw, 630px" /><figcaption>Photo de la Mairie et de l&rsquo;ancien lavoir en 1990.  </figcaption></figure></div>



<div class="wp-block-image"><figure class="aligncenter is-resized"><img loading="lazy" decoding="async" src="https://upload.wikimedia.org/wikipedia/commons/thumb/7/77/Mairie_damousies.JPG/1280px-Mairie_damousies.JPG" alt="Damousies" width="640" height="480"/><figcaption>La Mairie et le puits en cours de réhabilitation.<br>Photo 08/2008 par Chatsam  https://commons.wikimedia.org/w/index.php?curid=4715916</figcaption></figure></div>



<div class="wp-block-image"><figure class="aligncenter is-resized"><img data-recalc-dims="1" loading="lazy" decoding="async" src="https://i0.wp.com/patrimoine-avesnois.fr/chemin/wp-content/uploads/2021/12/Damousies.jpg?resize=640%2C479" alt="L’attribut alt de cette image est vide, son nom de fichier est Damousies.jpg." width="640" height="479"/><figcaption><em>La Mairie et son Puits fleuri sur la place Photo </em><a rel="noreferrer noopener" href="https://www.google.fr/maps/@50.2187878,4.016342,3a,75y,44.16h,97.02t/data=!3m6!1e1!3m4!1s9NcwIH1rJk4Dr_rzjL-IUA!2e0!7i16384!8i8192" target="_blank">Google 08/2021</a></figcaption></figure></div>



<div class="wp-block-image"><figure class="aligncenter size-full is-resized"><img data-recalc-dims="1" loading="lazy" decoding="async" src="https://i0.wp.com/patrimoine-avesnois.fr/fontaines/wp-content/uploads/2021/07/Puits-DAMOUSIES.webp?resize=476%2C566&#038;ssl=1" alt="" class="wp-image-711" width="476" height="566" srcset="https://i0.wp.com/patrimoine-avesnois.fr/fontaines/wp-content/uploads/2021/07/Puits-DAMOUSIES.webp?w=634&amp;ssl=1 634w, https://i0.wp.com/patrimoine-avesnois.fr/fontaines/wp-content/uploads/2021/07/Puits-DAMOUSIES.webp?resize=252%2C300&amp;ssl=1 252w" sizes="auto, (max-width: 476px) 85vw, 476px" /><figcaption>Puits sur la place de Damousies Photo 08/2021</figcaption></figure></div>



<p>Construit après les années 1960, le puits de Damousies a été restauré en 2010 par l&#8217;employé communal à l&rsquo;occasion de l&rsquo;aménagement de la place. En vue de mettre en avant les abords de la mairie, l&rsquo;ancien bâtiment du lavoir a alors été supprimé. Il occultait la mairie et écartait toute possibilité de mise en valeur de l&rsquo;édifice selon l&rsquo;étude relative à <a rel="noreferrer noopener" href="https://cdn.s-pass.org/SPASSDATA/attachments/2001_02/22/5f7f3cd66b784-d17639.pdf" data-type="URL" data-id="https://cdn.s-pass.org/SPASSDATA/attachments/2001_02/22/5f7f3cd66b784-d17639.pdf" target="_blank">l&rsquo;Amélioration du cadre de vie de la commune de Damousies</a> par l&rsquo;architecte David Binon.</p>

<p>La parcelle 439 sur le cadastre de 1847 contient le presbytère. Ce bâtiment en L (n° 441) deviendra la mairie. Sa dépendance sera transformé en un lavoir. Construit après les années 1960, le puits de Damousies a été restauré en 2010 par l&#8217;employé communal à l&rsquo;occasion de l&rsquo;aménagement de la place. En vue de mettre &hellip; <a href="https://patrimoine-avesnois.fr/fontaines/damousies-le-puits-de-la-place/" class="more-link">Continuer la lecture<span class="screen-reader-text"> de &laquo;&nbsp;Damousies : l&rsquo;ancien lavoir et le Puits de la Place&nbsp;&raquo;</span></a></p>
