{"id":166,"date":"2021-07-02T10:58:18","date_gmt":"2021-07-02T08:58:18","guid":{"rendered":"https:\/\/patrimoine-avesnois.fr\/fontaines\/?page_id=166"},"modified":"2021-07-25T14:59:25","modified_gmt":"2021-07-25T12:59:25","slug":"dourlers-un-lavoir-une-fontaine-et-une-pompe-a-eau","status":"publish","type":"page","link":"https:\/\/patrimoine-avesnois.fr\/fontaines\/dourlers-un-lavoir-une-fontaine-et-une-pompe-a-eau\/","title":{"rendered":"Dourlers : un lavoir, une fontaine et une pompe \u00e0 eau"},"content":{"rendered":"\n<div class=\"wp-block-image\"><figure class=\"aligncenter size-large\"><img data-recalc-dims=\"1\" loading=\"lazy\" decoding=\"async\" width=\"754\" height=\"278\" src=\"https:\/\/i0.wp.com\/patrimoine-avesnois.fr\/fontaines\/wp-content\/uploads\/2021\/07\/image-2.png?resize=754%2C278&#038;ssl=1\" alt=\"\" class=\"wp-image-167\" srcset=\"https:\/\/i0.wp.com\/patrimoine-avesnois.fr\/fontaines\/wp-content\/uploads\/2021\/07\/image-2.png?w=754&amp;ssl=1 754w, https:\/\/i0.wp.com\/patrimoine-avesnois.fr\/fontaines\/wp-content\/uploads\/2021\/07\/image-2.png?resize=300%2C111&amp;ssl=1 300w\" sizes=\"auto, (max-width: 754px) 85vw, 754px\" \/><\/figure><\/div>\n\n\n\n<div class=\"wp-block-image\"><figure class=\"aligncenter\"><img decoding=\"async\" src=\"https:\/\/i1.wp.com\/www.caue-nord.com\/SPASSDATA\/attachments\/2016_03\/22\/5f7f3f861efd7-d52749.jpg?w=840&amp;ssl=1\" alt=\"https:\/\/i1.wp.com\/www.caue-nord.com\/SPASSDATA\/attachments\/2016_03\/22\/5f7f3f861efd7-d52749.jpg?w=840&amp;ssl=1\"\/><figcaption>Lavoir de Dourlers apr\u00e8s restauration<\/figcaption><\/figure><\/div>\n\n\n\n<div class=\"wp-block-image\"><figure class=\"aligncenter size-full\"><img data-recalc-dims=\"1\" loading=\"lazy\" decoding=\"async\" width=\"330\" height=\"584\" src=\"https:\/\/i0.wp.com\/patrimoine-avesnois.fr\/fontaines\/wp-content\/uploads\/2021\/07\/Lavoir-de-Dourlers-2.webp?resize=330%2C584&#038;ssl=1\" alt=\"\" class=\"wp-image-721\" srcset=\"https:\/\/i0.wp.com\/patrimoine-avesnois.fr\/fontaines\/wp-content\/uploads\/2021\/07\/Lavoir-de-Dourlers-2.webp?w=330&amp;ssl=1 330w, https:\/\/i0.wp.com\/patrimoine-avesnois.fr\/fontaines\/wp-content\/uploads\/2021\/07\/Lavoir-de-Dourlers-2.webp?resize=170%2C300&amp;ssl=1 170w\" sizes=\"auto, (max-width: 330px) 85vw, 330px\" \/><figcaption>Lavoir de Dourlers<\/figcaption><\/figure><\/div>\n\n\n\n<div class=\"wp-block-image\"><figure class=\"aligncenter size-full\"><img data-recalc-dims=\"1\" loading=\"lazy\" decoding=\"async\" width=\"840\" height=\"404\" src=\"https:\/\/i0.wp.com\/patrimoine-avesnois.fr\/fontaines\/wp-content\/uploads\/2021\/07\/Lavoir-de-Dourlers.webp?resize=840%2C404&#038;ssl=1\" alt=\"\" class=\"wp-image-722\" srcset=\"https:\/\/i0.wp.com\/patrimoine-avesnois.fr\/fontaines\/wp-content\/uploads\/2021\/07\/Lavoir-de-Dourlers.webp?w=840&amp;ssl=1 840w, https:\/\/i0.wp.com\/patrimoine-avesnois.fr\/fontaines\/wp-content\/uploads\/2021\/07\/Lavoir-de-Dourlers.webp?resize=300%2C144&amp;ssl=1 300w, https:\/\/i0.wp.com\/patrimoine-avesnois.fr\/fontaines\/wp-content\/uploads\/2021\/07\/Lavoir-de-Dourlers.webp?resize=768%2C369&amp;ssl=1 768w\" sizes=\"auto, (max-width: 709px) 85vw, (max-width: 909px) 67vw, (max-width: 1362px) 62vw, 840px\" \/><figcaption>Lavoir de Dourlers<\/figcaption><\/figure><\/div>\n\n\n\n<div class=\"wp-block-image\"><figure class=\"aligncenter size-full is-resized\"><img data-recalc-dims=\"1\" loading=\"lazy\" decoding=\"async\" src=\"https:\/\/i0.wp.com\/patrimoine-avesnois.fr\/fontaines\/wp-content\/uploads\/2021\/07\/Lavoir-de-Dourlers-3.webp?resize=840%2C630&#038;ssl=1\" alt=\"\" class=\"wp-image-724\" width=\"840\" height=\"630\" srcset=\"https:\/\/i0.wp.com\/patrimoine-avesnois.fr\/fontaines\/wp-content\/uploads\/2021\/07\/Lavoir-de-Dourlers-3.webp?w=695&amp;ssl=1 695w, https:\/\/i0.wp.com\/patrimoine-avesnois.fr\/fontaines\/wp-content\/uploads\/2021\/07\/Lavoir-de-Dourlers-3.webp?resize=300%2C225&amp;ssl=1 300w\" sizes=\"auto, (max-width: 709px) 85vw, (max-width: 909px) 67vw, (max-width: 1362px) 62vw, 840px\" \/><figcaption>Lavoir de Dourlers <a rel=\"noreferrer noopener\" href=\"https:\/\/www.google.com\/maps\/@50.1764314,3.9357126,3a,37.5y,193.67h,69.56t\/data=!3m6!1e1!3m4!1svQAeHtcghMyFEL_M8CCPig!2e0!7i16384!8i8192?hl=fr\" target=\"_blank\">Rue la Haut<\/a><\/figcaption><\/figure><\/div>\n\n\n\n<p>Cette fontaine est constitu\u00e9e d\u2019une cuve de collecte et d\u2019une cuve de puisage, entour\u00e9es de margelles en pierre bleue, rendues accessibles par un escalier de pierre bleue et d\u2019un pavage m\u00e9langeant pav\u00e9s de gr\u00e8s et dalles de pierre bleue. En 2014 elle a fait l\u2019objet d\u2019une restauration dans le cadre d\u2019un chantier r\u00e9unissant 14 op\u00e9rations transfrontali\u00e8res (7 en France et 7 en Belgique) et visant \u00e0 remettre en \u00e9tat le \u00ab petit patrimoine \u00bb, c\u2019est-\u00e0-dire les lavoirs, chapelles, murs de cl\u00f4ture et autres fontaines :<\/p>\n\n\n\n<div class=\"wp-block-image\"><figure class=\"aligncenter\"><img decoding=\"async\" src=\"https:\/\/i0.wp.com\/patrimoine-avesnois.fr\/chemin\/wp-content\/uploads\/2021\/06\/image-50.png?w=840\" alt=\"\" class=\"wp-image-13575\"\/><figcaption>Document <a href=\"https:\/\/www.caue-nord.com\/fr\/portail\/41\/observatoire\/26715\/restauration-du-lavoir-dourlers-59.html\" target=\"_blank\" rel=\"noreferrer noopener\">CAUE du Nord<\/a><\/figcaption><\/figure><\/div>\n\n\n\n<p class=\"has-text-align-center\">***<\/p>\n\n\n\n<div class=\"wp-block-image\"><figure class=\"aligncenter size-full\"><img data-recalc-dims=\"1\" loading=\"lazy\" decoding=\"async\" width=\"523\" height=\"646\" src=\"https:\/\/i0.wp.com\/patrimoine-avesnois.fr\/fontaines\/wp-content\/uploads\/2021\/07\/Fontaine-DOURLERS-Rte-dEclaibes.webp?resize=523%2C646&#038;ssl=1\" alt=\"\" class=\"wp-image-725\" srcset=\"https:\/\/i0.wp.com\/patrimoine-avesnois.fr\/fontaines\/wp-content\/uploads\/2021\/07\/Fontaine-DOURLERS-Rte-dEclaibes.webp?w=523&amp;ssl=1 523w, https:\/\/i0.wp.com\/patrimoine-avesnois.fr\/fontaines\/wp-content\/uploads\/2021\/07\/Fontaine-DOURLERS-Rte-dEclaibes.webp?resize=243%2C300&amp;ssl=1 243w\" sizes=\"auto, (max-width: 523px) 85vw, 523px\" \/><figcaption>Fontaine <a rel=\"noreferrer noopener\" href=\"https:\/\/www.google.com\/maps\/@50.1768242,3.9362966,3a,75y,109.84h,81.15t\/data=!3m6!1e1!3m4!1sBT4RoJTDj9yjP3ckf4f3mg!2e0!7i16384!8i8192?hl=fr\" target=\"_blank\">Route d\u2019Eclaibes<\/a><\/figcaption><\/figure><\/div>\n\n\n\n<div class=\"wp-block-image\"><figure class=\"aligncenter size-full\"><img data-recalc-dims=\"1\" loading=\"lazy\" decoding=\"async\" width=\"564\" height=\"423\" src=\"https:\/\/i0.wp.com\/patrimoine-avesnois.fr\/fontaines\/wp-content\/uploads\/2021\/07\/Fontaine-DOURLERS-Rte-dEclaibes-1.webp?resize=564%2C423&#038;ssl=1\" alt=\"\" class=\"wp-image-726\" srcset=\"https:\/\/i0.wp.com\/patrimoine-avesnois.fr\/fontaines\/wp-content\/uploads\/2021\/07\/Fontaine-DOURLERS-Rte-dEclaibes-1.webp?w=564&amp;ssl=1 564w, https:\/\/i0.wp.com\/patrimoine-avesnois.fr\/fontaines\/wp-content\/uploads\/2021\/07\/Fontaine-DOURLERS-Rte-dEclaibes-1.webp?resize=300%2C225&amp;ssl=1 300w\" sizes=\"auto, (max-width: 564px) 85vw, 564px\" \/><figcaption>Fontaine <a href=\"https:\/\/www.google.com\/maps\/@50.1768242,3.9362966,3a,75y,109.84h,81.15t\/data=!3m6!1e1!3m4!1sBT4RoJTDj9yjP3ckf4f3mg!2e0!7i16384!8i8192?hl=fr\" target=\"_blank\" rel=\"noreferrer noopener\">Route d\u2019Eclaibes<\/a><\/figcaption><\/figure><\/div>\n\n\n\n<p class=\"has-text-align-center\">***<\/p>\n\n\n\n<div class=\"wp-block-image\"><figure class=\"aligncenter size-full\"><img data-recalc-dims=\"1\" loading=\"lazy\" decoding=\"async\" width=\"839\" height=\"453\" src=\"https:\/\/i0.wp.com\/patrimoine-avesnois.fr\/fontaines\/wp-content\/uploads\/2021\/07\/Pompe-a-eau-Route-de-Sars-Poteries.webp?resize=839%2C453&#038;ssl=1\" alt=\"\" class=\"wp-image-729\" srcset=\"https:\/\/i0.wp.com\/patrimoine-avesnois.fr\/fontaines\/wp-content\/uploads\/2021\/07\/Pompe-a-eau-Route-de-Sars-Poteries.webp?w=839&amp;ssl=1 839w, https:\/\/i0.wp.com\/patrimoine-avesnois.fr\/fontaines\/wp-content\/uploads\/2021\/07\/Pompe-a-eau-Route-de-Sars-Poteries.webp?resize=300%2C162&amp;ssl=1 300w, https:\/\/i0.wp.com\/patrimoine-avesnois.fr\/fontaines\/wp-content\/uploads\/2021\/07\/Pompe-a-eau-Route-de-Sars-Poteries.webp?resize=768%2C415&amp;ssl=1 768w\" sizes=\"auto, (max-width: 839px) 85vw, 839px\" \/><figcaption>Pompe \u00e0 eau <a rel=\"noreferrer noopener\" href=\"https:\/\/www.google.com\/maps\/@50.1751391,3.9543428,3a,15y,134.03h,84.88t\/data=!3m6!1e1!3m4!1sPQogIYUXB-LZ9JjC85TuGQ!2e0!7i16384!8i8192?hl=fr\" target=\"_blank\">Route de Sars Poteries.<\/a><\/figcaption><\/figure><\/div>\n\n\n\n<div class=\"wp-block-image\"><figure class=\"aligncenter size-full\"><img data-recalc-dims=\"1\" loading=\"lazy\" decoding=\"async\" width=\"358\" height=\"611\" src=\"https:\/\/i0.wp.com\/patrimoine-avesnois.fr\/fontaines\/wp-content\/uploads\/2021\/07\/Pompe-a-eau-DOURLERS.webp?resize=358%2C611&#038;ssl=1\" alt=\"\" class=\"wp-image-727\" srcset=\"https:\/\/i0.wp.com\/patrimoine-avesnois.fr\/fontaines\/wp-content\/uploads\/2021\/07\/Pompe-a-eau-DOURLERS.webp?w=358&amp;ssl=1 358w, https:\/\/i0.wp.com\/patrimoine-avesnois.fr\/fontaines\/wp-content\/uploads\/2021\/07\/Pompe-a-eau-DOURLERS.webp?resize=176%2C300&amp;ssl=1 176w\" sizes=\"auto, (max-width: 358px) 85vw, 358px\" \/><figcaption>Pompe \u00e0 eau <a rel=\"noreferrer noopener\" href=\"https:\/\/www.google.com\/maps\/@50.1751391,3.9543428,3a,15y,134.03h,84.88t\/data=!3m6!1e1!3m4!1sPQogIYUXB-LZ9JjC85TuGQ!2e0!7i16384!8i8192?hl=fr\" target=\"_blank\">Route de Sars Poteries.<\/a><\/figcaption><\/figure><\/div>\n","protected":false},"excerpt":{"rendered":"<p>Cette fontaine est constitu\u00e9e d\u2019une cuve de collecte et d\u2019une cuve de puisage, entour\u00e9es de margelles en pierre bleue, rendues accessibles par un escalier de pierre bleue et d\u2019un pavage m\u00e9langeant pav\u00e9s de gr\u00e8s et dalles de pierre bleue. En 2014 elle a fait l\u2019objet d\u2019une restauration dans le cadre d\u2019un chantier r\u00e9unissant 14 op\u00e9rations &hellip; <a href=\"https:\/\/patrimoine-avesnois.fr\/fontaines\/dourlers-un-lavoir-une-fontaine-et-une-pompe-a-eau\/\" class=\"more-link\">Continuer la lecture<span class=\"screen-reader-text\"> de &laquo;&nbsp;Dourlers : un lavoir, une fontaine et une pompe \u00e0 eau&nbsp;&raquo;<\/span><\/a><\/p>\n","protected":false},"author":2,"featured_media":0,"parent":0,"menu_order":0,"comment_status":"closed","ping_status":"closed","template":"","meta":{"footnotes":""},"class_list":["post-166","page","type-page","status-publish","hentry"],"jetpack_sharing_enabled":true,"_links":{"self":[{"href":"https:\/\/patrimoine-avesnois.fr\/fontaines\/wp-json\/wp\/v2\/pages\/166","targetHints":{"allow":["GET"]}}],"collection":[{"href":"https:\/\/patrimoine-avesnois.fr\/fontaines\/wp-json\/wp\/v2\/pages"}],"about":[{"href":"https:\/\/patrimoine-avesnois.fr\/fontaines\/wp-json\/wp\/v2\/types\/page"}],"author":[{"embeddable":true,"href":"https:\/\/patrimoine-avesnois.fr\/fontaines\/wp-json\/wp\/v2\/users\/2"}],"replies":[{"embeddable":true,"href":"https:\/\/patrimoine-avesnois.fr\/fontaines\/wp-json\/wp\/v2\/comments?post=166"}],"version-history":[{"count":3,"href":"https:\/\/patrimoine-avesnois.fr\/fontaines\/wp-json\/wp\/v2\/pages\/166\/revisions"}],"predecessor-version":[{"id":730,"href":"https:\/\/patrimoine-avesnois.fr\/fontaines\/wp-json\/wp\/v2\/pages\/166\/revisions\/730"}],"wp:attachment":[{"href":"https:\/\/patrimoine-avesnois.fr\/fontaines\/wp-json\/wp\/v2\/media?parent=166"}],"curies":[{"name":"wp","href":"https:\/\/api.w.org\/{rel}","templated":true}]}}

Dourlers : un lavoir, une fontaine et une pompe à eau

<div class="wp-block-image"><figure class="aligncenter size-large"><img data-recalc-dims="1" loading="lazy" decoding="async" width="754" height="278" src="https://i0.wp.com/patrimoine-avesnois.fr/fontaines/wp-content/uploads/2021/07/image-2.png?resize=754%2C278&#038;ssl=1" alt="" class="wp-image-167" srcset="https://i0.wp.com/patrimoine-avesnois.fr/fontaines/wp-content/uploads/2021/07/image-2.png?w=754&amp;ssl=1 754w, https://i0.wp.com/patrimoine-avesnois.fr/fontaines/wp-content/uploads/2021/07/image-2.png?resize=300%2C111&amp;ssl=1 300w" sizes="auto, (max-width: 754px) 85vw, 754px" /></figure></div>



<div class="wp-block-image"><figure class="aligncenter"><img decoding="async" src="https://i1.wp.com/www.caue-nord.com/SPASSDATA/attachments/2016_03/22/5f7f3f861efd7-d52749.jpg?w=840&amp;ssl=1" alt="https://i1.wp.com/www.caue-nord.com/SPASSDATA/attachments/2016_03/22/5f7f3f861efd7-d52749.jpg?w=840&amp;ssl=1"/><figcaption>Lavoir de Dourlers après restauration</figcaption></figure></div>



<div class="wp-block-image"><figure class="aligncenter size-full"><img data-recalc-dims="1" loading="lazy" decoding="async" width="330" height="584" src="https://i0.wp.com/patrimoine-avesnois.fr/fontaines/wp-content/uploads/2021/07/Lavoir-de-Dourlers-2.webp?resize=330%2C584&#038;ssl=1" alt="" class="wp-image-721" srcset="https://i0.wp.com/patrimoine-avesnois.fr/fontaines/wp-content/uploads/2021/07/Lavoir-de-Dourlers-2.webp?w=330&amp;ssl=1 330w, https://i0.wp.com/patrimoine-avesnois.fr/fontaines/wp-content/uploads/2021/07/Lavoir-de-Dourlers-2.webp?resize=170%2C300&amp;ssl=1 170w" sizes="auto, (max-width: 330px) 85vw, 330px" /><figcaption>Lavoir de Dourlers</figcaption></figure></div>



<div class="wp-block-image"><figure class="aligncenter size-full"><img data-recalc-dims="1" loading="lazy" decoding="async" width="840" height="404" src="https://i0.wp.com/patrimoine-avesnois.fr/fontaines/wp-content/uploads/2021/07/Lavoir-de-Dourlers.webp?resize=840%2C404&#038;ssl=1" alt="" class="wp-image-722" srcset="https://i0.wp.com/patrimoine-avesnois.fr/fontaines/wp-content/uploads/2021/07/Lavoir-de-Dourlers.webp?w=840&amp;ssl=1 840w, https://i0.wp.com/patrimoine-avesnois.fr/fontaines/wp-content/uploads/2021/07/Lavoir-de-Dourlers.webp?resize=300%2C144&amp;ssl=1 300w, https://i0.wp.com/patrimoine-avesnois.fr/fontaines/wp-content/uploads/2021/07/Lavoir-de-Dourlers.webp?resize=768%2C369&amp;ssl=1 768w" sizes="auto, (max-width: 709px) 85vw, (max-width: 909px) 67vw, (max-width: 1362px) 62vw, 840px" /><figcaption>Lavoir de Dourlers</figcaption></figure></div>



<div class="wp-block-image"><figure class="aligncenter size-full is-resized"><img data-recalc-dims="1" loading="lazy" decoding="async" src="https://i0.wp.com/patrimoine-avesnois.fr/fontaines/wp-content/uploads/2021/07/Lavoir-de-Dourlers-3.webp?resize=840%2C630&#038;ssl=1" alt="" class="wp-image-724" width="840" height="630" srcset="https://i0.wp.com/patrimoine-avesnois.fr/fontaines/wp-content/uploads/2021/07/Lavoir-de-Dourlers-3.webp?w=695&amp;ssl=1 695w, https://i0.wp.com/patrimoine-avesnois.fr/fontaines/wp-content/uploads/2021/07/Lavoir-de-Dourlers-3.webp?resize=300%2C225&amp;ssl=1 300w" sizes="auto, (max-width: 709px) 85vw, (max-width: 909px) 67vw, (max-width: 1362px) 62vw, 840px" /><figcaption>Lavoir de Dourlers <a rel="noreferrer noopener" href="https://www.google.com/maps/@50.1764314,3.9357126,3a,37.5y,193.67h,69.56t/data=!3m6!1e1!3m4!1svQAeHtcghMyFEL_M8CCPig!2e0!7i16384!8i8192?hl=fr" target="_blank">Rue la Haut</a></figcaption></figure></div>



<p>Cette fontaine est constituée d’une cuve de collecte et d’une cuve de puisage, entourées de margelles en pierre bleue, rendues accessibles par un escalier de pierre bleue et d’un pavage mélangeant pavés de grès et dalles de pierre bleue. En 2014 elle a fait l’objet d’une restauration dans le cadre d’un chantier réunissant 14 opérations transfrontalières (7 en France et 7 en Belgique) et visant à remettre en état le « petit patrimoine », c’est-à-dire les lavoirs, chapelles, murs de clôture et autres fontaines :</p>



<div class="wp-block-image"><figure class="aligncenter"><img decoding="async" src="https://i0.wp.com/patrimoine-avesnois.fr/chemin/wp-content/uploads/2021/06/image-50.png?w=840" alt="" class="wp-image-13575"/><figcaption>Document <a href="https://www.caue-nord.com/fr/portail/41/observatoire/26715/restauration-du-lavoir-dourlers-59.html" target="_blank" rel="noreferrer noopener">CAUE du Nord</a></figcaption></figure></div>



<p class="has-text-align-center">***</p>



<div class="wp-block-image"><figure class="aligncenter size-full"><img data-recalc-dims="1" loading="lazy" decoding="async" width="523" height="646" src="https://i0.wp.com/patrimoine-avesnois.fr/fontaines/wp-content/uploads/2021/07/Fontaine-DOURLERS-Rte-dEclaibes.webp?resize=523%2C646&#038;ssl=1" alt="" class="wp-image-725" srcset="https://i0.wp.com/patrimoine-avesnois.fr/fontaines/wp-content/uploads/2021/07/Fontaine-DOURLERS-Rte-dEclaibes.webp?w=523&amp;ssl=1 523w, https://i0.wp.com/patrimoine-avesnois.fr/fontaines/wp-content/uploads/2021/07/Fontaine-DOURLERS-Rte-dEclaibes.webp?resize=243%2C300&amp;ssl=1 243w" sizes="auto, (max-width: 523px) 85vw, 523px" /><figcaption>Fontaine <a rel="noreferrer noopener" href="https://www.google.com/maps/@50.1768242,3.9362966,3a,75y,109.84h,81.15t/data=!3m6!1e1!3m4!1sBT4RoJTDj9yjP3ckf4f3mg!2e0!7i16384!8i8192?hl=fr" target="_blank">Route d’Eclaibes</a></figcaption></figure></div>



<div class="wp-block-image"><figure class="aligncenter size-full"><img data-recalc-dims="1" loading="lazy" decoding="async" width="564" height="423" src="https://i0.wp.com/patrimoine-avesnois.fr/fontaines/wp-content/uploads/2021/07/Fontaine-DOURLERS-Rte-dEclaibes-1.webp?resize=564%2C423&#038;ssl=1" alt="" class="wp-image-726" srcset="https://i0.wp.com/patrimoine-avesnois.fr/fontaines/wp-content/uploads/2021/07/Fontaine-DOURLERS-Rte-dEclaibes-1.webp?w=564&amp;ssl=1 564w, https://i0.wp.com/patrimoine-avesnois.fr/fontaines/wp-content/uploads/2021/07/Fontaine-DOURLERS-Rte-dEclaibes-1.webp?resize=300%2C225&amp;ssl=1 300w" sizes="auto, (max-width: 564px) 85vw, 564px" /><figcaption>Fontaine <a href="https://www.google.com/maps/@50.1768242,3.9362966,3a,75y,109.84h,81.15t/data=!3m6!1e1!3m4!1sBT4RoJTDj9yjP3ckf4f3mg!2e0!7i16384!8i8192?hl=fr" target="_blank" rel="noreferrer noopener">Route d’Eclaibes</a></figcaption></figure></div>



<p class="has-text-align-center">***</p>



<div class="wp-block-image"><figure class="aligncenter size-full"><img data-recalc-dims="1" loading="lazy" decoding="async" width="839" height="453" src="https://i0.wp.com/patrimoine-avesnois.fr/fontaines/wp-content/uploads/2021/07/Pompe-a-eau-Route-de-Sars-Poteries.webp?resize=839%2C453&#038;ssl=1" alt="" class="wp-image-729" srcset="https://i0.wp.com/patrimoine-avesnois.fr/fontaines/wp-content/uploads/2021/07/Pompe-a-eau-Route-de-Sars-Poteries.webp?w=839&amp;ssl=1 839w, https://i0.wp.com/patrimoine-avesnois.fr/fontaines/wp-content/uploads/2021/07/Pompe-a-eau-Route-de-Sars-Poteries.webp?resize=300%2C162&amp;ssl=1 300w, https://i0.wp.com/patrimoine-avesnois.fr/fontaines/wp-content/uploads/2021/07/Pompe-a-eau-Route-de-Sars-Poteries.webp?resize=768%2C415&amp;ssl=1 768w" sizes="auto, (max-width: 839px) 85vw, 839px" /><figcaption>Pompe à eau <a rel="noreferrer noopener" href="https://www.google.com/maps/@50.1751391,3.9543428,3a,15y,134.03h,84.88t/data=!3m6!1e1!3m4!1sPQogIYUXB-LZ9JjC85TuGQ!2e0!7i16384!8i8192?hl=fr" target="_blank">Route de Sars Poteries.</a></figcaption></figure></div>



<div class="wp-block-image"><figure class="aligncenter size-full"><img data-recalc-dims="1" loading="lazy" decoding="async" width="358" height="611" src="https://i0.wp.com/patrimoine-avesnois.fr/fontaines/wp-content/uploads/2021/07/Pompe-a-eau-DOURLERS.webp?resize=358%2C611&#038;ssl=1" alt="" class="wp-image-727" srcset="https://i0.wp.com/patrimoine-avesnois.fr/fontaines/wp-content/uploads/2021/07/Pompe-a-eau-DOURLERS.webp?w=358&amp;ssl=1 358w, https://i0.wp.com/patrimoine-avesnois.fr/fontaines/wp-content/uploads/2021/07/Pompe-a-eau-DOURLERS.webp?resize=176%2C300&amp;ssl=1 176w" sizes="auto, (max-width: 358px) 85vw, 358px" /><figcaption>Pompe à eau <a rel="noreferrer noopener" href="https://www.google.com/maps/@50.1751391,3.9543428,3a,15y,134.03h,84.88t/data=!3m6!1e1!3m4!1sPQogIYUXB-LZ9JjC85TuGQ!2e0!7i16384!8i8192?hl=fr" target="_blank">Route de Sars Poteries.</a></figcaption></figure></div>

<p>Cette fontaine est constituée d’une cuve de collecte et d’une cuve de puisage, entourées de margelles en pierre bleue, rendues accessibles par un escalier de pierre bleue et d’un pavage mélangeant pavés de grès et dalles de pierre bleue. En 2014 elle a fait l’objet d’une restauration dans le cadre d’un chantier réunissant 14 opérations &hellip; <a href="https://patrimoine-avesnois.fr/fontaines/dourlers-un-lavoir-une-fontaine-et-une-pompe-a-eau/" class="more-link">Continuer la lecture<span class="screen-reader-text"> de &laquo;&nbsp;Dourlers : un lavoir, une fontaine et une pompe à eau&nbsp;&raquo;</span></a></p>
