{"id":187,"date":"2021-07-02T11:23:10","date_gmt":"2021-07-02T09:23:10","guid":{"rendered":"https:\/\/patrimoine-avesnois.fr\/fontaines\/?page_id=187"},"modified":"2021-07-25T15:28:02","modified_gmt":"2021-07-25T13:28:02","slug":"eppe-sauvage-la-fontaine-de-letang","status":"publish","type":"page","link":"https:\/\/patrimoine-avesnois.fr\/fontaines\/eppe-sauvage-la-fontaine-de-letang\/","title":{"rendered":"Eppe-Sauvage : la fontaine de l&rsquo;\u00e9tang"},"content":{"rendered":"\n<div class=\"wp-block-image\"><figure class=\"aligncenter is-resized\"><img loading=\"lazy\" decoding=\"async\" src=\"https:\/\/i2.wp.com\/patrimoine-avesnois.fr\/chemin\/wp-content\/uploads\/2021\/06\/Capture-103.jpg?w=840\" alt=\"\" class=\"wp-image-13621\" width=\"630\" height=\"472\"\/><figcaption>Rue de la Fontaine Cadastre Eppe-Sauvage 1823 ADN P 31 \/ 694<a href=\"https:\/\/archivesdepartementales.lenord.fr\/ark:\/33518\/wnk58t69z13d\/381e719c-257b-438e-b4d4-689763bebbc9\" target=\"_blank\" rel=\"noreferrer noopener\"> Vue 3\/23<\/a><\/figcaption><\/figure><\/div>\n\n\n\n<div class=\"wp-block-image\"><figure class=\"aligncenter size-full\"><img data-recalc-dims=\"1\" loading=\"lazy\" decoding=\"async\" width=\"779\" height=\"561\" src=\"https:\/\/i0.wp.com\/patrimoine-avesnois.fr\/fontaines\/wp-content\/uploads\/2021\/07\/Fontaine-de-letang-EPPE-SAUVAGE.webp?resize=779%2C561&#038;ssl=1\" alt=\"\" class=\"wp-image-749\" srcset=\"https:\/\/i0.wp.com\/patrimoine-avesnois.fr\/fontaines\/wp-content\/uploads\/2021\/07\/Fontaine-de-letang-EPPE-SAUVAGE.webp?w=779&amp;ssl=1 779w, https:\/\/i0.wp.com\/patrimoine-avesnois.fr\/fontaines\/wp-content\/uploads\/2021\/07\/Fontaine-de-letang-EPPE-SAUVAGE.webp?resize=300%2C216&amp;ssl=1 300w, https:\/\/i0.wp.com\/patrimoine-avesnois.fr\/fontaines\/wp-content\/uploads\/2021\/07\/Fontaine-de-letang-EPPE-SAUVAGE.webp?resize=768%2C553&amp;ssl=1 768w\" sizes=\"auto, (max-width: 779px) 85vw, 779px\" \/><figcaption>Vue satellite de l\u2019emplacement actuel <a href=\"https:\/\/www.google.com\/maps\/place\/59132+Eppe-Sauvage\/@50.1222662,4.1905618,118m\/data=!3m1!1e3!4m5!3m4!1s0x47c2120d6032b521:0x63b70a35ac75cbb8!8m2!3d50.12042!4d4.178882?hl=fr\" target=\"_blank\" rel=\"noreferrer noopener\">Rue de la Fontaine<\/a> \u00e0 Eppe-Sauvage<\/figcaption><\/figure><\/div>\n\n\n\n<p>La Rue de la Fontaine est d\u00e9j\u00e0 attest\u00e9e sur le cadastre de 1823 mais l\u2019emplacement de la fontaine n\u2019est pas pr\u00e9cis. Seul figure un petit \u00e9tang, laissant \u00e0 penser que la fontaine se situait \u00e0 cet endroit.<\/p>\n","protected":false},"excerpt":{"rendered":"<p>La Rue de la Fontaine est d\u00e9j\u00e0 attest\u00e9e sur le cadastre de 1823 mais l\u2019emplacement de la fontaine n\u2019est pas pr\u00e9cis. Seul figure un petit \u00e9tang, laissant \u00e0 penser que la fontaine se situait \u00e0 cet endroit.<\/p>\n","protected":false},"author":2,"featured_media":0,"parent":0,"menu_order":0,"comment_status":"closed","ping_status":"closed","template":"","meta":{"footnotes":""},"class_list":["post-187","page","type-page","status-publish","hentry"],"jetpack_sharing_enabled":true,"_links":{"self":[{"href":"https:\/\/patrimoine-avesnois.fr\/fontaines\/wp-json\/wp\/v2\/pages\/187","targetHints":{"allow":["GET"]}}],"collection":[{"href":"https:\/\/patrimoine-avesnois.fr\/fontaines\/wp-json\/wp\/v2\/pages"}],"about":[{"href":"https:\/\/patrimoine-avesnois.fr\/fontaines\/wp-json\/wp\/v2\/types\/page"}],"author":[{"embeddable":true,"href":"https:\/\/patrimoine-avesnois.fr\/fontaines\/wp-json\/wp\/v2\/users\/2"}],"replies":[{"embeddable":true,"href":"https:\/\/patrimoine-avesnois.fr\/fontaines\/wp-json\/wp\/v2\/comments?post=187"}],"version-history":[{"count":3,"href":"https:\/\/patrimoine-avesnois.fr\/fontaines\/wp-json\/wp\/v2\/pages\/187\/revisions"}],"predecessor-version":[{"id":751,"href":"https:\/\/patrimoine-avesnois.fr\/fontaines\/wp-json\/wp\/v2\/pages\/187\/revisions\/751"}],"wp:attachment":[{"href":"https:\/\/patrimoine-avesnois.fr\/fontaines\/wp-json\/wp\/v2\/media?parent=187"}],"curies":[{"name":"wp","href":"https:\/\/api.w.org\/{rel}","templated":true}]}}