{"id":20,"date":"2021-07-01T12:04:33","date_gmt":"2021-07-01T10:04:33","guid":{"rendered":"https:\/\/patrimoine-avesnois.fr\/fontaines\/?page_id=20"},"modified":"2023-05-14T19:44:15","modified_gmt":"2023-05-14T17:44:15","slug":"anor","status":"publish","type":"page","link":"https:\/\/patrimoine-avesnois.fr\/fontaines\/anor\/","title":{"rendered":"Anor : la fontaine de la Gare et la fontaine \u00e0 bailles"},"content":{"rendered":"<div class=\"wp-block-image\">\n<figure class=\"aligncenter\"><img decoding=\"async\" src=\"https:\/\/i1.wp.com\/patrimoine-avesnois.fr\/chemin\/wp-content\/uploads\/2021\/06\/image-4.png?resize=630%2C473\" alt=\"\" class=\"wp-image-13268\"\/><figcaption class=\"wp-element-caption\">Fontaine publique sur la Place de la Mairie et des \u00e9coles<\/figcaption><\/figure>\n<\/div>\n\n\n<p>La s\u00e9rie 2 O 12\/132 aux Archives D\u00e9partementales du Nord nous r\u00e9v\u00e8le l&rsquo;\u00e9tablissement (avec plan) en 1821 d&rsquo;un lavoir public. <\/p>\n\n\n\n<p class=\"has-text-align-center\">***<\/p>\n\n\n<div class=\"wp-block-image\">\n<figure class=\"aligncenter size-full\"><img data-recalc-dims=\"1\" loading=\"lazy\" decoding=\"async\" width=\"840\" height=\"630\" src=\"https:\/\/i0.wp.com\/patrimoine-avesnois.fr\/fontaines\/wp-content\/uploads\/2021\/07\/Fontaine-de-la-Gare-ANOR.webp?resize=840%2C630&#038;ssl=1\" alt=\"\" class=\"wp-image-643\" srcset=\"https:\/\/i0.wp.com\/patrimoine-avesnois.fr\/fontaines\/wp-content\/uploads\/2021\/07\/Fontaine-de-la-Gare-ANOR.webp?w=840&amp;ssl=1 840w, https:\/\/i0.wp.com\/patrimoine-avesnois.fr\/fontaines\/wp-content\/uploads\/2021\/07\/Fontaine-de-la-Gare-ANOR.webp?resize=300%2C225&amp;ssl=1 300w, https:\/\/i0.wp.com\/patrimoine-avesnois.fr\/fontaines\/wp-content\/uploads\/2021\/07\/Fontaine-de-la-Gare-ANOR.webp?resize=768%2C576&amp;ssl=1 768w\" sizes=\"auto, (max-width: 709px) 85vw, (max-width: 909px) 67vw, (max-width: 1362px) 62vw, 840px\" \/><figcaption class=\"wp-element-caption\">J<em>olie Fontaine en pierre bleue&nbsp;<\/em><a rel=\"noreferrer noopener\" href=\"https:\/\/www.google.fr\/maps\/@49.985313,4.0952674,3a,37.5y,78.54h,87.51t\/data=!3m6!1e1!3m4!1srBubtVX3fYvtbieHUSt5JQ!2e0!7i13312!8i6656?hl=fr\" target=\"_blank\">rue de la Gare<\/a><\/figcaption><\/figure>\n<\/div>\n\n\n<p class=\"has-text-align-center\">***<\/p>\n\n\n<div class=\"wp-block-image\">\n<figure class=\"aligncenter size-full is-resized\"><img data-recalc-dims=\"1\" loading=\"lazy\" decoding=\"async\" src=\"https:\/\/i0.wp.com\/patrimoine-avesnois.fr\/fontaines\/wp-content\/uploads\/2021\/07\/Fontaine-ANOR.webp?resize=840%2C630&#038;ssl=1\" alt=\"\" class=\"wp-image-640\" width=\"840\" height=\"630\" srcset=\"https:\/\/i0.wp.com\/patrimoine-avesnois.fr\/fontaines\/wp-content\/uploads\/2021\/07\/Fontaine-ANOR.webp?w=630&amp;ssl=1 630w, https:\/\/i0.wp.com\/patrimoine-avesnois.fr\/fontaines\/wp-content\/uploads\/2021\/07\/Fontaine-ANOR.webp?resize=300%2C225&amp;ssl=1 300w\" sizes=\"auto, (max-width: 709px) 85vw, (max-width: 909px) 67vw, (max-width: 1362px) 62vw, 840px\" \/><figcaption class=\"wp-element-caption\">Ancienne Fontaine \u00e0 Anor <a href=\"https:\/\/www.google.com\/maps\/@49.9819456,4.117473,3a,41.4y,1.27h,82.93t\/data=!3m6!1e1!3m4!1sqV8wYe4zSOgvhxeyw8__Mg!2e0!7i13312!8i6656?hl=fr\" target=\"_blank\" rel=\"noreferrer noopener\">Rue de la Fontaine \u00e0 Bailles<\/a><\/figcaption><\/figure>\n<\/div>\n\n\n<p class=\"has-text-align-center\">***<\/p>\n\n\n<div class=\"wp-block-image\">\n<figure class=\"aligncenter is-resized\"><img loading=\"lazy\" decoding=\"async\" src=\"https:\/\/i2.wp.com\/patrimoine-avesnois.fr\/chemin\/wp-content\/uploads\/2021\/06\/image-6.png?resize=529%2C417\" alt=\"\" class=\"wp-image-13271\" width=\"606\" height=\"477\"\/><figcaption class=\"wp-element-caption\">R\u00e9seau hydrologique avec les limites des bassins versant (en noir) et des sous bassins versants (en marron) [Source : IMSRN]<\/figcaption><\/figure>\n<\/div>\n\n\n<p>Ind\u00e9pendamment de ces cours d\u2019eau, neuf sources donnant naissance \u00e0 autant de fontaines, se rencontrent sur le territoire d\u2019Anor. La limpidit\u00e9, la puret\u00e9 et la fra\u00eecheur de leurs eaux, les rendent aussi pr\u00e9cieuses qu\u2019utiles. L\u2019une d\u2019elles, pr\u00e8s de la vieille verrerie, dite la fontaine Martin-Colau passe pour \u00eatre min\u00e9rale. Mais ajoutons aussit\u00f4t que ses eaux n\u2019ont jamais \u00e9t\u00e9 analys\u00e9es : c\u2019est donc le peuple qui lui attribue cette propri\u00e9t\u00e9.<\/p>\n\n\n\n<p>Source du texte : <a rel=\"noreferrer noopener\" href=\"http:\/\/anor2007.unblog.fr\/2014\/07\/12\/origine-du-nom-anor\/\" target=\"_blank\">Origine du nom Anor<\/a><\/p>\n","protected":false},"excerpt":{"rendered":"<p>La s\u00e9rie 2 O 12\/132 aux Archives D\u00e9partementales du Nord nous r\u00e9v\u00e8le l&rsquo;\u00e9tablissement (avec plan) en 1821 d&rsquo;un lavoir public. *** *** *** Ind\u00e9pendamment de ces cours d\u2019eau, neuf sources donnant naissance \u00e0 autant de fontaines, se rencontrent sur le territoire d\u2019Anor. La limpidit\u00e9, la puret\u00e9 et la fra\u00eecheur de leurs eaux, les rendent aussi &hellip; <a href=\"https:\/\/patrimoine-avesnois.fr\/fontaines\/anor\/\" class=\"more-link\">Continuer la lecture<span class=\"screen-reader-text\"> de &laquo;&nbsp;Anor : la fontaine de la Gare et la fontaine \u00e0 bailles&nbsp;&raquo;<\/span><\/a><\/p>\n","protected":false},"author":2,"featured_media":0,"parent":0,"menu_order":0,"comment_status":"closed","ping_status":"closed","template":"","meta":{"footnotes":""},"class_list":["post-20","page","type-page","status-publish","hentry"],"jetpack_sharing_enabled":true,"_links":{"self":[{"href":"https:\/\/patrimoine-avesnois.fr\/fontaines\/wp-json\/wp\/v2\/pages\/20","targetHints":{"allow":["GET"]}}],"collection":[{"href":"https:\/\/patrimoine-avesnois.fr\/fontaines\/wp-json\/wp\/v2\/pages"}],"about":[{"href":"https:\/\/patrimoine-avesnois.fr\/fontaines\/wp-json\/wp\/v2\/types\/page"}],"author":[{"embeddable":true,"href":"https:\/\/patrimoine-avesnois.fr\/fontaines\/wp-json\/wp\/v2\/users\/2"}],"replies":[{"embeddable":true,"href":"https:\/\/patrimoine-avesnois.fr\/fontaines\/wp-json\/wp\/v2\/comments?post=20"}],"version-history":[{"count":7,"href":"https:\/\/patrimoine-avesnois.fr\/fontaines\/wp-json\/wp\/v2\/pages\/20\/revisions"}],"predecessor-version":[{"id":1853,"href":"https:\/\/patrimoine-avesnois.fr\/fontaines\/wp-json\/wp\/v2\/pages\/20\/revisions\/1853"}],"wp:attachment":[{"href":"https:\/\/patrimoine-avesnois.fr\/fontaines\/wp-json\/wp\/v2\/media?parent=20"}],"curies":[{"name":"wp","href":"https:\/\/api.w.org\/{rel}","templated":true}]}}

Anor : la fontaine de la Gare et la fontaine à bailles

<div class="wp-block-image">
<figure class="aligncenter"><img decoding="async" src="https://i1.wp.com/patrimoine-avesnois.fr/chemin/wp-content/uploads/2021/06/image-4.png?resize=630%2C473" alt="" class="wp-image-13268"/><figcaption class="wp-element-caption">Fontaine publique sur la Place de la Mairie et des écoles</figcaption></figure>
</div>


<p>La série 2 O 12/132 aux Archives Départementales du Nord nous révèle l&rsquo;établissement (avec plan) en 1821 d&rsquo;un lavoir public. </p>



<p class="has-text-align-center">***</p>


<div class="wp-block-image">
<figure class="aligncenter size-full"><img data-recalc-dims="1" loading="lazy" decoding="async" width="840" height="630" src="https://i0.wp.com/patrimoine-avesnois.fr/fontaines/wp-content/uploads/2021/07/Fontaine-de-la-Gare-ANOR.webp?resize=840%2C630&#038;ssl=1" alt="" class="wp-image-643" srcset="https://i0.wp.com/patrimoine-avesnois.fr/fontaines/wp-content/uploads/2021/07/Fontaine-de-la-Gare-ANOR.webp?w=840&amp;ssl=1 840w, https://i0.wp.com/patrimoine-avesnois.fr/fontaines/wp-content/uploads/2021/07/Fontaine-de-la-Gare-ANOR.webp?resize=300%2C225&amp;ssl=1 300w, https://i0.wp.com/patrimoine-avesnois.fr/fontaines/wp-content/uploads/2021/07/Fontaine-de-la-Gare-ANOR.webp?resize=768%2C576&amp;ssl=1 768w" sizes="auto, (max-width: 709px) 85vw, (max-width: 909px) 67vw, (max-width: 1362px) 62vw, 840px" /><figcaption class="wp-element-caption">J<em>olie Fontaine en pierre bleue&nbsp;</em><a rel="noreferrer noopener" href="https://www.google.fr/maps/@49.985313,4.0952674,3a,37.5y,78.54h,87.51t/data=!3m6!1e1!3m4!1srBubtVX3fYvtbieHUSt5JQ!2e0!7i13312!8i6656?hl=fr" target="_blank">rue de la Gare</a></figcaption></figure>
</div>


<p class="has-text-align-center">***</p>


<div class="wp-block-image">
<figure class="aligncenter size-full is-resized"><img data-recalc-dims="1" loading="lazy" decoding="async" src="https://i0.wp.com/patrimoine-avesnois.fr/fontaines/wp-content/uploads/2021/07/Fontaine-ANOR.webp?resize=840%2C630&#038;ssl=1" alt="" class="wp-image-640" width="840" height="630" srcset="https://i0.wp.com/patrimoine-avesnois.fr/fontaines/wp-content/uploads/2021/07/Fontaine-ANOR.webp?w=630&amp;ssl=1 630w, https://i0.wp.com/patrimoine-avesnois.fr/fontaines/wp-content/uploads/2021/07/Fontaine-ANOR.webp?resize=300%2C225&amp;ssl=1 300w" sizes="auto, (max-width: 709px) 85vw, (max-width: 909px) 67vw, (max-width: 1362px) 62vw, 840px" /><figcaption class="wp-element-caption">Ancienne Fontaine à Anor <a href="https://www.google.com/maps/@49.9819456,4.117473,3a,41.4y,1.27h,82.93t/data=!3m6!1e1!3m4!1sqV8wYe4zSOgvhxeyw8__Mg!2e0!7i13312!8i6656?hl=fr" target="_blank" rel="noreferrer noopener">Rue de la Fontaine à Bailles</a></figcaption></figure>
</div>


<p class="has-text-align-center">***</p>


<div class="wp-block-image">
<figure class="aligncenter is-resized"><img loading="lazy" decoding="async" src="https://i2.wp.com/patrimoine-avesnois.fr/chemin/wp-content/uploads/2021/06/image-6.png?resize=529%2C417" alt="" class="wp-image-13271" width="606" height="477"/><figcaption class="wp-element-caption">Réseau hydrologique avec les limites des bassins versant (en noir) et des sous bassins versants (en marron) [Source : IMSRN]</figcaption></figure>
</div>


<p>Indépendamment de ces cours d’eau, neuf sources donnant naissance à autant de fontaines, se rencontrent sur le territoire d’Anor. La limpidité, la pureté et la fraîcheur de leurs eaux, les rendent aussi précieuses qu’utiles. L’une d’elles, près de la vieille verrerie, dite la fontaine Martin-Colau passe pour être minérale. Mais ajoutons aussitôt que ses eaux n’ont jamais été analysées : c’est donc le peuple qui lui attribue cette propriété.</p>



<p>Source du texte : <a rel="noreferrer noopener" href="http://anor2007.unblog.fr/2014/07/12/origine-du-nom-anor/" target="_blank">Origine du nom Anor</a></p>

<p>La série 2 O 12/132 aux Archives Départementales du Nord nous révèle l&rsquo;établissement (avec plan) en 1821 d&rsquo;un lavoir public. *** *** *** Indépendamment de ces cours d’eau, neuf sources donnant naissance à autant de fontaines, se rencontrent sur le territoire d’Anor. La limpidité, la pureté et la fraîcheur de leurs eaux, les rendent aussi &hellip; <a href="https://patrimoine-avesnois.fr/fontaines/anor/" class="more-link">Continuer la lecture<span class="screen-reader-text"> de &laquo;&nbsp;Anor : la fontaine de la Gare et la fontaine à bailles&nbsp;&raquo;</span></a></p>
