{"id":207,"date":"2021-07-02T12:24:11","date_gmt":"2021-07-02T10:24:11","guid":{"rendered":"https:\/\/patrimoine-avesnois.fr\/fontaines\/?page_id=207"},"modified":"2021-07-25T17:43:15","modified_gmt":"2021-07-25T15:43:15","slug":"ferriere-la-grande-la-fontaine-douce","status":"publish","type":"page","link":"https:\/\/patrimoine-avesnois.fr\/fontaines\/ferriere-la-grande-la-fontaine-douce\/","title":{"rendered":"Ferri\u00e8re-la-Grande : la fontaine Douce et les abreuvoirs"},"content":{"rendered":"\n<div class=\"wp-block-image\"><figure class=\"aligncenter size-full\"><img data-recalc-dims=\"1\" loading=\"lazy\" decoding=\"async\" width=\"728\" height=\"547\" src=\"https:\/\/i0.wp.com\/patrimoine-avesnois.fr\/fontaines\/wp-content\/uploads\/2021\/07\/Rue-de-la-Fontaine-FERRIERE-LA-GRANDE.webp?resize=728%2C547&#038;ssl=1\" alt=\"\" class=\"wp-image-767\" srcset=\"https:\/\/i0.wp.com\/patrimoine-avesnois.fr\/fontaines\/wp-content\/uploads\/2021\/07\/Rue-de-la-Fontaine-FERRIERE-LA-GRANDE.webp?w=728&amp;ssl=1 728w, https:\/\/i0.wp.com\/patrimoine-avesnois.fr\/fontaines\/wp-content\/uploads\/2021\/07\/Rue-de-la-Fontaine-FERRIERE-LA-GRANDE.webp?resize=300%2C225&amp;ssl=1 300w\" sizes=\"auto, (max-width: 728px) 85vw, 728px\" \/><figcaption>Rue de la Fontaine<\/figcaption><\/figure><\/div>\n\n\n\n<p>Le cadastre de 1845 indique un lieu-dit appel\u00e9 La Fontaine Douce \u00e0 la limite de Ferri\u00e8re-la-Petite. De nos jours une rue est appel\u00e9e rue de la Fontaine mais n\u2019est cependant pas localis\u00e9e au lieu-dit.<\/p>\n\n\n\n<p class=\"has-text-align-center\">***<\/p>\n\n\n\n<div class=\"wp-block-image\"><figure class=\"aligncenter size-full is-resized\"><img data-recalc-dims=\"1\" loading=\"lazy\" decoding=\"async\" src=\"https:\/\/i0.wp.com\/patrimoine-avesnois.fr\/fontaines\/wp-content\/uploads\/2021\/07\/Abreuvoir-de-Ferriere-la-Grande.png?resize=726%2C475&#038;ssl=1\" alt=\"\" class=\"wp-image-769\" width=\"726\" height=\"475\" srcset=\"https:\/\/i0.wp.com\/patrimoine-avesnois.fr\/fontaines\/wp-content\/uploads\/2021\/07\/Abreuvoir-de-Ferriere-la-Grande.png?w=667&amp;ssl=1 667w, https:\/\/i0.wp.com\/patrimoine-avesnois.fr\/fontaines\/wp-content\/uploads\/2021\/07\/Abreuvoir-de-Ferriere-la-Grande.png?resize=300%2C196&amp;ssl=1 300w\" sizes=\"auto, (max-width: 726px) 85vw, 726px\" \/><figcaption>L&rsquo;Abreuvoir de Ferri\u00e8re-la-Grande<\/figcaption><\/figure><\/div>\n\n\n\n<div class=\"wp-block-image\"><figure class=\"aligncenter size-full is-resized\"><img data-recalc-dims=\"1\" loading=\"lazy\" decoding=\"async\" src=\"https:\/\/i0.wp.com\/patrimoine-avesnois.fr\/fontaines\/wp-content\/uploads\/2021\/07\/Abreuvoir-de-Ferriere-la-Grande-2.png?resize=726%2C455&#038;ssl=1\" alt=\"\" class=\"wp-image-770\" width=\"726\" height=\"455\" srcset=\"https:\/\/i0.wp.com\/patrimoine-avesnois.fr\/fontaines\/wp-content\/uploads\/2021\/07\/Abreuvoir-de-Ferriere-la-Grande-2.png?w=962&amp;ssl=1 962w, https:\/\/i0.wp.com\/patrimoine-avesnois.fr\/fontaines\/wp-content\/uploads\/2021\/07\/Abreuvoir-de-Ferriere-la-Grande-2.png?resize=300%2C188&amp;ssl=1 300w, https:\/\/i0.wp.com\/patrimoine-avesnois.fr\/fontaines\/wp-content\/uploads\/2021\/07\/Abreuvoir-de-Ferriere-la-Grande-2.png?resize=768%2C481&amp;ssl=1 768w\" sizes=\"auto, (max-width: 726px) 85vw, 726px\" \/><figcaption>L&rsquo;Abreuvoir de Ferri\u00e8re-la-Grande<\/figcaption><\/figure><\/div>\n\n\n\n<p class=\"has-text-align-center\">***<\/p>\n\n\n\n<div class=\"wp-block-image\"><figure class=\"aligncenter size-full is-resized\"><img data-recalc-dims=\"1\" loading=\"lazy\" decoding=\"async\" src=\"https:\/\/i0.wp.com\/patrimoine-avesnois.fr\/fontaines\/wp-content\/uploads\/2021\/07\/Abreuvoir-de-la-Machine-Ferriere-la-Grande.png?resize=726%2C483&#038;ssl=1\" alt=\"\" class=\"wp-image-771\" width=\"726\" height=\"483\" srcset=\"https:\/\/i0.wp.com\/patrimoine-avesnois.fr\/fontaines\/wp-content\/uploads\/2021\/07\/Abreuvoir-de-la-Machine-Ferriere-la-Grande.png?w=879&amp;ssl=1 879w, https:\/\/i0.wp.com\/patrimoine-avesnois.fr\/fontaines\/wp-content\/uploads\/2021\/07\/Abreuvoir-de-la-Machine-Ferriere-la-Grande.png?resize=300%2C199&amp;ssl=1 300w, https:\/\/i0.wp.com\/patrimoine-avesnois.fr\/fontaines\/wp-content\/uploads\/2021\/07\/Abreuvoir-de-la-Machine-Ferriere-la-Grande.png?resize=768%2C510&amp;ssl=1 768w\" sizes=\"auto, (max-width: 726px) 85vw, 726px\" \/><figcaption>L&rsquo;Abreuvoir de la Machine Ferri\u00e8re-la-Grande<\/figcaption><\/figure><\/div>\n","protected":false},"excerpt":{"rendered":"<p>Le cadastre de 1845 indique un lieu-dit appel\u00e9 La Fontaine Douce \u00e0 la limite de Ferri\u00e8re-la-Petite. De nos jours une rue est appel\u00e9e rue de la Fontaine mais n\u2019est cependant pas localis\u00e9e au lieu-dit. *** ***<\/p>\n","protected":false},"author":2,"featured_media":0,"parent":0,"menu_order":0,"comment_status":"closed","ping_status":"closed","template":"","meta":{"footnotes":""},"class_list":["post-207","page","type-page","status-publish","hentry"],"jetpack_sharing_enabled":true,"_links":{"self":[{"href":"https:\/\/patrimoine-avesnois.fr\/fontaines\/wp-json\/wp\/v2\/pages\/207","targetHints":{"allow":["GET"]}}],"collection":[{"href":"https:\/\/patrimoine-avesnois.fr\/fontaines\/wp-json\/wp\/v2\/pages"}],"about":[{"href":"https:\/\/patrimoine-avesnois.fr\/fontaines\/wp-json\/wp\/v2\/types\/page"}],"author":[{"embeddable":true,"href":"https:\/\/patrimoine-avesnois.fr\/fontaines\/wp-json\/wp\/v2\/users\/2"}],"replies":[{"embeddable":true,"href":"https:\/\/patrimoine-avesnois.fr\/fontaines\/wp-json\/wp\/v2\/comments?post=207"}],"version-history":[{"count":8,"href":"https:\/\/patrimoine-avesnois.fr\/fontaines\/wp-json\/wp\/v2\/pages\/207\/revisions"}],"predecessor-version":[{"id":772,"href":"https:\/\/patrimoine-avesnois.fr\/fontaines\/wp-json\/wp\/v2\/pages\/207\/revisions\/772"}],"wp:attachment":[{"href":"https:\/\/patrimoine-avesnois.fr\/fontaines\/wp-json\/wp\/v2\/media?parent=207"}],"curies":[{"name":"wp","href":"https:\/\/api.w.org\/{rel}","templated":true}]}}