{"id":217,"date":"2021-07-02T12:30:19","date_gmt":"2021-07-02T10:30:19","guid":{"rendered":"https:\/\/patrimoine-avesnois.fr\/fontaines\/?page_id=217"},"modified":"2023-05-15T16:06:26","modified_gmt":"2023-05-15T14:06:26","slug":"floyon-la-fontaine-au-gard-et-la-fontaine-de-chevireuil","status":"publish","type":"page","link":"https:\/\/patrimoine-avesnois.fr\/fontaines\/floyon-la-fontaine-au-gard-et-la-fontaine-de-chevireuil\/","title":{"rendered":"Floyon : l&rsquo;abreuvoir du village, la fontaine au Gard et la fontaine de Chevireuil"},"content":{"rendered":"<div class=\"wp-block-image\">\n<figure class=\"aligncenter size-full is-resized\"><img data-recalc-dims=\"1\" loading=\"lazy\" decoding=\"async\" src=\"https:\/\/i0.wp.com\/patrimoine-avesnois.fr\/fontaines\/wp-content\/uploads\/2023\/05\/image-2.png?resize=661%2C469&#038;ssl=1\" alt=\"\" class=\"wp-image-1888\" width=\"661\" height=\"469\" srcset=\"https:\/\/i0.wp.com\/patrimoine-avesnois.fr\/fontaines\/wp-content\/uploads\/2023\/05\/image-2.png?w=935&amp;ssl=1 935w, https:\/\/i0.wp.com\/patrimoine-avesnois.fr\/fontaines\/wp-content\/uploads\/2023\/05\/image-2.png?resize=300%2C213&amp;ssl=1 300w, https:\/\/i0.wp.com\/patrimoine-avesnois.fr\/fontaines\/wp-content\/uploads\/2023\/05\/image-2.png?resize=768%2C545&amp;ssl=1 768w\" sizes=\"auto, (max-width: 661px) 85vw, 661px\" \/><figcaption class=\"wp-element-caption\">L&rsquo;abreuvoir du village Cadastre 1871 ADN P 31 \/704 <a href=\"https:\/\/archivesdepartementales.lenord.fr\/ark:\/33518\/v63gbf90n5rp\/cec2150d-caf6-4dea-8351-b58a786051f9\" data-type=\"URL\" data-id=\"https:\/\/archivesdepartementales.lenord.fr\/ark:\/33518\/v63gbf90n5rp\/cec2150d-caf6-4dea-8351-b58a786051f9\" target=\"_blank\" rel=\"noreferrer noopener\">Vue 9\/28<\/a><\/figcaption><\/figure>\n<\/div>\n\n\n<p>Cet abreuvoir est ant\u00e9rieur \u00e0 1813. On autorisa en 1864 le brasseur M H\u00e9don \u00e0 utiliser pour son usine \u00ab les eaux surabondantes \u00bb de l&rsquo;abreuvoir avant de clore celui-ci entre 1867 et 1869 par un mur pour y \u00e9tablir un garde fou en fer (ADN S\u00e9rie 2 O 237).<\/p>\n\n\n<div class=\"wp-block-image\">\n<figure class=\"aligncenter is-resized\"><img loading=\"lazy\" decoding=\"async\" src=\"https:\/\/i0.wp.com\/patrimoine-avesnois.fr\/chemin\/wp-content\/uploads\/2021\/06\/Capture-121.jpg?w=840\" alt=\"\" class=\"wp-image-13673\" width=\"630\" height=\"426\"\/><figcaption class=\"wp-element-caption\">Fontaine au Gard Hameau Le Plouy Cadastre Floyon 1871 ADN P 31 \/ 704 <a rel=\"noreferrer noopener\" href=\"https:\/\/archivesdepartementales.lenord.fr\/ark:\/33518\/v63gbf90n5rp\/c8253380-d4a8-46b3-a2ac-ffa3d32ccd9b\" target=\"_blank\">Vue 18\/28<\/a><\/figcaption><\/figure>\n<\/div>\n\n<div class=\"wp-block-image\">\n<figure class=\"aligncenter size-full\"><img data-recalc-dims=\"1\" loading=\"lazy\" decoding=\"async\" width=\"636\" height=\"414\" src=\"https:\/\/i0.wp.com\/patrimoine-avesnois.fr\/fontaines\/wp-content\/uploads\/2021\/07\/Fontaine-au-Gard-FLOYON.webp?resize=636%2C414&#038;ssl=1\" alt=\"\" class=\"wp-image-781\" srcset=\"https:\/\/i0.wp.com\/patrimoine-avesnois.fr\/fontaines\/wp-content\/uploads\/2021\/07\/Fontaine-au-Gard-FLOYON.webp?w=636&amp;ssl=1 636w, https:\/\/i0.wp.com\/patrimoine-avesnois.fr\/fontaines\/wp-content\/uploads\/2021\/07\/Fontaine-au-Gard-FLOYON.webp?resize=300%2C195&amp;ssl=1 300w\" sizes=\"auto, (max-width: 636px) 85vw, 636px\" \/><figcaption class=\"wp-element-caption\"><a href=\"https:\/\/www.google.fr\/maps\/place\/59219+Floyon\/@50.0499886,3.8998291,879m\/data=!3m1!1e3!4m5!3m4!1s0x47c27a03f2918295:0x8615ddaa0f1e72fe!8m2!3d50.039933!4d3.888995\" target=\"_blank\" rel=\"noreferrer noopener\">Vue satellite<\/a> de l\u2019ancien sentier de la Fontaine au Gard<\/figcaption><\/figure>\n<\/div>\n\n\n<p>Le nom Gard a pour origine le terme d&rsquo;ancien fran\u00e7ais <em>gart<\/em> (=jardin), issu du germanique <em>gart<\/em> qui a le m\u00eame sens. A l&rsquo;\u00e9poque m\u00e9di\u00e9vale on faisait pousser dans ce jardin des l\u00e9gumes utilis\u00e9s pour les soupes, des fruits ou bien encore des plantes aromatiques ou m\u00e9dicinales. Ici \u00e0 Floyon la fontaine servait \u00e0 irriguer ces parcelles.<\/p>\n\n\n\n<p class=\"has-text-align-center\">***<\/p>\n\n\n<div class=\"wp-block-image\">\n<figure class=\"aligncenter size-full is-resized\"><img data-recalc-dims=\"1\" loading=\"lazy\" decoding=\"async\" src=\"https:\/\/i0.wp.com\/patrimoine-avesnois.fr\/fontaines\/wp-content\/uploads\/2021\/07\/Fontaine-Hameau-de-Chevireuil-FLOYON.jpg?resize=555%2C768&#038;ssl=1\" alt=\"\" class=\"wp-image-783\" width=\"555\" height=\"768\" srcset=\"https:\/\/i0.wp.com\/patrimoine-avesnois.fr\/fontaines\/wp-content\/uploads\/2021\/07\/Fontaine-Hameau-de-Chevireuil-FLOYON.jpg?w=740&amp;ssl=1 740w, https:\/\/i0.wp.com\/patrimoine-avesnois.fr\/fontaines\/wp-content\/uploads\/2021\/07\/Fontaine-Hameau-de-Chevireuil-FLOYON.jpg?resize=217%2C300&amp;ssl=1 217w\" sizes=\"auto, (max-width: 555px) 85vw, 555px\" \/><figcaption class=\"wp-element-caption\">Fontaine Hameau de Chevireuil Photo <a href=\"http:\/\/sentierdunord.free.fr\/Circuit_de_la_Vallee_du_Chevireuil_Floyon.html\" target=\"_blank\" rel=\"noreferrer noopener\">sentierdunord.free.fr<\/a><\/figcaption><\/figure>\n<\/div>\n\n\n<p>Le toponyme Chevireuil provient vraisemblablement d&rsquo;une forme <em>Cavirialo<\/em> que l&rsquo;on peut traduire par le champ de Cavirius qui d\u00e9fricha cet endroit pour le mettre en valeur : Ialo signifiait en gaulois \u00ab\u00a0clairi\u00e8re d\u00e9frich\u00e9e dans une for\u00eat\u00a0\u00bb. De plus la terminaison en <em>euil<\/em> traduit la naissance de villages de d\u00e9fricheurs. <\/p>\n\n\n\n<p class=\"has-text-align-center\">***<\/p>\n\n\n<div class=\"wp-block-image\">\n<figure class=\"aligncenter size-full\"><img data-recalc-dims=\"1\" loading=\"lazy\" decoding=\"async\" width=\"487\" height=\"600\" src=\"https:\/\/i0.wp.com\/patrimoine-avesnois.fr\/fontaines\/wp-content\/uploads\/2022\/02\/image-3.png?resize=487%2C600&#038;ssl=1\" alt=\"\" class=\"wp-image-1771\" srcset=\"https:\/\/i0.wp.com\/patrimoine-avesnois.fr\/fontaines\/wp-content\/uploads\/2022\/02\/image-3.png?w=487&amp;ssl=1 487w, https:\/\/i0.wp.com\/patrimoine-avesnois.fr\/fontaines\/wp-content\/uploads\/2022\/02\/image-3.png?resize=244%2C300&amp;ssl=1 244w\" sizes=\"auto, (max-width: 487px) 85vw, 487px\" \/><figcaption class=\"wp-element-caption\">Photo <a href=\"https:\/\/www.google.fr\/maps\/@50.0512734,3.8737537,3a,75y,173.18h,88.22t\/data=!3m6!1e1!3m4!1sJ0FBCj9Ui50J9zSl8M9swQ!2e0!7i16384!8i8192\" data-type=\"URL\" data-id=\"https:\/\/www.google.fr\/maps\/@50.0512734,3.8737537,3a,75y,173.18h,88.22t\/data=!3m6!1e1!3m4!1sJ0FBCj9Ui50J9zSl8M9swQ!2e0!7i16384!8i8192\" target=\"_blank\" rel=\"noreferrer noopener\">Google 09\/2019<\/a><\/figcaption><\/figure>\n<\/div>\n\n\n<p>Il existe \u00e9galement au 11 rue de Chevireuil une pompe \u00e0 eau tr\u00e8s utile pour les agriculteurs qui viennent chercher l\u2019eau capt\u00e9e&nbsp;du ruisseau. <\/p>\n\n\n<div class=\"wp-block-image\">\n<figure class=\"aligncenter size-full\"><img data-recalc-dims=\"1\" loading=\"lazy\" decoding=\"async\" width=\"611\" height=\"455\" src=\"https:\/\/i0.wp.com\/patrimoine-avesnois.fr\/fontaines\/wp-content\/uploads\/2022\/02\/image-4.png?resize=611%2C455&#038;ssl=1\" alt=\"\" class=\"wp-image-1776\" srcset=\"https:\/\/i0.wp.com\/patrimoine-avesnois.fr\/fontaines\/wp-content\/uploads\/2022\/02\/image-4.png?w=611&amp;ssl=1 611w, https:\/\/i0.wp.com\/patrimoine-avesnois.fr\/fontaines\/wp-content\/uploads\/2022\/02\/image-4.png?resize=300%2C223&amp;ssl=1 300w\" sizes=\"auto, (max-width: 611px) 85vw, 611px\" \/><figcaption class=\"wp-element-caption\">Cadastre Floyon 1871 ADN P 31\/704 <a href=\"https:\/\/archivesdepartementales.lenord.fr\/ark:\/33518\/v63gbf90n5rp\/e2c3cdc8-f203-48da-a6da-758653a1f257\" data-type=\"URL\" data-id=\"https:\/\/archivesdepartementales.lenord.fr\/ark:\/33518\/v63gbf90n5rp\/e2c3cdc8-f203-48da-a6da-758653a1f257\" target=\"_blank\" rel=\"noreferrer noopener\">vue 15\/28<\/a><\/figcaption><\/figure>\n<\/div>\n\n<div class=\"wp-block-image\">\n<figure class=\"aligncenter size-full is-resized\"><img data-recalc-dims=\"1\" loading=\"lazy\" decoding=\"async\" src=\"https:\/\/i0.wp.com\/patrimoine-avesnois.fr\/fontaines\/wp-content\/uploads\/2022\/02\/image-5.png?resize=618%2C452&#038;ssl=1\" alt=\"\" class=\"wp-image-1777\" width=\"618\" height=\"452\" srcset=\"https:\/\/i0.wp.com\/patrimoine-avesnois.fr\/fontaines\/wp-content\/uploads\/2022\/02\/image-5.png?w=824&amp;ssl=1 824w, https:\/\/i0.wp.com\/patrimoine-avesnois.fr\/fontaines\/wp-content\/uploads\/2022\/02\/image-5.png?resize=300%2C219&amp;ssl=1 300w, https:\/\/i0.wp.com\/patrimoine-avesnois.fr\/fontaines\/wp-content\/uploads\/2022\/02\/image-5.png?resize=768%2C561&amp;ssl=1 768w\" sizes=\"auto, (max-width: 618px) 85vw, 618px\" \/><figcaption class=\"wp-element-caption\">Emplacement de l&rsquo;ancien abreuvoir naturel Photo <a href=\"https:\/\/www.google.fr\/maps\/@50.0517634,3.874188,3a,90y,160.84h,82.95t\/data=!3m6!1e1!3m4!1sG0xEbcNMEKPu_BHmgBh0Rg!2e0!7i16384!8i8192\" data-type=\"URL\" data-id=\"https:\/\/www.google.fr\/maps\/@50.0517634,3.874188,3a,90y,160.84h,82.95t\/data=!3m6!1e1!3m4!1sG0xEbcNMEKPu_BHmgBh0Rg!2e0!7i16384!8i8192\" target=\"_blank\" rel=\"noreferrer noopener\">Google 09\/2019<\/a><\/figcaption><\/figure>\n<\/div>\n\n\n<p>En 1870 une soixante de m\u00e8tres en aval du ruisseau o\u00f9 se situe la pompe \u00e0 eau , \u00e0 l&rsquo;actuel 15 rue de Chevireuil, le ruisseau s&rsquo;\u00e9largissait et formait un abreuvoir naturel.<\/p>\n","protected":false},"excerpt":{"rendered":"<p>Cet abreuvoir est ant\u00e9rieur \u00e0 1813. On autorisa en 1864 le brasseur M H\u00e9don \u00e0 utiliser pour son usine \u00ab les eaux surabondantes \u00bb de l&rsquo;abreuvoir avant de clore celui-ci entre 1867 et 1869 par un mur pour y \u00e9tablir un garde fou en fer (ADN S\u00e9rie 2 O 237). Le nom Gard a pour &hellip; <a href=\"https:\/\/patrimoine-avesnois.fr\/fontaines\/floyon-la-fontaine-au-gard-et-la-fontaine-de-chevireuil\/\" class=\"more-link\">Continuer la lecture<span class=\"screen-reader-text\"> de &laquo;&nbsp;Floyon : l&rsquo;abreuvoir du village, la fontaine au Gard et la fontaine de Chevireuil&nbsp;&raquo;<\/span><\/a><\/p>\n","protected":false},"author":2,"featured_media":0,"parent":0,"menu_order":0,"comment_status":"closed","ping_status":"closed","template":"","meta":{"footnotes":""},"class_list":["post-217","page","type-page","status-publish","hentry"],"jetpack_sharing_enabled":true,"_links":{"self":[{"href":"https:\/\/patrimoine-avesnois.fr\/fontaines\/wp-json\/wp\/v2\/pages\/217","targetHints":{"allow":["GET"]}}],"collection":[{"href":"https:\/\/patrimoine-avesnois.fr\/fontaines\/wp-json\/wp\/v2\/pages"}],"about":[{"href":"https:\/\/patrimoine-avesnois.fr\/fontaines\/wp-json\/wp\/v2\/types\/page"}],"author":[{"embeddable":true,"href":"https:\/\/patrimoine-avesnois.fr\/fontaines\/wp-json\/wp\/v2\/users\/2"}],"replies":[{"embeddable":true,"href":"https:\/\/patrimoine-avesnois.fr\/fontaines\/wp-json\/wp\/v2\/comments?post=217"}],"version-history":[{"count":9,"href":"https:\/\/patrimoine-avesnois.fr\/fontaines\/wp-json\/wp\/v2\/pages\/217\/revisions"}],"predecessor-version":[{"id":1891,"href":"https:\/\/patrimoine-avesnois.fr\/fontaines\/wp-json\/wp\/v2\/pages\/217\/revisions\/1891"}],"wp:attachment":[{"href":"https:\/\/patrimoine-avesnois.fr\/fontaines\/wp-json\/wp\/v2\/media?parent=217"}],"curies":[{"name":"wp","href":"https:\/\/api.w.org\/{rel}","templated":true}]}}

<div class="wp-block-image">
<figure class="aligncenter size-full is-resized"><img data-recalc-dims="1" loading="lazy" decoding="async" src="https://i0.wp.com/patrimoine-avesnois.fr/fontaines/wp-content/uploads/2023/05/image-2.png?resize=661%2C469&#038;ssl=1" alt="" class="wp-image-1888" width="661" height="469" srcset="https://i0.wp.com/patrimoine-avesnois.fr/fontaines/wp-content/uploads/2023/05/image-2.png?w=935&amp;ssl=1 935w, https://i0.wp.com/patrimoine-avesnois.fr/fontaines/wp-content/uploads/2023/05/image-2.png?resize=300%2C213&amp;ssl=1 300w, https://i0.wp.com/patrimoine-avesnois.fr/fontaines/wp-content/uploads/2023/05/image-2.png?resize=768%2C545&amp;ssl=1 768w" sizes="auto, (max-width: 661px) 85vw, 661px" /><figcaption class="wp-element-caption">L&rsquo;abreuvoir du village Cadastre 1871 ADN P 31 /704 <a href="https://archivesdepartementales.lenord.fr/ark:/33518/v63gbf90n5rp/cec2150d-caf6-4dea-8351-b58a786051f9" data-type="URL" data-id="https://archivesdepartementales.lenord.fr/ark:/33518/v63gbf90n5rp/cec2150d-caf6-4dea-8351-b58a786051f9" target="_blank" rel="noreferrer noopener">Vue 9/28</a></figcaption></figure>
</div>


<p>Cet abreuvoir est antérieur à 1813. On autorisa en 1864 le brasseur M Hédon à utiliser pour son usine « les eaux surabondantes » de l&rsquo;abreuvoir avant de clore celui-ci entre 1867 et 1869 par un mur pour y établir un garde fou en fer (ADN Série 2 O 237).</p>


<div class="wp-block-image">
<figure class="aligncenter is-resized"><img loading="lazy" decoding="async" src="https://i0.wp.com/patrimoine-avesnois.fr/chemin/wp-content/uploads/2021/06/Capture-121.jpg?w=840" alt="" class="wp-image-13673" width="630" height="426"/><figcaption class="wp-element-caption">Fontaine au Gard Hameau Le Plouy Cadastre Floyon 1871 ADN P 31 / 704 <a rel="noreferrer noopener" href="https://archivesdepartementales.lenord.fr/ark:/33518/v63gbf90n5rp/c8253380-d4a8-46b3-a2ac-ffa3d32ccd9b" target="_blank">Vue 18/28</a></figcaption></figure>
</div>

<div class="wp-block-image">
<figure class="aligncenter size-full"><img data-recalc-dims="1" loading="lazy" decoding="async" width="636" height="414" src="https://i0.wp.com/patrimoine-avesnois.fr/fontaines/wp-content/uploads/2021/07/Fontaine-au-Gard-FLOYON.webp?resize=636%2C414&#038;ssl=1" alt="" class="wp-image-781" srcset="https://i0.wp.com/patrimoine-avesnois.fr/fontaines/wp-content/uploads/2021/07/Fontaine-au-Gard-FLOYON.webp?w=636&amp;ssl=1 636w, https://i0.wp.com/patrimoine-avesnois.fr/fontaines/wp-content/uploads/2021/07/Fontaine-au-Gard-FLOYON.webp?resize=300%2C195&amp;ssl=1 300w" sizes="auto, (max-width: 636px) 85vw, 636px" /><figcaption class="wp-element-caption"><a href="https://www.google.fr/maps/place/59219+Floyon/@50.0499886,3.8998291,879m/data=!3m1!1e3!4m5!3m4!1s0x47c27a03f2918295:0x8615ddaa0f1e72fe!8m2!3d50.039933!4d3.888995" target="_blank" rel="noreferrer noopener">Vue satellite</a> de l’ancien sentier de la Fontaine au Gard</figcaption></figure>
</div>


<p>Le nom Gard a pour origine le terme d&rsquo;ancien français <em>gart</em> (=jardin), issu du germanique <em>gart</em> qui a le même sens. A l&rsquo;époque médiévale on faisait pousser dans ce jardin des légumes utilisés pour les soupes, des fruits ou bien encore des plantes aromatiques ou médicinales. Ici à Floyon la fontaine servait à irriguer ces parcelles.</p>



<p class="has-text-align-center">***</p>


<div class="wp-block-image">
<figure class="aligncenter size-full is-resized"><img data-recalc-dims="1" loading="lazy" decoding="async" src="https://i0.wp.com/patrimoine-avesnois.fr/fontaines/wp-content/uploads/2021/07/Fontaine-Hameau-de-Chevireuil-FLOYON.jpg?resize=555%2C768&#038;ssl=1" alt="" class="wp-image-783" width="555" height="768" srcset="https://i0.wp.com/patrimoine-avesnois.fr/fontaines/wp-content/uploads/2021/07/Fontaine-Hameau-de-Chevireuil-FLOYON.jpg?w=740&amp;ssl=1 740w, https://i0.wp.com/patrimoine-avesnois.fr/fontaines/wp-content/uploads/2021/07/Fontaine-Hameau-de-Chevireuil-FLOYON.jpg?resize=217%2C300&amp;ssl=1 217w" sizes="auto, (max-width: 555px) 85vw, 555px" /><figcaption class="wp-element-caption">Fontaine Hameau de Chevireuil Photo <a href="http://sentierdunord.free.fr/Circuit_de_la_Vallee_du_Chevireuil_Floyon.html" target="_blank" rel="noreferrer noopener">sentierdunord.free.fr</a></figcaption></figure>
</div>


<p>Le toponyme Chevireuil provient vraisemblablement d&rsquo;une forme <em>Cavirialo</em> que l&rsquo;on peut traduire par le champ de Cavirius qui défricha cet endroit pour le mettre en valeur : Ialo signifiait en gaulois « clairière défrichée dans une forêt ». De plus la terminaison en <em>euil</em> traduit la naissance de villages de défricheurs. </p>



<p class="has-text-align-center">***</p>


<div class="wp-block-image">
<figure class="aligncenter size-full"><img data-recalc-dims="1" loading="lazy" decoding="async" width="487" height="600" src="https://i0.wp.com/patrimoine-avesnois.fr/fontaines/wp-content/uploads/2022/02/image-3.png?resize=487%2C600&#038;ssl=1" alt="" class="wp-image-1771" srcset="https://i0.wp.com/patrimoine-avesnois.fr/fontaines/wp-content/uploads/2022/02/image-3.png?w=487&amp;ssl=1 487w, https://i0.wp.com/patrimoine-avesnois.fr/fontaines/wp-content/uploads/2022/02/image-3.png?resize=244%2C300&amp;ssl=1 244w" sizes="auto, (max-width: 487px) 85vw, 487px" /><figcaption class="wp-element-caption">Photo <a href="https://www.google.fr/maps/@50.0512734,3.8737537,3a,75y,173.18h,88.22t/data=!3m6!1e1!3m4!1sJ0FBCj9Ui50J9zSl8M9swQ!2e0!7i16384!8i8192" data-type="URL" data-id="https://www.google.fr/maps/@50.0512734,3.8737537,3a,75y,173.18h,88.22t/data=!3m6!1e1!3m4!1sJ0FBCj9Ui50J9zSl8M9swQ!2e0!7i16384!8i8192" target="_blank" rel="noreferrer noopener">Google 09/2019</a></figcaption></figure>
</div>


<p>Il existe également au 11 rue de Chevireuil une pompe à eau très utile pour les agriculteurs qui viennent chercher l’eau captée&nbsp;du ruisseau. </p>


<div class="wp-block-image">
<figure class="aligncenter size-full"><img data-recalc-dims="1" loading="lazy" decoding="async" width="611" height="455" src="https://i0.wp.com/patrimoine-avesnois.fr/fontaines/wp-content/uploads/2022/02/image-4.png?resize=611%2C455&#038;ssl=1" alt="" class="wp-image-1776" srcset="https://i0.wp.com/patrimoine-avesnois.fr/fontaines/wp-content/uploads/2022/02/image-4.png?w=611&amp;ssl=1 611w, https://i0.wp.com/patrimoine-avesnois.fr/fontaines/wp-content/uploads/2022/02/image-4.png?resize=300%2C223&amp;ssl=1 300w" sizes="auto, (max-width: 611px) 85vw, 611px" /><figcaption class="wp-element-caption">Cadastre Floyon 1871 ADN P 31/704 <a href="https://archivesdepartementales.lenord.fr/ark:/33518/v63gbf90n5rp/e2c3cdc8-f203-48da-a6da-758653a1f257" data-type="URL" data-id="https://archivesdepartementales.lenord.fr/ark:/33518/v63gbf90n5rp/e2c3cdc8-f203-48da-a6da-758653a1f257" target="_blank" rel="noreferrer noopener">vue 15/28</a></figcaption></figure>
</div>

<div class="wp-block-image">
<figure class="aligncenter size-full is-resized"><img data-recalc-dims="1" loading="lazy" decoding="async" src="https://i0.wp.com/patrimoine-avesnois.fr/fontaines/wp-content/uploads/2022/02/image-5.png?resize=618%2C452&#038;ssl=1" alt="" class="wp-image-1777" width="618" height="452" srcset="https://i0.wp.com/patrimoine-avesnois.fr/fontaines/wp-content/uploads/2022/02/image-5.png?w=824&amp;ssl=1 824w, https://i0.wp.com/patrimoine-avesnois.fr/fontaines/wp-content/uploads/2022/02/image-5.png?resize=300%2C219&amp;ssl=1 300w, https://i0.wp.com/patrimoine-avesnois.fr/fontaines/wp-content/uploads/2022/02/image-5.png?resize=768%2C561&amp;ssl=1 768w" sizes="auto, (max-width: 618px) 85vw, 618px" /><figcaption class="wp-element-caption">Emplacement de l&rsquo;ancien abreuvoir naturel Photo <a href="https://www.google.fr/maps/@50.0517634,3.874188,3a,90y,160.84h,82.95t/data=!3m6!1e1!3m4!1sG0xEbcNMEKPu_BHmgBh0Rg!2e0!7i16384!8i8192" data-type="URL" data-id="https://www.google.fr/maps/@50.0517634,3.874188,3a,90y,160.84h,82.95t/data=!3m6!1e1!3m4!1sG0xEbcNMEKPu_BHmgBh0Rg!2e0!7i16384!8i8192" target="_blank" rel="noreferrer noopener">Google 09/2019</a></figcaption></figure>
</div>


<p>En 1870 une soixante de mètres en aval du ruisseau où se situe la pompe à eau , à l&rsquo;actuel 15 rue de Chevireuil, le ruisseau s&rsquo;élargissait et formait un abreuvoir naturel.</p>

<p>Cet abreuvoir est antérieur à 1813. On autorisa en 1864 le brasseur M Hédon à utiliser pour son usine « les eaux surabondantes » de l&rsquo;abreuvoir avant de clore celui-ci entre 1867 et 1869 par un mur pour y établir un garde fou en fer (ADN Série 2 O 237). Le nom Gard a pour &hellip; <a href="https://patrimoine-avesnois.fr/fontaines/floyon-la-fontaine-au-gard-et-la-fontaine-de-chevireuil/" class="more-link">Continuer la lecture<span class="screen-reader-text"> de &laquo;&nbsp;Floyon : l&rsquo;abreuvoir du village, la fontaine au Gard et la fontaine de Chevireuil&nbsp;&raquo;</span></a></p>
