{"id":229,"date":"2021-07-02T12:39:21","date_gmt":"2021-07-02T10:39:21","guid":{"rendered":"https:\/\/patrimoine-avesnois.fr\/fontaines\/?page_id=229"},"modified":"2022-01-13T15:17:10","modified_gmt":"2022-01-13T14:17:10","slug":"frasnoy-fontaine-et-abreuvoir","status":"publish","type":"page","link":"https:\/\/patrimoine-avesnois.fr\/fontaines\/frasnoy-fontaine-et-abreuvoir\/","title":{"rendered":"Frasnoy : la fontaine St Cl\u00e9ment"},"content":{"rendered":"\n<div class=\"wp-block-image\"><figure class=\"aligncenter is-resized\"><img loading=\"lazy\" decoding=\"async\" src=\"https:\/\/i2.wp.com\/patrimoine-avesnois.fr\/chemin\/wp-content\/uploads\/2021\/06\/Frasnoy11.jpg?w=840\" alt=\"\" class=\"wp-image-13695\" width=\"630\" height=\"420\"\/><figcaption>Abreuvoir Cadastre de Frasnoy 1897 ADN P 31 \/ 708 <a href=\"https:\/\/archivesdepartementales.lenord.fr\/ark:\/33518\/n1fsv582gxk4\/d55913cb-8255-43d7-a82e-6053ecff5616\" target=\"_blank\" rel=\"noreferrer noopener\">Vue 11\/11<\/a><\/figcaption><\/figure><\/div>\n\n\n\n<div class=\"wp-block-image\"><figure class=\"aligncenter size-full\"><img data-recalc-dims=\"1\" loading=\"lazy\" decoding=\"async\" width=\"776\" height=\"554\" src=\"https:\/\/i0.wp.com\/patrimoine-avesnois.fr\/fontaines\/wp-content\/uploads\/2021\/07\/Fontaine-et-Abreuvoir-Rue-Mottin-a-Frasnoy.webp?resize=776%2C554&#038;ssl=1\" alt=\"\" class=\"wp-image-793\" srcset=\"https:\/\/i0.wp.com\/patrimoine-avesnois.fr\/fontaines\/wp-content\/uploads\/2021\/07\/Fontaine-et-Abreuvoir-Rue-Mottin-a-Frasnoy.webp?w=776&amp;ssl=1 776w, https:\/\/i0.wp.com\/patrimoine-avesnois.fr\/fontaines\/wp-content\/uploads\/2021\/07\/Fontaine-et-Abreuvoir-Rue-Mottin-a-Frasnoy.webp?resize=300%2C214&amp;ssl=1 300w, https:\/\/i0.wp.com\/patrimoine-avesnois.fr\/fontaines\/wp-content\/uploads\/2021\/07\/Fontaine-et-Abreuvoir-Rue-Mottin-a-Frasnoy.webp?resize=768%2C548&amp;ssl=1 768w\" sizes=\"auto, (max-width: 776px) 85vw, 776px\" \/><figcaption>Fontaine et Abreuvoir <a href=\"https:\/\/www.google.com\/maps\/@50.2718167,3.6778709,3a,75y,217.97h,74.3t\/data=!3m6!1e1!3m4!1sINVg8u_WPiWHzP4ZGWwWDw!2e0!7i16384!8i8192?hl=fr\" target=\"_blank\" rel=\"noreferrer noopener\">Rue Mottin <\/a>\u00e0 Frasnoy<\/figcaption><\/figure><\/div>\n\n\n\n<p>Autrefois, la fontaine \u00ab\u00a0Saint-Cl\u00e9ment\u00a0\u00bb attirait bon nombre de p\u00e8lerins, venus des villages d&rsquo;alentour, pour y boire l&rsquo;eau dont les vertus op\u00e9raient, dit-on, sur les infirmit\u00e9s, notamment sur les maux d&rsquo;oreilles et de dents.<\/p>\n","protected":false},"excerpt":{"rendered":"<p>Autrefois, la fontaine \u00ab\u00a0Saint-Cl\u00e9ment\u00a0\u00bb attirait bon nombre de p\u00e8lerins, venus des villages d&rsquo;alentour, pour y boire l&rsquo;eau dont les vertus op\u00e9raient, dit-on, sur les infirmit\u00e9s, notamment sur les maux d&rsquo;oreilles et de dents.<\/p>\n","protected":false},"author":2,"featured_media":0,"parent":0,"menu_order":0,"comment_status":"closed","ping_status":"closed","template":"","meta":{"footnotes":""},"class_list":["post-229","page","type-page","status-publish","hentry"],"jetpack_sharing_enabled":true,"_links":{"self":[{"href":"https:\/\/patrimoine-avesnois.fr\/fontaines\/wp-json\/wp\/v2\/pages\/229","targetHints":{"allow":["GET"]}}],"collection":[{"href":"https:\/\/patrimoine-avesnois.fr\/fontaines\/wp-json\/wp\/v2\/pages"}],"about":[{"href":"https:\/\/patrimoine-avesnois.fr\/fontaines\/wp-json\/wp\/v2\/types\/page"}],"author":[{"embeddable":true,"href":"https:\/\/patrimoine-avesnois.fr\/fontaines\/wp-json\/wp\/v2\/users\/2"}],"replies":[{"embeddable":true,"href":"https:\/\/patrimoine-avesnois.fr\/fontaines\/wp-json\/wp\/v2\/comments?post=229"}],"version-history":[{"count":4,"href":"https:\/\/patrimoine-avesnois.fr\/fontaines\/wp-json\/wp\/v2\/pages\/229\/revisions"}],"predecessor-version":[{"id":1539,"href":"https:\/\/patrimoine-avesnois.fr\/fontaines\/wp-json\/wp\/v2\/pages\/229\/revisions\/1539"}],"wp:attachment":[{"href":"https:\/\/patrimoine-avesnois.fr\/fontaines\/wp-json\/wp\/v2\/media?parent=229"}],"curies":[{"name":"wp","href":"https:\/\/api.w.org\/{rel}","templated":true}]}}

Frasnoy : la fontaine St Clément

<div class="wp-block-image"><figure class="aligncenter is-resized"><img loading="lazy" decoding="async" src="https://i2.wp.com/patrimoine-avesnois.fr/chemin/wp-content/uploads/2021/06/Frasnoy11.jpg?w=840" alt="" class="wp-image-13695" width="630" height="420"/><figcaption>Abreuvoir Cadastre de Frasnoy 1897 ADN P 31 / 708 <a href="https://archivesdepartementales.lenord.fr/ark:/33518/n1fsv582gxk4/d55913cb-8255-43d7-a82e-6053ecff5616" target="_blank" rel="noreferrer noopener">Vue 11/11</a></figcaption></figure></div>



<div class="wp-block-image"><figure class="aligncenter size-full"><img data-recalc-dims="1" loading="lazy" decoding="async" width="776" height="554" src="https://i0.wp.com/patrimoine-avesnois.fr/fontaines/wp-content/uploads/2021/07/Fontaine-et-Abreuvoir-Rue-Mottin-a-Frasnoy.webp?resize=776%2C554&#038;ssl=1" alt="" class="wp-image-793" srcset="https://i0.wp.com/patrimoine-avesnois.fr/fontaines/wp-content/uploads/2021/07/Fontaine-et-Abreuvoir-Rue-Mottin-a-Frasnoy.webp?w=776&amp;ssl=1 776w, https://i0.wp.com/patrimoine-avesnois.fr/fontaines/wp-content/uploads/2021/07/Fontaine-et-Abreuvoir-Rue-Mottin-a-Frasnoy.webp?resize=300%2C214&amp;ssl=1 300w, https://i0.wp.com/patrimoine-avesnois.fr/fontaines/wp-content/uploads/2021/07/Fontaine-et-Abreuvoir-Rue-Mottin-a-Frasnoy.webp?resize=768%2C548&amp;ssl=1 768w" sizes="auto, (max-width: 776px) 85vw, 776px" /><figcaption>Fontaine et Abreuvoir <a href="https://www.google.com/maps/@50.2718167,3.6778709,3a,75y,217.97h,74.3t/data=!3m6!1e1!3m4!1sINVg8u_WPiWHzP4ZGWwWDw!2e0!7i16384!8i8192?hl=fr" target="_blank" rel="noreferrer noopener">Rue Mottin </a>à Frasnoy</figcaption></figure></div>



<p>Autrefois, la fontaine « Saint-Clément » attirait bon nombre de pèlerins, venus des villages d&rsquo;alentour, pour y boire l&rsquo;eau dont les vertus opéraient, dit-on, sur les infirmités, notamment sur les maux d&rsquo;oreilles et de dents.</p>

<p>Autrefois, la fontaine « Saint-Clément » attirait bon nombre de pèlerins, venus des villages d&rsquo;alentour, pour y boire l&rsquo;eau dont les vertus opéraient, dit-on, sur les infirmités, notamment sur les maux d&rsquo;oreilles et de dents.</p>
