{"id":249,"date":"2021-07-02T13:18:21","date_gmt":"2021-07-02T11:18:21","guid":{"rendered":"https:\/\/patrimoine-avesnois.fr\/fontaines\/?page_id=249"},"modified":"2023-05-15T16:36:52","modified_gmt":"2023-05-15T14:36:52","slug":"grand-fayt","status":"publish","type":"page","link":"https:\/\/patrimoine-avesnois.fr\/fontaines\/grand-fayt\/","title":{"rendered":"Grand-Fayt : la fontaine de la Demoiselle, l&rsquo;ancien abreuvoir du Gard"},"content":{"rendered":"<div class=\"wp-block-image\">\n<figure class=\"aligncenter size-full\"><img data-recalc-dims=\"1\" loading=\"lazy\" decoding=\"async\" width=\"450\" height=\"600\" src=\"https:\/\/i0.wp.com\/patrimoine-avesnois.fr\/fontaines\/wp-content\/uploads\/2021\/07\/Fontaine-de-la-Demoiselle-a-Grand-Fayt-.webp?resize=450%2C600&#038;ssl=1\" alt=\"\" class=\"wp-image-805\" srcset=\"https:\/\/i0.wp.com\/patrimoine-avesnois.fr\/fontaines\/wp-content\/uploads\/2021\/07\/Fontaine-de-la-Demoiselle-a-Grand-Fayt-.webp?w=450&amp;ssl=1 450w, https:\/\/i0.wp.com\/patrimoine-avesnois.fr\/fontaines\/wp-content\/uploads\/2021\/07\/Fontaine-de-la-Demoiselle-a-Grand-Fayt-.webp?resize=225%2C300&amp;ssl=1 225w\" sizes=\"auto, (max-width: 450px) 85vw, 450px\" \/><figcaption class=\"wp-element-caption\">Fontaine de la Demoiselle \u00e0 Grand-Fayt <a href=\"https:\/\/www.google.com\/maps\/@50.1112668,3.800498,3a,75y,215.21h,74.82t\/data=!3m6!1e1!3m4!1sjT5ZTZPPHgi8U8QOpH2tLw!2e0!7i16384!8i8192?hl=fr\" target=\"_blank\" rel=\"noreferrer noopener\">Rue de la Fontaine<\/a><\/figcaption><\/figure>\n<\/div>\n\n<div class=\"wp-block-image\">\n<figure class=\"aligncenter size-full\"><img data-recalc-dims=\"1\" loading=\"lazy\" decoding=\"async\" width=\"450\" height=\"600\" src=\"https:\/\/i0.wp.com\/patrimoine-avesnois.fr\/fontaines\/wp-content\/uploads\/2021\/07\/Fontaine-de-la-Demoiselle-a-Grand-Fayt-2.webp?resize=450%2C600&#038;ssl=1\" alt=\"\" class=\"wp-image-806\" srcset=\"https:\/\/i0.wp.com\/patrimoine-avesnois.fr\/fontaines\/wp-content\/uploads\/2021\/07\/Fontaine-de-la-Demoiselle-a-Grand-Fayt-2.webp?w=450&amp;ssl=1 450w, https:\/\/i0.wp.com\/patrimoine-avesnois.fr\/fontaines\/wp-content\/uploads\/2021\/07\/Fontaine-de-la-Demoiselle-a-Grand-Fayt-2.webp?resize=225%2C300&amp;ssl=1 225w\" sizes=\"auto, (max-width: 450px) 85vw, 450px\" \/><figcaption class=\"wp-element-caption\">Fontaine de la Demoiselle \u00e0 Grand-Fayt Restaur\u00e9e entre 2009 et 2011<\/figcaption><\/figure>\n<\/div>\n\n\n<p>Elle porte ce nom en hommage \u00e0 une demoiselle, souvent coiff\u00e9e d\u2019un superbe chapeau, qui venait tous les jours puiser son broc d\u2019eau. C\u2019\u00e9tait Simone Carlier, une jolie demoiselle infirmi\u00e8re, tr\u00e8s d\u00e9vou\u00e9e. L\u2019eau ne l\u2019a pas rendue malade puisqu\u2019elle est d\u00e9c\u00e9d\u00e9e \u00e0 101 ans. Source : Mairie.<\/p>\n\n\n\n<p class=\"has-text-align-center\">***<\/p>\n\n\n<div class=\"wp-block-image\">\n<figure class=\"aligncenter is-resized\"><img data-recalc-dims=\"1\" loading=\"lazy\" decoding=\"async\" src=\"https:\/\/i0.wp.com\/www.delcampe.net\/static\/img_large\/auction\/000\/327\/649\/675_001.jpg?resize=765%2C513&#038;ssl=1\" alt=\"GRAND FAYT : RUE DU GARD - UN CHEVAL A L'ABREUVOIR - ECRITE 1911  - 2 SCANS - - Autres Communes\" width=\"765\" height=\"513\"\/><\/figure>\n<\/div>\n\n<div class=\"wp-block-image\">\n<figure class=\"aligncenter size-large is-resized\"><img data-recalc-dims=\"1\" loading=\"lazy\" decoding=\"async\" src=\"https:\/\/i0.wp.com\/patrimoine-avesnois.fr\/fontaines\/wp-content\/uploads\/2022\/02\/image-1.png?resize=765%2C497&#038;ssl=1\" alt=\"\" class=\"wp-image-1758\" width=\"765\" height=\"497\" srcset=\"https:\/\/i0.wp.com\/patrimoine-avesnois.fr\/fontaines\/wp-content\/uploads\/2022\/02\/image-1.png?resize=1024%2C664&amp;ssl=1 1024w, https:\/\/i0.wp.com\/patrimoine-avesnois.fr\/fontaines\/wp-content\/uploads\/2022\/02\/image-1.png?resize=300%2C195&amp;ssl=1 300w, https:\/\/i0.wp.com\/patrimoine-avesnois.fr\/fontaines\/wp-content\/uploads\/2022\/02\/image-1.png?resize=768%2C498&amp;ssl=1 768w, https:\/\/i0.wp.com\/patrimoine-avesnois.fr\/fontaines\/wp-content\/uploads\/2022\/02\/image-1.png?resize=1200%2C778&amp;ssl=1 1200w, https:\/\/i0.wp.com\/patrimoine-avesnois.fr\/fontaines\/wp-content\/uploads\/2022\/02\/image-1.png?w=1391&amp;ssl=1 1391w\" sizes=\"auto, (max-width: 765px) 85vw, 765px\" \/><figcaption class=\"wp-element-caption\">Emplacement de l&rsquo;ancien abreuvoir du Gard <a rel=\"noreferrer noopener\" href=\"https:\/\/www.google.com\/maps\/@50.1138816,3.8015572,3a,75y,252.37h,80.6t\/data=!3m6!1e1!3m4!1sWj9yWZOohUhD0V2G6mbHNA!2e0!7i16384!8i8192?hl=fr\" data-type=\"URL\" data-id=\"https:\/\/www.google.com\/maps\/@50.1138816,3.8015572,3a,75y,252.37h,80.6t\/data=!3m6!1e1!3m4!1sWj9yWZOohUhD0V2G6mbHNA!2e0!7i16384!8i8192?hl=fr\" target=\"_blank\">Rue de Maroilles<\/a><\/figcaption><\/figure>\n<\/div>\n\n\n<p>Il existait au Gard vers 1900 un abreuvoir o\u00f9 venaient se d\u00e9salt\u00e9rer les chevaux. En 1882 Grand-Fayt comptait trois abreuvoirs et un quatri\u00e8me en 1885 avec l&rsquo;abreuvoir communal (ADN S\u00e9rie 2 O 266\/60-61).<\/p>\n","protected":false},"excerpt":{"rendered":"<p>Elle porte ce nom en hommage \u00e0 une demoiselle, souvent coiff\u00e9e d\u2019un superbe chapeau, qui venait tous les jours puiser son broc d\u2019eau. C\u2019\u00e9tait Simone Carlier, une jolie demoiselle infirmi\u00e8re, tr\u00e8s d\u00e9vou\u00e9e. L\u2019eau ne l\u2019a pas rendue malade puisqu\u2019elle est d\u00e9c\u00e9d\u00e9e \u00e0 101 ans. Source : Mairie. *** Il existait au Gard vers 1900 un &hellip; <a href=\"https:\/\/patrimoine-avesnois.fr\/fontaines\/grand-fayt\/\" class=\"more-link\">Continuer la lecture<span class=\"screen-reader-text\"> de &laquo;&nbsp;Grand-Fayt : la fontaine de la Demoiselle, l&rsquo;ancien abreuvoir du Gard&nbsp;&raquo;<\/span><\/a><\/p>\n","protected":false},"author":2,"featured_media":0,"parent":0,"menu_order":0,"comment_status":"closed","ping_status":"closed","template":"","meta":{"footnotes":""},"class_list":["post-249","page","type-page","status-publish","hentry"],"jetpack_sharing_enabled":true,"_links":{"self":[{"href":"https:\/\/patrimoine-avesnois.fr\/fontaines\/wp-json\/wp\/v2\/pages\/249","targetHints":{"allow":["GET"]}}],"collection":[{"href":"https:\/\/patrimoine-avesnois.fr\/fontaines\/wp-json\/wp\/v2\/pages"}],"about":[{"href":"https:\/\/patrimoine-avesnois.fr\/fontaines\/wp-json\/wp\/v2\/types\/page"}],"author":[{"embeddable":true,"href":"https:\/\/patrimoine-avesnois.fr\/fontaines\/wp-json\/wp\/v2\/users\/2"}],"replies":[{"embeddable":true,"href":"https:\/\/patrimoine-avesnois.fr\/fontaines\/wp-json\/wp\/v2\/comments?post=249"}],"version-history":[{"count":8,"href":"https:\/\/patrimoine-avesnois.fr\/fontaines\/wp-json\/wp\/v2\/pages\/249\/revisions"}],"predecessor-version":[{"id":1899,"href":"https:\/\/patrimoine-avesnois.fr\/fontaines\/wp-json\/wp\/v2\/pages\/249\/revisions\/1899"}],"wp:attachment":[{"href":"https:\/\/patrimoine-avesnois.fr\/fontaines\/wp-json\/wp\/v2\/media?parent=249"}],"curies":[{"name":"wp","href":"https:\/\/api.w.org\/{rel}","templated":true}]}}