{"id":260,"date":"2021-07-02T13:34:25","date_gmt":"2021-07-02T11:34:25","guid":{"rendered":"https:\/\/patrimoine-avesnois.fr\/fontaines\/?page_id=260"},"modified":"2021-07-25T18:42:59","modified_gmt":"2021-07-25T16:42:59","slug":"hautmont","status":"publish","type":"page","link":"https:\/\/patrimoine-avesnois.fr\/fontaines\/hautmont\/","title":{"rendered":"Hautmont : ses fontaines dont une Wallace"},"content":{"rendered":"\n<div class=\"wp-block-image\"><figure class=\"aligncenter is-resized\"><img loading=\"lazy\" decoding=\"async\" src=\"https:\/\/i2.wp.com\/patrimoine-avesnois.fr\/chemin\/wp-content\/uploads\/2021\/06\/Capture-135.jpg?w=840\" alt=\"\" class=\"wp-image-13743\" width=\"650\" height=\"489\"\/><figcaption>Fontaines Cadastre Hautmont1844 ADN P 31 \/ 717 <a rel=\"noreferrer noopener\" href=\"https:\/\/archivesdepartementales.lenord.fr\/ark:\/33518\/pqzw5374b6kv\/52ba5a89-8db1-4dac-bf51-3e32b7fc599f\" target=\"_blank\">Vue 14\/20<\/a><br>Elles ont disparu avec la r\u00e9habilitation du quartier<\/figcaption><\/figure><\/div>\n\n\n\n<p class=\"has-text-align-center\">***<\/p>\n\n\n\n<div class=\"wp-block-image\"><figure class=\"aligncenter size-full is-resized\"><img data-recalc-dims=\"1\" loading=\"lazy\" decoding=\"async\" src=\"https:\/\/i0.wp.com\/patrimoine-avesnois.fr\/fontaines\/wp-content\/uploads\/2021\/07\/Fontaine-Wallace-HAUTMONT.webp?resize=489%2C609&#038;ssl=1\" alt=\"\" class=\"wp-image-814\" width=\"489\" height=\"609\" srcset=\"https:\/\/i0.wp.com\/patrimoine-avesnois.fr\/fontaines\/wp-content\/uploads\/2021\/07\/Fontaine-Wallace-HAUTMONT.webp?w=421&amp;ssl=1 421w, https:\/\/i0.wp.com\/patrimoine-avesnois.fr\/fontaines\/wp-content\/uploads\/2021\/07\/Fontaine-Wallace-HAUTMONT.webp?resize=241%2C300&amp;ssl=1 241w\" sizes=\"auto, (max-width: 489px) 85vw, 489px\" \/><figcaption><a rel=\"noreferrer noopener\" href=\"https:\/\/fr.wikipedia.org\/wiki\/Fontaine_Wallace\" data-type=\"URL\" data-id=\"https:\/\/fr.wikipedia.org\/wiki\/Fontaine_Wallace\" target=\"_blank\">Fontaine du type Wallace<\/a><br>A Paris : (1872) Sculpteur 1: LEBOURG Fondeur: VAL D\u2019OSNE<br>A Hautmont : Le square Delattre de Tassigny <a rel=\"noreferrer noopener\" href=\"https:\/\/www.google.com\/maps\/@50.2525177,3.9166769,3a,75y,173.38h,86.78t\/data=!3m7!1e1!3m5!1sJlsrUMNtPbGqn7skz2kVFw!2e0!6shttps:%2F%2Fstreetviewpixels-pa.googleapis.com%2Fv1%2Fthumbnail%3Fpanoid%3DJlsrUMNtPbGqn7skz2kVFw%26cb_client%3Dmaps_sv.tactile.gps%26w%3D203%26h%3D100%26yaw%3D177.35468%26pitch%3D0%26thumbfov%3D100!7i16384!8i8192?hl=fr\" target=\"_blank\">Angle rue de la Gare et avenue Marcel Aim\u00e9<\/a><\/figcaption><\/figure><\/div>\n\n\n\n<div class=\"wp-block-image\"><figure class=\"aligncenter size-full is-resized\"><img data-recalc-dims=\"1\" loading=\"lazy\" decoding=\"async\" src=\"https:\/\/i0.wp.com\/patrimoine-avesnois.fr\/fontaines\/wp-content\/uploads\/2021\/07\/Fontaine-Wallace-HAUTMONT.jpg?resize=407%2C845&#038;ssl=1\" alt=\"\" class=\"wp-image-816\" width=\"407\" height=\"845\" srcset=\"https:\/\/i0.wp.com\/patrimoine-avesnois.fr\/fontaines\/wp-content\/uploads\/2021\/07\/Fontaine-Wallace-HAUTMONT.jpg?w=450&amp;ssl=1 450w, https:\/\/i0.wp.com\/patrimoine-avesnois.fr\/fontaines\/wp-content\/uploads\/2021\/07\/Fontaine-Wallace-HAUTMONT.jpg?resize=145%2C300&amp;ssl=1 145w\" sizes=\"auto, (max-width: 407px) 85vw, 407px\" \/><\/figure><\/div>\n\n\n\n<p>La fontaine repose un socle \u00e0 quatre pans sur lequel vient s&rsquo;ajuster la partie sup\u00e9rieure compos\u00e9e de quatre cariatides se tournant le dos et soutenant \u00e0 bout de bras un d\u00f4me orn\u00e9 d&rsquo;une pointe.<\/p>\n\n\n\n<div class=\"wp-block-image\"><figure class=\"aligncenter size-full is-resized\"><img data-recalc-dims=\"1\" loading=\"lazy\" decoding=\"async\" src=\"https:\/\/i0.wp.com\/patrimoine-avesnois.fr\/fontaines\/wp-content\/uploads\/2021\/07\/Fontaine-Wallace-detail-HAUTMONT.webp?resize=338%2C615&#038;ssl=1\" alt=\"\" class=\"wp-image-817\" width=\"338\" height=\"615\" srcset=\"https:\/\/i0.wp.com\/patrimoine-avesnois.fr\/fontaines\/wp-content\/uploads\/2021\/07\/Fontaine-Wallace-detail-HAUTMONT.webp?w=262&amp;ssl=1 262w, https:\/\/i0.wp.com\/patrimoine-avesnois.fr\/fontaines\/wp-content\/uploads\/2021\/07\/Fontaine-Wallace-detail-HAUTMONT.webp?resize=165%2C300&amp;ssl=1 165w\" sizes=\"auto, (max-width: 338px) 85vw, 338px\" \/><\/figure><\/div>\n\n\n\n<p>Les quatre cariatides repr\u00e9sentent la bont\u00e9, la simplicit\u00e9, la charit\u00e9 et la sobri\u00e9t\u00e9. Elles sont toutes diff\u00e9rentes, soit par la position de leur genou et de leurs pieds, soit par la mani\u00e8re dont leur tunique est nou\u00e9e au niveau du corsage.<\/p>\n\n\n\n<p>La fontaine fut install\u00e9e le vendredi 13 d\u00e9cembre 2002. <\/p>\n\n\n\n<p class=\"has-text-align-center\">***<\/p>\n\n\n\n<div class=\"wp-block-image\"><figure class=\"aligncenter size-full\"><img data-recalc-dims=\"1\" loading=\"lazy\" decoding=\"async\" width=\"701\" height=\"474\" src=\"https:\/\/i0.wp.com\/patrimoine-avesnois.fr\/fontaines\/wp-content\/uploads\/2021\/07\/Fontaine-Place-du-General-de-Gaulle-HAUTMONT.webp?resize=701%2C474&#038;ssl=1\" alt=\"\" class=\"wp-image-819\" srcset=\"https:\/\/i0.wp.com\/patrimoine-avesnois.fr\/fontaines\/wp-content\/uploads\/2021\/07\/Fontaine-Place-du-General-de-Gaulle-HAUTMONT.webp?w=701&amp;ssl=1 701w, https:\/\/i0.wp.com\/patrimoine-avesnois.fr\/fontaines\/wp-content\/uploads\/2021\/07\/Fontaine-Place-du-General-de-Gaulle-HAUTMONT.webp?resize=300%2C203&amp;ssl=1 300w\" sizes=\"auto, (max-width: 701px) 85vw, 701px\" \/><figcaption>Fontaine <a href=\"https:\/\/www.google.com\/maps\/@50.2508509,3.9200279,3a,75y,97.45h,90t\/data=!3m6!1e1!3m4!1s3HfUgbfncB7hkEwGXArb7A!2e0!7i16384!8i8192?hl=fr\" target=\"_blank\" rel=\"noreferrer noopener\">Place du G\u00e9n\u00e9ral de Gaulle<\/a><\/figcaption><\/figure><\/div>\n\n\n\n<p class=\"has-text-align-center\">***<\/p>\n\n\n\n<div class=\"wp-block-image\"><figure class=\"aligncenter is-resized\"><img loading=\"lazy\" decoding=\"async\" src=\"https:\/\/i1.wp.com\/patrimoine-avesnois.fr\/chemin\/wp-content\/uploads\/2021\/06\/image.jpeg?w=840\" alt=\"Une fontaine gel\u00e9e avenue Gambetta \u00e0 Hautmont - L'Observateur\" class=\"wp-image-13751\" width=\"549\" height=\"411\"\/><figcaption>Pr\u00e9voir Photo fontaine Avenue Gambetta. Photo de la fontaine glac\u00e9e : Voix du Nord<\/figcaption><\/figure><\/div>\n\n\n\n<p>\u00c0 Hautmont, trois belles fontaines se dressent l&rsquo;une au square Delattre-de-Tassigny, une autre place du G\u00e9n\u00e9ral-De-Gaulle et enfin une derni\u00e8re rue Gambetta,<\/p>\n","protected":false},"excerpt":{"rendered":"<p>*** La fontaine repose un socle \u00e0 quatre pans sur lequel vient s&rsquo;ajuster la partie sup\u00e9rieure compos\u00e9e de quatre cariatides se tournant le dos et soutenant \u00e0 bout de bras un d\u00f4me orn\u00e9 d&rsquo;une pointe. Les quatre cariatides repr\u00e9sentent la bont\u00e9, la simplicit\u00e9, la charit\u00e9 et la sobri\u00e9t\u00e9. Elles sont toutes diff\u00e9rentes, soit par la &hellip; <a href=\"https:\/\/patrimoine-avesnois.fr\/fontaines\/hautmont\/\" class=\"more-link\">Continuer la lecture<span class=\"screen-reader-text\"> de &laquo;&nbsp;Hautmont : ses fontaines dont une Wallace&nbsp;&raquo;<\/span><\/a><\/p>\n","protected":false},"author":2,"featured_media":0,"parent":0,"menu_order":0,"comment_status":"closed","ping_status":"closed","template":"","meta":{"footnotes":""},"class_list":["post-260","page","type-page","status-publish","hentry"],"jetpack_sharing_enabled":true,"_links":{"self":[{"href":"https:\/\/patrimoine-avesnois.fr\/fontaines\/wp-json\/wp\/v2\/pages\/260","targetHints":{"allow":["GET"]}}],"collection":[{"href":"https:\/\/patrimoine-avesnois.fr\/fontaines\/wp-json\/wp\/v2\/pages"}],"about":[{"href":"https:\/\/patrimoine-avesnois.fr\/fontaines\/wp-json\/wp\/v2\/types\/page"}],"author":[{"embeddable":true,"href":"https:\/\/patrimoine-avesnois.fr\/fontaines\/wp-json\/wp\/v2\/users\/2"}],"replies":[{"embeddable":true,"href":"https:\/\/patrimoine-avesnois.fr\/fontaines\/wp-json\/wp\/v2\/comments?post=260"}],"version-history":[{"count":7,"href":"https:\/\/patrimoine-avesnois.fr\/fontaines\/wp-json\/wp\/v2\/pages\/260\/revisions"}],"predecessor-version":[{"id":820,"href":"https:\/\/patrimoine-avesnois.fr\/fontaines\/wp-json\/wp\/v2\/pages\/260\/revisions\/820"}],"wp:attachment":[{"href":"https:\/\/patrimoine-avesnois.fr\/fontaines\/wp-json\/wp\/v2\/media?parent=260"}],"curies":[{"name":"wp","href":"https:\/\/api.w.org\/{rel}","templated":true}]}}