{"id":276,"date":"2021-07-02T14:10:45","date_gmt":"2021-07-02T12:10:45","guid":{"rendered":"https:\/\/patrimoine-avesnois.fr\/fontaines\/?page_id=276"},"modified":"2021-07-25T19:00:06","modified_gmt":"2021-07-25T17:00:06","slug":"hon-hergies-la-fontaine-du-don","status":"publish","type":"page","link":"https:\/\/patrimoine-avesnois.fr\/fontaines\/hon-hergies-la-fontaine-du-don\/","title":{"rendered":"Hon-Hergies : la fontaine du don"},"content":{"rendered":"\n<div class=\"wp-block-image\"><figure class=\"aligncenter size-full is-resized\"><img data-recalc-dims=\"1\" loading=\"lazy\" decoding=\"async\" src=\"https:\/\/i0.wp.com\/patrimoine-avesnois.fr\/fontaines\/wp-content\/uploads\/2021\/07\/Fontaine-Hon-Hergies-.jpg?resize=745%2C417&#038;ssl=1\" alt=\"\" class=\"wp-image-831\" width=\"745\" height=\"417\" srcset=\"https:\/\/i0.wp.com\/patrimoine-avesnois.fr\/fontaines\/wp-content\/uploads\/2021\/07\/Fontaine-Hon-Hergies-.jpg?w=400&amp;ssl=1 400w, https:\/\/i0.wp.com\/patrimoine-avesnois.fr\/fontaines\/wp-content\/uploads\/2021\/07\/Fontaine-Hon-Hergies-.jpg?resize=300%2C168&amp;ssl=1 300w\" sizes=\"auto, (max-width: 745px) 85vw, 745px\" \/><figcaption>Fontaine Hon-Hergies Photo La Voix-du-Nord du 25\/04\/2016.<\/figcaption><\/figure><\/div>\n\n\n\n<p>A la suite d\u2019un don fait, il y a une quinzaine d\u2019ann\u00e9es par un particulier \u00e0 l\u2019association Sentiers et Pierres bleues, cette somme a ensuite \u00e9t\u00e9 remise \u00e0 la mairie qui a d\u00e9cid\u00e9 de l\u2019utiliser pour abonder le financement d\u2019une fontaine. Source La Voix-du-Nord du 25\/04\/2016.<\/p>\n","protected":false},"excerpt":{"rendered":"<p>A la suite d\u2019un don fait, il y a une quinzaine d\u2019ann\u00e9es par un particulier \u00e0 l\u2019association Sentiers et Pierres bleues, cette somme a ensuite \u00e9t\u00e9 remise \u00e0 la mairie qui a d\u00e9cid\u00e9 de l\u2019utiliser pour abonder le financement d\u2019une fontaine. Source La Voix-du-Nord du 25\/04\/2016.<\/p>\n","protected":false},"author":2,"featured_media":0,"parent":0,"menu_order":0,"comment_status":"closed","ping_status":"closed","template":"","meta":{"footnotes":""},"class_list":["post-276","page","type-page","status-publish","hentry"],"jetpack_sharing_enabled":true,"_links":{"self":[{"href":"https:\/\/patrimoine-avesnois.fr\/fontaines\/wp-json\/wp\/v2\/pages\/276","targetHints":{"allow":["GET"]}}],"collection":[{"href":"https:\/\/patrimoine-avesnois.fr\/fontaines\/wp-json\/wp\/v2\/pages"}],"about":[{"href":"https:\/\/patrimoine-avesnois.fr\/fontaines\/wp-json\/wp\/v2\/types\/page"}],"author":[{"embeddable":true,"href":"https:\/\/patrimoine-avesnois.fr\/fontaines\/wp-json\/wp\/v2\/users\/2"}],"replies":[{"embeddable":true,"href":"https:\/\/patrimoine-avesnois.fr\/fontaines\/wp-json\/wp\/v2\/comments?post=276"}],"version-history":[{"count":3,"href":"https:\/\/patrimoine-avesnois.fr\/fontaines\/wp-json\/wp\/v2\/pages\/276\/revisions"}],"predecessor-version":[{"id":833,"href":"https:\/\/patrimoine-avesnois.fr\/fontaines\/wp-json\/wp\/v2\/pages\/276\/revisions\/833"}],"wp:attachment":[{"href":"https:\/\/patrimoine-avesnois.fr\/fontaines\/wp-json\/wp\/v2\/media?parent=276"}],"curies":[{"name":"wp","href":"https:\/\/api.w.org\/{rel}","templated":true}]}}

<div class="wp-block-image"><figure class="aligncenter size-full is-resized"><img data-recalc-dims="1" loading="lazy" decoding="async" src="https://i0.wp.com/patrimoine-avesnois.fr/fontaines/wp-content/uploads/2021/07/Fontaine-Hon-Hergies-.jpg?resize=745%2C417&#038;ssl=1" alt="" class="wp-image-831" width="745" height="417" srcset="https://i0.wp.com/patrimoine-avesnois.fr/fontaines/wp-content/uploads/2021/07/Fontaine-Hon-Hergies-.jpg?w=400&amp;ssl=1 400w, https://i0.wp.com/patrimoine-avesnois.fr/fontaines/wp-content/uploads/2021/07/Fontaine-Hon-Hergies-.jpg?resize=300%2C168&amp;ssl=1 300w" sizes="auto, (max-width: 745px) 85vw, 745px" /><figcaption>Fontaine Hon-Hergies Photo La Voix-du-Nord du 25/04/2016.</figcaption></figure></div>



<p>A la suite d’un don fait, il y a une quinzaine d’années par un particulier à l’association Sentiers et Pierres bleues, cette somme a ensuite été remise à la mairie qui a décidé de l’utiliser pour abonder le financement d’une fontaine. Source La Voix-du-Nord du 25/04/2016.</p>

<p>A la suite d’un don fait, il y a une quinzaine d’années par un particulier à l’association Sentiers et Pierres bleues, cette somme a ensuite été remise à la mairie qui a décidé de l’utiliser pour abonder le financement d’une fontaine. Source La Voix-du-Nord du 25/04/2016.</p>
