{"id":290,"date":"2021-07-02T14:26:27","date_gmt":"2021-07-02T12:26:27","guid":{"rendered":"https:\/\/patrimoine-avesnois.fr\/fontaines\/?page_id=290"},"modified":"2021-11-27T12:36:43","modified_gmt":"2021-11-27T11:36:43","slug":"jolimetz-la-fontaine-de-la-mairie-et-lancienne-fontaine-marguerite","status":"publish","type":"page","link":"https:\/\/patrimoine-avesnois.fr\/fontaines\/jolimetz-la-fontaine-de-la-mairie-et-lancienne-fontaine-marguerite\/","title":{"rendered":"Jolimetz : la fontaine de la Mairie et l&rsquo;ancienne fontaine Marguerite"},"content":{"rendered":"\n<div class=\"wp-block-image\"><figure class=\"aligncenter size-full\"><img data-recalc-dims=\"1\" loading=\"lazy\" decoding=\"async\" width=\"840\" height=\"929\" src=\"https:\/\/i0.wp.com\/patrimoine-avesnois.fr\/fontaines\/wp-content\/uploads\/2021\/07\/fontaine-de-la-Mairie-Jolimetz.webp?resize=840%2C929&#038;ssl=1\" alt=\"\" class=\"wp-image-860\" srcset=\"https:\/\/i0.wp.com\/patrimoine-avesnois.fr\/fontaines\/wp-content\/uploads\/2021\/07\/fontaine-de-la-Mairie-Jolimetz.webp?w=840&amp;ssl=1 840w, https:\/\/i0.wp.com\/patrimoine-avesnois.fr\/fontaines\/wp-content\/uploads\/2021\/07\/fontaine-de-la-Mairie-Jolimetz.webp?resize=271%2C300&amp;ssl=1 271w, https:\/\/i0.wp.com\/patrimoine-avesnois.fr\/fontaines\/wp-content\/uploads\/2021\/07\/fontaine-de-la-Mairie-Jolimetz.webp?resize=768%2C849&amp;ssl=1 768w\" sizes=\"auto, (max-width: 709px) 85vw, (max-width: 909px) 67vw, (max-width: 1362px) 62vw, 840px\" \/><figcaption>Fontaine devant la Mairie<\/figcaption><\/figure><\/div>\n\n\n\n<p class=\"has-text-align-center\">***<\/p>\n\n\n\n<div class=\"wp-block-image\"><figure class=\"aligncenter\"><img decoding=\"async\" src=\"https:\/\/i0.wp.com\/patrimoine-avesnois.fr\/chemin\/wp-content\/uploads\/2021\/06\/Captur-34.jpg?resize=648%2C485\" alt=\"\" class=\"wp-image-13822\"\/><figcaption>Fontaine Marguerite Jolimetz Cadastre 1931 P 31 \/ 724 <a rel=\"noreferrer noopener\" href=\"https:\/\/archivesdepartementales.lenord.fr\/ark:\/33518\/6r0fzbg9m134\/1e0483d4-e5e5-4733-b551-f7a6815a7b26\" target=\"_blank\">Vue 11\/12<\/a><\/figcaption><\/figure><\/div>\n\n\n\n<div class=\"wp-block-image\"><figure class=\"aligncenter size-full\"><img data-recalc-dims=\"1\" loading=\"lazy\" decoding=\"async\" width=\"708\" height=\"530\" src=\"https:\/\/i0.wp.com\/patrimoine-avesnois.fr\/fontaines\/wp-content\/uploads\/2021\/11\/Fontaine-Marguerite-Jolimetz-2.jpg?resize=708%2C530&#038;ssl=1\" alt=\"\" class=\"wp-image-1455\" srcset=\"https:\/\/i0.wp.com\/patrimoine-avesnois.fr\/fontaines\/wp-content\/uploads\/2021\/11\/Fontaine-Marguerite-Jolimetz-2.jpg?w=708&amp;ssl=1 708w, https:\/\/i0.wp.com\/patrimoine-avesnois.fr\/fontaines\/wp-content\/uploads\/2021\/11\/Fontaine-Marguerite-Jolimetz-2.jpg?resize=300%2C225&amp;ssl=1 300w\" sizes=\"auto, (max-width: 708px) 85vw, 708px\" \/><figcaption>Vue satellite Fontaine Marguerite Jolimetz <a rel=\"noreferrer noopener\" href=\"https:\/\/www.google.fr\/maps\/place\/59530+Jolimetz\/@50.2262445,3.6807111,317m\/data=!3m1!1e3!4m5!3m4!1s0x47c28a352728d7bf:0xc0c2e1ffbbf51ba6!8m2!3d50.2279399!4d3.676734\" target=\"_blank\">Google Maps<\/a><\/figcaption><\/figure><\/div>\n\n\n\n<div class=\"wp-block-image\"><figure class=\"aligncenter size-full\"><img data-recalc-dims=\"1\" loading=\"lazy\" decoding=\"async\" width=\"708\" height=\"530\" src=\"https:\/\/i0.wp.com\/patrimoine-avesnois.fr\/fontaines\/wp-content\/uploads\/2021\/07\/Fontaine-Marguerite-Jolimetz.webp?resize=708%2C530&#038;ssl=1\" alt=\"\" class=\"wp-image-863\" srcset=\"https:\/\/i0.wp.com\/patrimoine-avesnois.fr\/fontaines\/wp-content\/uploads\/2021\/07\/Fontaine-Marguerite-Jolimetz.webp?w=708&amp;ssl=1 708w, https:\/\/i0.wp.com\/patrimoine-avesnois.fr\/fontaines\/wp-content\/uploads\/2021\/07\/Fontaine-Marguerite-Jolimetz.webp?resize=300%2C225&amp;ssl=1 300w\" sizes=\"auto, (max-width: 708px) 85vw, 708px\" \/><figcaption>Vue rapproch\u00e9e Fontaine Marguerite Jolimetz <a rel=\"noreferrer noopener\" href=\"https:\/\/www.google.fr\/maps\/place\/59530+Jolimetz\/@50.2262445,3.6807111,317m\/data=!3m1!1e3!4m5!3m4!1s0x47c28a352728d7bf:0xc0c2e1ffbbf51ba6!8m2!3d50.2279399!4d3.676734\" target=\"_blank\">Google Maps<\/a><\/figcaption><\/figure><\/div>\n\n\n\n<p>Jolimetz est travers\u00e9 par des ruisseaux qui naissent dans la for\u00eat de Mormal, l&rsquo;Ecaillon et ceux du Pav\u00e9, de la Fontaine Marguerite et de la For\u00eat.<\/p>\n","protected":false},"excerpt":{"rendered":"<p>*** Jolimetz est travers\u00e9 par des ruisseaux qui naissent dans la for\u00eat de Mormal, l&rsquo;Ecaillon et ceux du Pav\u00e9, de la Fontaine Marguerite et de la For\u00eat.<\/p>\n","protected":false},"author":2,"featured_media":0,"parent":0,"menu_order":0,"comment_status":"closed","ping_status":"closed","template":"","meta":{"footnotes":""},"class_list":["post-290","page","type-page","status-publish","hentry"],"jetpack_sharing_enabled":true,"_links":{"self":[{"href":"https:\/\/patrimoine-avesnois.fr\/fontaines\/wp-json\/wp\/v2\/pages\/290","targetHints":{"allow":["GET"]}}],"collection":[{"href":"https:\/\/patrimoine-avesnois.fr\/fontaines\/wp-json\/wp\/v2\/pages"}],"about":[{"href":"https:\/\/patrimoine-avesnois.fr\/fontaines\/wp-json\/wp\/v2\/types\/page"}],"author":[{"embeddable":true,"href":"https:\/\/patrimoine-avesnois.fr\/fontaines\/wp-json\/wp\/v2\/users\/2"}],"replies":[{"embeddable":true,"href":"https:\/\/patrimoine-avesnois.fr\/fontaines\/wp-json\/wp\/v2\/comments?post=290"}],"version-history":[{"count":6,"href":"https:\/\/patrimoine-avesnois.fr\/fontaines\/wp-json\/wp\/v2\/pages\/290\/revisions"}],"predecessor-version":[{"id":1456,"href":"https:\/\/patrimoine-avesnois.fr\/fontaines\/wp-json\/wp\/v2\/pages\/290\/revisions\/1456"}],"wp:attachment":[{"href":"https:\/\/patrimoine-avesnois.fr\/fontaines\/wp-json\/wp\/v2\/media?parent=290"}],"curies":[{"name":"wp","href":"https:\/\/api.w.org\/{rel}","templated":true}]}}