{"id":310,"date":"2021-07-02T14:42:45","date_gmt":"2021-07-02T12:42:45","guid":{"rendered":"https:\/\/patrimoine-avesnois.fr\/fontaines\/?page_id=310"},"modified":"2023-05-15T17:39:53","modified_gmt":"2023-05-15T15:39:53","slug":"liessies-la-fontaine-du-beausart","status":"publish","type":"page","link":"https:\/\/patrimoine-avesnois.fr\/fontaines\/liessies-la-fontaine-du-beausart\/","title":{"rendered":"Liessies : la fontaine du Beausart"},"content":{"rendered":"<div class=\"wp-block-image\">\n<figure class=\"aligncenter\"><img decoding=\"async\" src=\"https:\/\/i1.wp.com\/patrimoine-avesnois.fr\/chemin\/wp-content\/uploads\/2021\/06\/Capture-151.jpg?w=840\" alt=\"\" class=\"wp-image-13910\"\/><figcaption class=\"wp-element-caption\">Fontaine du Beausart Cadastre Liessies 1903 ADN P 31 \/ 732 <a href=\"https:\/\/archivesdepartementales.lenord.fr\/ark:\/33518\/xbv85d6l02km\/074fd844-f484-43ce-b87e-693591328647\" target=\"_blank\" rel=\"noreferrer noopener\">Vue 7\/23<\/a><\/figcaption><\/figure>\n<\/div>\n\n<div class=\"wp-block-image\">\n<figure class=\"aligncenter size-full\"><img data-recalc-dims=\"1\" loading=\"lazy\" decoding=\"async\" width=\"840\" height=\"630\" src=\"https:\/\/i0.wp.com\/patrimoine-avesnois.fr\/fontaines\/wp-content\/uploads\/2021\/07\/Fontaine-du-Beausart-Liessie.webp?resize=840%2C630&#038;ssl=1\" alt=\"\" class=\"wp-image-885\" srcset=\"https:\/\/i0.wp.com\/patrimoine-avesnois.fr\/fontaines\/wp-content\/uploads\/2021\/07\/Fontaine-du-Beausart-Liessie.webp?w=840&amp;ssl=1 840w, https:\/\/i0.wp.com\/patrimoine-avesnois.fr\/fontaines\/wp-content\/uploads\/2021\/07\/Fontaine-du-Beausart-Liessie.webp?resize=300%2C225&amp;ssl=1 300w, https:\/\/i0.wp.com\/patrimoine-avesnois.fr\/fontaines\/wp-content\/uploads\/2021\/07\/Fontaine-du-Beausart-Liessie.webp?resize=768%2C576&amp;ssl=1 768w\" sizes=\"auto, (max-width: 709px) 85vw, (max-width: 909px) 67vw, (max-width: 1362px) 62vw, 840px\" \/><figcaption class=\"wp-element-caption\">Fontaine du Beausart Liessies <a href=\"https:\/\/www.google.fr\/maps\/place\/Chemin+de+la+Perri%C3%A8re,+59740+Liessies\/@50.1287913,4.0748273,214m\/data=!3m1!1e3!4m5!3m4!1s0x47c26d65f1cf86ff:0xe15f52d0cd1ec4c0!8m2!3d50.1217549!4d4.0698325\" target=\"_blank\" rel=\"noreferrer noopener\">Vue satellite Google<\/a><\/figcaption><\/figure>\n<\/div>\n\n\n<p>Cette fontaine alimentait en toute petite partie par un foss\u00e9 l\u2019\u00e9tang de la Perri\u00e8re dont les eaux principales venaient du ruisseau de la p\u00e2ture aux boeufs. La fontaine \u00e9tait accessible par le chemin vicinal n\u00b08 de Beausart. Elle devait tr\u00e8s certainement \u00eatre mat\u00e9rialis\u00e9e par trois ou quatre pierres bleues. Quant \u00e0 l\u2019\u00e9tang il a \u00e9t\u00e9 ass\u00e9ch\u00e9 dans le courant du XX e si\u00e8cle.<\/p>\n\n\n\n<p>Notons qu&rsquo;en 1812 un puits public fut \u00e9tabli, voir r\u00e9tabli. Il subit des r\u00e9parations en 1863 et un curage avec \u00e9tablissement d&rsquo;une cl\u00f4ture en 1911 (ADN 2 O 353 \/60\/61\/62). Il n&rsquo;en reste aucune trace de nos jours.  <\/p>\n","protected":false},"excerpt":{"rendered":"<p>Cette fontaine alimentait en toute petite partie par un foss\u00e9 l\u2019\u00e9tang de la Perri\u00e8re dont les eaux principales venaient du ruisseau de la p\u00e2ture aux boeufs. La fontaine \u00e9tait accessible par le chemin vicinal n\u00b08 de Beausart. Elle devait tr\u00e8s certainement \u00eatre mat\u00e9rialis\u00e9e par trois ou quatre pierres bleues. Quant \u00e0 l\u2019\u00e9tang il a \u00e9t\u00e9 &hellip; <a href=\"https:\/\/patrimoine-avesnois.fr\/fontaines\/liessies-la-fontaine-du-beausart\/\" class=\"more-link\">Continuer la lecture<span class=\"screen-reader-text\"> de &laquo;&nbsp;Liessies : la fontaine du Beausart&nbsp;&raquo;<\/span><\/a><\/p>\n","protected":false},"author":2,"featured_media":0,"parent":0,"menu_order":0,"comment_status":"closed","ping_status":"closed","template":"","meta":{"footnotes":""},"class_list":["post-310","page","type-page","status-publish","hentry"],"jetpack_sharing_enabled":true,"_links":{"self":[{"href":"https:\/\/patrimoine-avesnois.fr\/fontaines\/wp-json\/wp\/v2\/pages\/310","targetHints":{"allow":["GET"]}}],"collection":[{"href":"https:\/\/patrimoine-avesnois.fr\/fontaines\/wp-json\/wp\/v2\/pages"}],"about":[{"href":"https:\/\/patrimoine-avesnois.fr\/fontaines\/wp-json\/wp\/v2\/types\/page"}],"author":[{"embeddable":true,"href":"https:\/\/patrimoine-avesnois.fr\/fontaines\/wp-json\/wp\/v2\/users\/2"}],"replies":[{"embeddable":true,"href":"https:\/\/patrimoine-avesnois.fr\/fontaines\/wp-json\/wp\/v2\/comments?post=310"}],"version-history":[{"count":4,"href":"https:\/\/patrimoine-avesnois.fr\/fontaines\/wp-json\/wp\/v2\/pages\/310\/revisions"}],"predecessor-version":[{"id":1912,"href":"https:\/\/patrimoine-avesnois.fr\/fontaines\/wp-json\/wp\/v2\/pages\/310\/revisions\/1912"}],"wp:attachment":[{"href":"https:\/\/patrimoine-avesnois.fr\/fontaines\/wp-json\/wp\/v2\/media?parent=310"}],"curies":[{"name":"wp","href":"https:\/\/api.w.org\/{rel}","templated":true}]}}