{"id":336,"date":"2021-07-06T12:30:05","date_gmt":"2021-07-06T10:30:05","guid":{"rendered":"https:\/\/patrimoine-avesnois.fr\/fontaines\/?page_id=336"},"modified":"2022-01-21T18:42:39","modified_gmt":"2022-01-21T17:42:39","slug":"mecquignies-la-fontaine-de-ladzout-et-la-fontaine-du-sentier","status":"publish","type":"page","link":"https:\/\/patrimoine-avesnois.fr\/fontaines\/mecquignies-la-fontaine-de-ladzout-et-la-fontaine-du-sentier\/","title":{"rendered":"Mecquignies : la fontaine de l&rsquo;Adzout et la fontaine du Sentier"},"content":{"rendered":"\n<div class=\"wp-block-image\"><figure class=\"aligncenter size-full is-resized\"><img data-recalc-dims=\"1\" loading=\"lazy\" decoding=\"async\" src=\"https:\/\/i0.wp.com\/patrimoine-avesnois.fr\/fontaines\/wp-content\/uploads\/2021\/11\/252_001.jpg?resize=695%2C431&#038;ssl=1\" alt=\"\" class=\"wp-image-1429\" width=\"695\" height=\"431\" srcset=\"https:\/\/i0.wp.com\/patrimoine-avesnois.fr\/fontaines\/wp-content\/uploads\/2021\/11\/252_001.jpg?w=991&amp;ssl=1 991w, https:\/\/i0.wp.com\/patrimoine-avesnois.fr\/fontaines\/wp-content\/uploads\/2021\/11\/252_001.jpg?resize=300%2C186&amp;ssl=1 300w, https:\/\/i0.wp.com\/patrimoine-avesnois.fr\/fontaines\/wp-content\/uploads\/2021\/11\/252_001.jpg?resize=768%2C476&amp;ssl=1 768w\" sizes=\"auto, (max-width: 695px) 85vw, 695px\" \/><figcaption>Mecquignies : la Grand&rsquo;Rue<\/figcaption><\/figure><\/div>\n\n\n\n<p>Sur cette ancienne carte postale repr\u00e9sentant la rue principale du village, tout au fond se trouve la fontaine de l\u2019Adzout o\u00f9 un lavoir, aujourd\u2019hui disparu, avait \u00e9t\u00e9 am\u00e9nag\u00e9.<\/p>\n\n\n\n<div class=\"wp-block-image\"><figure class=\"aligncenter size-full is-resized\"><img data-recalc-dims=\"1\" loading=\"lazy\" decoding=\"async\" src=\"https:\/\/i0.wp.com\/patrimoine-avesnois.fr\/fontaines\/wp-content\/uploads\/2022\/01\/Fontaine-Mecquignies-1831.jpg?resize=645%2C484&#038;ssl=1\" alt=\"\" class=\"wp-image-1678\" width=\"645\" height=\"484\" srcset=\"https:\/\/i0.wp.com\/patrimoine-avesnois.fr\/fontaines\/wp-content\/uploads\/2022\/01\/Fontaine-Mecquignies-1831.jpg?w=585&amp;ssl=1 585w, https:\/\/i0.wp.com\/patrimoine-avesnois.fr\/fontaines\/wp-content\/uploads\/2022\/01\/Fontaine-Mecquignies-1831.jpg?resize=300%2C225&amp;ssl=1 300w\" sizes=\"auto, (max-width: 645px) 85vw, 645px\" \/><figcaption>Fontaine de l&rsquo;Adzout Cadastre Mecquignies 1831 ADN P 31 \/ 744 <a href=\"https:\/\/archivesdepartementales.lenord.fr\/ark:\/33518\/jdmq6cxk58tr\/96b4a7c4-7a83-4acc-af0e-6f05b6969c70\" data-type=\"URL\" data-id=\"https:\/\/archivesdepartementales.lenord.fr\/ark:\/33518\/jdmq6cxk58tr\/96b4a7c4-7a83-4acc-af0e-6f05b6969c70\" target=\"_blank\" rel=\"noreferrer noopener\">Vue 2\/10<\/a><\/figcaption><\/figure><\/div>\n\n\n\n<div class=\"wp-block-image\"><figure class=\"aligncenter size-full is-resized\"><img data-recalc-dims=\"1\" loading=\"lazy\" decoding=\"async\" src=\"https:\/\/i0.wp.com\/patrimoine-avesnois.fr\/fontaines\/wp-content\/uploads\/2022\/01\/Fontaine-Adzout-Mecquignies-1922.jpg?resize=645%2C484&#038;ssl=1\" alt=\"\" class=\"wp-image-1680\" width=\"645\" height=\"484\" srcset=\"https:\/\/i0.wp.com\/patrimoine-avesnois.fr\/fontaines\/wp-content\/uploads\/2022\/01\/Fontaine-Adzout-Mecquignies-1922.jpg?w=499&amp;ssl=1 499w, https:\/\/i0.wp.com\/patrimoine-avesnois.fr\/fontaines\/wp-content\/uploads\/2022\/01\/Fontaine-Adzout-Mecquignies-1922.jpg?resize=300%2C225&amp;ssl=1 300w\" sizes=\"auto, (max-width: 645px) 85vw, 645px\" \/><figcaption> Fontaine et lavoir de l&rsquo;Adzout Cadastre Mecquignies 1922 ADN P 31 \/ 744 <a rel=\"noreferrer noopener\" href=\"https:\/\/archivesdepartementales.lenord.fr\/ark:\/33518\/jdmq6cxk58tr\/2556172a-ef35-4bf5-be83-5c559e17b1fd\" data-type=\"URL\" data-id=\"https:\/\/archivesdepartementales.lenord.fr\/ark:\/33518\/jdmq6cxk58tr\/2556172a-ef35-4bf5-be83-5c559e17b1fd\" target=\"_blank\">Vue 5\/10<\/a><\/figcaption><\/figure><\/div>\n\n\n\n<div class=\"wp-block-image\"><figure class=\"aligncenter size-full\"><img data-recalc-dims=\"1\" loading=\"lazy\" decoding=\"async\" width=\"695\" height=\"532\" src=\"https:\/\/i0.wp.com\/patrimoine-avesnois.fr\/fontaines\/wp-content\/uploads\/2021\/07\/La-Fontaine-de-lAdzout-et-son-Lavoir-MECQUIGNIES.webp?resize=695%2C532&#038;ssl=1\" alt=\"\" class=\"wp-image-917\" srcset=\"https:\/\/i0.wp.com\/patrimoine-avesnois.fr\/fontaines\/wp-content\/uploads\/2021\/07\/La-Fontaine-de-lAdzout-et-son-Lavoir-MECQUIGNIES.webp?w=695&amp;ssl=1 695w, https:\/\/i0.wp.com\/patrimoine-avesnois.fr\/fontaines\/wp-content\/uploads\/2021\/07\/La-Fontaine-de-lAdzout-et-son-Lavoir-MECQUIGNIES.webp?resize=300%2C230&amp;ssl=1 300w\" sizes=\"auto, (max-width: 695px) 85vw, 695px\" \/><figcaption>La Fontaine de l\u2019Adzout et son Lavoir am\u00e9nag\u00e9 en 2014 <a rel=\"noreferrer noopener\" href=\"https:\/\/www.google.fr\/maps\/@50.2767682,3.7917818,3a,75y,51.06h,79.8t\/data=!3m6!1e1!3m4!1sLAWCoI1D70b3IrSyDJtt_w!2e0!7i13312!8i6656\" target=\"_blank\">Rue du Centre x Rue de l\u2019Adzout<\/a> Mecquignies<\/figcaption><\/figure><\/div>\n\n\n\n<div class=\"wp-block-image\"><figure class=\"aligncenter size-full\"><img data-recalc-dims=\"1\" loading=\"lazy\" decoding=\"async\" width=\"737\" height=\"553\" src=\"https:\/\/i0.wp.com\/patrimoine-avesnois.fr\/fontaines\/wp-content\/uploads\/2021\/07\/La-Fontaine-de-lAdzout-et-son-Lavoir-MECQUIGNIES-2.webp?resize=737%2C553&#038;ssl=1\" alt=\"\" class=\"wp-image-919\" srcset=\"https:\/\/i0.wp.com\/patrimoine-avesnois.fr\/fontaines\/wp-content\/uploads\/2021\/07\/La-Fontaine-de-lAdzout-et-son-Lavoir-MECQUIGNIES-2.webp?w=737&amp;ssl=1 737w, https:\/\/i0.wp.com\/patrimoine-avesnois.fr\/fontaines\/wp-content\/uploads\/2021\/07\/La-Fontaine-de-lAdzout-et-son-Lavoir-MECQUIGNIES-2.webp?resize=300%2C225&amp;ssl=1 300w\" sizes=\"auto, (max-width: 737px) 85vw, 737px\" \/><figcaption>La Fontaine de l\u2019Adzout et son Lavoir en 2016 <a rel=\"noreferrer noopener\" href=\"https:\/\/www.google.fr\/maps\/@50.2767682,3.7917818,3a,75y,51.06h,79.8t\/data=!3m6!1e1!3m4!1sLAWCoI1D70b3IrSyDJtt_w!2e0!7i13312!8i6656\" target=\"_blank\">Rue du Centre x Rue de l\u2019Adzout<\/a> Mecquignies<\/figcaption><\/figure><\/div>\n\n\n\n<div class=\"wp-block-image\"><figure class=\"aligncenter size-large is-resized\"><img data-recalc-dims=\"1\" loading=\"lazy\" decoding=\"async\" src=\"https:\/\/i0.wp.com\/patrimoine-avesnois.fr\/fontaines\/wp-content\/uploads\/2021\/09\/Mecquignies-Lavoir-rue-du-Pont.jpg?resize=737%2C354&#038;ssl=1\" alt=\"\" class=\"wp-image-1369\" width=\"737\" height=\"354\" srcset=\"https:\/\/i0.wp.com\/patrimoine-avesnois.fr\/fontaines\/wp-content\/uploads\/2021\/09\/Mecquignies-Lavoir-rue-du-Pont.jpg?resize=1024%2C492&amp;ssl=1 1024w, https:\/\/i0.wp.com\/patrimoine-avesnois.fr\/fontaines\/wp-content\/uploads\/2021\/09\/Mecquignies-Lavoir-rue-du-Pont.jpg?resize=300%2C144&amp;ssl=1 300w, https:\/\/i0.wp.com\/patrimoine-avesnois.fr\/fontaines\/wp-content\/uploads\/2021\/09\/Mecquignies-Lavoir-rue-du-Pont.jpg?resize=768%2C369&amp;ssl=1 768w, https:\/\/i0.wp.com\/patrimoine-avesnois.fr\/fontaines\/wp-content\/uploads\/2021\/09\/Mecquignies-Lavoir-rue-du-Pont.jpg?resize=1536%2C738&amp;ssl=1 1536w, https:\/\/i0.wp.com\/patrimoine-avesnois.fr\/fontaines\/wp-content\/uploads\/2021\/09\/Mecquignies-Lavoir-rue-du-Pont.jpg?resize=2048%2C985&amp;ssl=1 2048w, https:\/\/i0.wp.com\/patrimoine-avesnois.fr\/fontaines\/wp-content\/uploads\/2021\/09\/Mecquignies-Lavoir-rue-du-Pont.jpg?resize=1200%2C577&amp;ssl=1 1200w, https:\/\/i0.wp.com\/patrimoine-avesnois.fr\/fontaines\/wp-content\/uploads\/2021\/09\/Mecquignies-Lavoir-rue-du-Pont.jpg?w=1680&amp;ssl=1 1680w\" sizes=\"auto, (max-width: 737px) 85vw, 737px\" \/><figcaption> La Fontaine de l\u2019Adzout et son Lavoir en septembre 2021 <\/figcaption><\/figure><\/div>\n\n\n\n<p>Cette fontaine se situe \u00e0 proximit\u00e9 du ruisseau de Mecquignies et au point le plus bas de la commune d&rsquo;o\u00f9 son nom puisque \u00ab\u00a0adzout\u00a0\u00bb signifiait en patois \u00ab\u00a0 <em>\u00eatre situ\u00e9 au plus bas du village<\/em> \u00bb (source Mairie).<\/p>\n\n\n\n<p class=\"has-text-align-center\">***<\/p>\n\n\n\n<div class=\"wp-block-image\"><figure class=\"aligncenter size-large is-resized\"><img data-recalc-dims=\"1\" loading=\"lazy\" decoding=\"async\" src=\"https:\/\/i0.wp.com\/patrimoine-avesnois.fr\/fontaines\/wp-content\/uploads\/2021\/07\/Sentier-de-la-Fontaine.jpg?resize=737%2C553&#038;ssl=1\" alt=\"\" class=\"wp-image-337\" width=\"737\" height=\"553\" srcset=\"https:\/\/i0.wp.com\/patrimoine-avesnois.fr\/fontaines\/wp-content\/uploads\/2021\/07\/Sentier-de-la-Fontaine.jpg?w=332&amp;ssl=1 332w, https:\/\/i0.wp.com\/patrimoine-avesnois.fr\/fontaines\/wp-content\/uploads\/2021\/07\/Sentier-de-la-Fontaine.jpg?resize=300%2C225&amp;ssl=1 300w\" sizes=\"auto, (max-width: 737px) 85vw, 737px\" \/><figcaption>Fontaine Sentier de la Fontaine Photo Jean Mossay<\/figcaption><\/figure><\/div>\n\n\n\n<p><\/p>\n","protected":false},"excerpt":{"rendered":"<p>Sur cette ancienne carte postale repr\u00e9sentant la rue principale du village, tout au fond se trouve la fontaine de l\u2019Adzout o\u00f9 un lavoir, aujourd\u2019hui disparu, avait \u00e9t\u00e9 am\u00e9nag\u00e9. Cette fontaine se situe \u00e0 proximit\u00e9 du ruisseau de Mecquignies et au point le plus bas de la commune d&rsquo;o\u00f9 son nom puisque \u00ab\u00a0adzout\u00a0\u00bb signifiait en patois &hellip; <a href=\"https:\/\/patrimoine-avesnois.fr\/fontaines\/mecquignies-la-fontaine-de-ladzout-et-la-fontaine-du-sentier\/\" class=\"more-link\">Continuer la lecture<span class=\"screen-reader-text\"> de &laquo;&nbsp;Mecquignies : la fontaine de l&rsquo;Adzout et la fontaine du Sentier&nbsp;&raquo;<\/span><\/a><\/p>\n","protected":false},"author":2,"featured_media":0,"parent":0,"menu_order":0,"comment_status":"closed","ping_status":"closed","template":"","meta":{"footnotes":""},"class_list":["post-336","page","type-page","status-publish","hentry"],"jetpack_sharing_enabled":true,"_links":{"self":[{"href":"https:\/\/patrimoine-avesnois.fr\/fontaines\/wp-json\/wp\/v2\/pages\/336","targetHints":{"allow":["GET"]}}],"collection":[{"href":"https:\/\/patrimoine-avesnois.fr\/fontaines\/wp-json\/wp\/v2\/pages"}],"about":[{"href":"https:\/\/patrimoine-avesnois.fr\/fontaines\/wp-json\/wp\/v2\/types\/page"}],"author":[{"embeddable":true,"href":"https:\/\/patrimoine-avesnois.fr\/fontaines\/wp-json\/wp\/v2\/users\/2"}],"replies":[{"embeddable":true,"href":"https:\/\/patrimoine-avesnois.fr\/fontaines\/wp-json\/wp\/v2\/comments?post=336"}],"version-history":[{"count":13,"href":"https:\/\/patrimoine-avesnois.fr\/fontaines\/wp-json\/wp\/v2\/pages\/336\/revisions"}],"predecessor-version":[{"id":1683,"href":"https:\/\/patrimoine-avesnois.fr\/fontaines\/wp-json\/wp\/v2\/pages\/336\/revisions\/1683"}],"wp:attachment":[{"href":"https:\/\/patrimoine-avesnois.fr\/fontaines\/wp-json\/wp\/v2\/media?parent=336"}],"curies":[{"name":"wp","href":"https:\/\/api.w.org\/{rel}","templated":true}]}}

<div class="wp-block-image"><figure class="aligncenter size-full is-resized"><img data-recalc-dims="1" loading="lazy" decoding="async" src="https://i0.wp.com/patrimoine-avesnois.fr/fontaines/wp-content/uploads/2021/11/252_001.jpg?resize=695%2C431&#038;ssl=1" alt="" class="wp-image-1429" width="695" height="431" srcset="https://i0.wp.com/patrimoine-avesnois.fr/fontaines/wp-content/uploads/2021/11/252_001.jpg?w=991&amp;ssl=1 991w, https://i0.wp.com/patrimoine-avesnois.fr/fontaines/wp-content/uploads/2021/11/252_001.jpg?resize=300%2C186&amp;ssl=1 300w, https://i0.wp.com/patrimoine-avesnois.fr/fontaines/wp-content/uploads/2021/11/252_001.jpg?resize=768%2C476&amp;ssl=1 768w" sizes="auto, (max-width: 695px) 85vw, 695px" /><figcaption>Mecquignies : la Grand&rsquo;Rue</figcaption></figure></div>



<p>Sur cette ancienne carte postale représentant la rue principale du village, tout au fond se trouve la fontaine de l’Adzout où un lavoir, aujourd’hui disparu, avait été aménagé.</p>



<div class="wp-block-image"><figure class="aligncenter size-full is-resized"><img data-recalc-dims="1" loading="lazy" decoding="async" src="https://i0.wp.com/patrimoine-avesnois.fr/fontaines/wp-content/uploads/2022/01/Fontaine-Mecquignies-1831.jpg?resize=645%2C484&#038;ssl=1" alt="" class="wp-image-1678" width="645" height="484" srcset="https://i0.wp.com/patrimoine-avesnois.fr/fontaines/wp-content/uploads/2022/01/Fontaine-Mecquignies-1831.jpg?w=585&amp;ssl=1 585w, https://i0.wp.com/patrimoine-avesnois.fr/fontaines/wp-content/uploads/2022/01/Fontaine-Mecquignies-1831.jpg?resize=300%2C225&amp;ssl=1 300w" sizes="auto, (max-width: 645px) 85vw, 645px" /><figcaption>Fontaine de l&rsquo;Adzout Cadastre Mecquignies 1831 ADN P 31 / 744 <a href="https://archivesdepartementales.lenord.fr/ark:/33518/jdmq6cxk58tr/96b4a7c4-7a83-4acc-af0e-6f05b6969c70" data-type="URL" data-id="https://archivesdepartementales.lenord.fr/ark:/33518/jdmq6cxk58tr/96b4a7c4-7a83-4acc-af0e-6f05b6969c70" target="_blank" rel="noreferrer noopener">Vue 2/10</a></figcaption></figure></div>



<div class="wp-block-image"><figure class="aligncenter size-full is-resized"><img data-recalc-dims="1" loading="lazy" decoding="async" src="https://i0.wp.com/patrimoine-avesnois.fr/fontaines/wp-content/uploads/2022/01/Fontaine-Adzout-Mecquignies-1922.jpg?resize=645%2C484&#038;ssl=1" alt="" class="wp-image-1680" width="645" height="484" srcset="https://i0.wp.com/patrimoine-avesnois.fr/fontaines/wp-content/uploads/2022/01/Fontaine-Adzout-Mecquignies-1922.jpg?w=499&amp;ssl=1 499w, https://i0.wp.com/patrimoine-avesnois.fr/fontaines/wp-content/uploads/2022/01/Fontaine-Adzout-Mecquignies-1922.jpg?resize=300%2C225&amp;ssl=1 300w" sizes="auto, (max-width: 645px) 85vw, 645px" /><figcaption> Fontaine et lavoir de l&rsquo;Adzout Cadastre Mecquignies 1922 ADN P 31 / 744 <a rel="noreferrer noopener" href="https://archivesdepartementales.lenord.fr/ark:/33518/jdmq6cxk58tr/2556172a-ef35-4bf5-be83-5c559e17b1fd" data-type="URL" data-id="https://archivesdepartementales.lenord.fr/ark:/33518/jdmq6cxk58tr/2556172a-ef35-4bf5-be83-5c559e17b1fd" target="_blank">Vue 5/10</a></figcaption></figure></div>



<div class="wp-block-image"><figure class="aligncenter size-full"><img data-recalc-dims="1" loading="lazy" decoding="async" width="695" height="532" src="https://i0.wp.com/patrimoine-avesnois.fr/fontaines/wp-content/uploads/2021/07/La-Fontaine-de-lAdzout-et-son-Lavoir-MECQUIGNIES.webp?resize=695%2C532&#038;ssl=1" alt="" class="wp-image-917" srcset="https://i0.wp.com/patrimoine-avesnois.fr/fontaines/wp-content/uploads/2021/07/La-Fontaine-de-lAdzout-et-son-Lavoir-MECQUIGNIES.webp?w=695&amp;ssl=1 695w, https://i0.wp.com/patrimoine-avesnois.fr/fontaines/wp-content/uploads/2021/07/La-Fontaine-de-lAdzout-et-son-Lavoir-MECQUIGNIES.webp?resize=300%2C230&amp;ssl=1 300w" sizes="auto, (max-width: 695px) 85vw, 695px" /><figcaption>La Fontaine de l’Adzout et son Lavoir aménagé en 2014 <a rel="noreferrer noopener" href="https://www.google.fr/maps/@50.2767682,3.7917818,3a,75y,51.06h,79.8t/data=!3m6!1e1!3m4!1sLAWCoI1D70b3IrSyDJtt_w!2e0!7i13312!8i6656" target="_blank">Rue du Centre x Rue de l’Adzout</a> Mecquignies</figcaption></figure></div>



<div class="wp-block-image"><figure class="aligncenter size-full"><img data-recalc-dims="1" loading="lazy" decoding="async" width="737" height="553" src="https://i0.wp.com/patrimoine-avesnois.fr/fontaines/wp-content/uploads/2021/07/La-Fontaine-de-lAdzout-et-son-Lavoir-MECQUIGNIES-2.webp?resize=737%2C553&#038;ssl=1" alt="" class="wp-image-919" srcset="https://i0.wp.com/patrimoine-avesnois.fr/fontaines/wp-content/uploads/2021/07/La-Fontaine-de-lAdzout-et-son-Lavoir-MECQUIGNIES-2.webp?w=737&amp;ssl=1 737w, https://i0.wp.com/patrimoine-avesnois.fr/fontaines/wp-content/uploads/2021/07/La-Fontaine-de-lAdzout-et-son-Lavoir-MECQUIGNIES-2.webp?resize=300%2C225&amp;ssl=1 300w" sizes="auto, (max-width: 737px) 85vw, 737px" /><figcaption>La Fontaine de l’Adzout et son Lavoir en 2016 <a rel="noreferrer noopener" href="https://www.google.fr/maps/@50.2767682,3.7917818,3a,75y,51.06h,79.8t/data=!3m6!1e1!3m4!1sLAWCoI1D70b3IrSyDJtt_w!2e0!7i13312!8i6656" target="_blank">Rue du Centre x Rue de l’Adzout</a> Mecquignies</figcaption></figure></div>



<div class="wp-block-image"><figure class="aligncenter size-large is-resized"><img data-recalc-dims="1" loading="lazy" decoding="async" src="https://i0.wp.com/patrimoine-avesnois.fr/fontaines/wp-content/uploads/2021/09/Mecquignies-Lavoir-rue-du-Pont.jpg?resize=737%2C354&#038;ssl=1" alt="" class="wp-image-1369" width="737" height="354" srcset="https://i0.wp.com/patrimoine-avesnois.fr/fontaines/wp-content/uploads/2021/09/Mecquignies-Lavoir-rue-du-Pont.jpg?resize=1024%2C492&amp;ssl=1 1024w, https://i0.wp.com/patrimoine-avesnois.fr/fontaines/wp-content/uploads/2021/09/Mecquignies-Lavoir-rue-du-Pont.jpg?resize=300%2C144&amp;ssl=1 300w, https://i0.wp.com/patrimoine-avesnois.fr/fontaines/wp-content/uploads/2021/09/Mecquignies-Lavoir-rue-du-Pont.jpg?resize=768%2C369&amp;ssl=1 768w, https://i0.wp.com/patrimoine-avesnois.fr/fontaines/wp-content/uploads/2021/09/Mecquignies-Lavoir-rue-du-Pont.jpg?resize=1536%2C738&amp;ssl=1 1536w, https://i0.wp.com/patrimoine-avesnois.fr/fontaines/wp-content/uploads/2021/09/Mecquignies-Lavoir-rue-du-Pont.jpg?resize=2048%2C985&amp;ssl=1 2048w, https://i0.wp.com/patrimoine-avesnois.fr/fontaines/wp-content/uploads/2021/09/Mecquignies-Lavoir-rue-du-Pont.jpg?resize=1200%2C577&amp;ssl=1 1200w, https://i0.wp.com/patrimoine-avesnois.fr/fontaines/wp-content/uploads/2021/09/Mecquignies-Lavoir-rue-du-Pont.jpg?w=1680&amp;ssl=1 1680w" sizes="auto, (max-width: 737px) 85vw, 737px" /><figcaption> La Fontaine de l’Adzout et son Lavoir en septembre 2021 </figcaption></figure></div>



<p>Cette fontaine se situe à proximité du ruisseau de Mecquignies et au point le plus bas de la commune d&rsquo;où son nom puisque « adzout » signifiait en patois «  <em>être situé au plus bas du village</em> » (source Mairie).</p>



<p class="has-text-align-center">***</p>



<div class="wp-block-image"><figure class="aligncenter size-large is-resized"><img data-recalc-dims="1" loading="lazy" decoding="async" src="https://i0.wp.com/patrimoine-avesnois.fr/fontaines/wp-content/uploads/2021/07/Sentier-de-la-Fontaine.jpg?resize=737%2C553&#038;ssl=1" alt="" class="wp-image-337" width="737" height="553" srcset="https://i0.wp.com/patrimoine-avesnois.fr/fontaines/wp-content/uploads/2021/07/Sentier-de-la-Fontaine.jpg?w=332&amp;ssl=1 332w, https://i0.wp.com/patrimoine-avesnois.fr/fontaines/wp-content/uploads/2021/07/Sentier-de-la-Fontaine.jpg?resize=300%2C225&amp;ssl=1 300w" sizes="auto, (max-width: 737px) 85vw, 737px" /><figcaption>Fontaine Sentier de la Fontaine Photo Jean Mossay</figcaption></figure></div>



<p></p>

<p>Sur cette ancienne carte postale représentant la rue principale du village, tout au fond se trouve la fontaine de l’Adzout où un lavoir, aujourd’hui disparu, avait été aménagé. Cette fontaine se situe à proximité du ruisseau de Mecquignies et au point le plus bas de la commune d&rsquo;où son nom puisque « adzout » signifiait en patois &hellip; <a href="https://patrimoine-avesnois.fr/fontaines/mecquignies-la-fontaine-de-ladzout-et-la-fontaine-du-sentier/" class="more-link">Continuer la lecture<span class="screen-reader-text"> de &laquo;&nbsp;Mecquignies : la fontaine de l&rsquo;Adzout et la fontaine du Sentier&nbsp;&raquo;</span></a></p>
