{"id":40,"date":"2021-07-01T17:10:13","date_gmt":"2021-07-01T15:10:13","guid":{"rendered":"https:\/\/patrimoine-avesnois.fr\/fontaines\/?page_id=40"},"modified":"2021-07-29T08:39:54","modified_gmt":"2021-07-29T06:39:54","slug":"bachant-les-fontaines-hennequin-et-bertrand","status":"publish","type":"page","link":"https:\/\/patrimoine-avesnois.fr\/fontaines\/bachant-les-fontaines-hennequin-et-bertrand\/","title":{"rendered":"Bachant : les fontaines Hennequin et Bertrand"},"content":{"rendered":"\n<div class=\"wp-block-image\"><figure class=\"aligncenter\"><img decoding=\"async\" src=\"https:\/\/i1.wp.com\/patrimoine-avesnois.fr\/chemin\/wp-content\/uploads\/2021\/06\/Capture-4.jpg?resize=630%2C473\" alt=\"\" class=\"wp-image-13286\"\/><figcaption>Cadastre de Bachant 1812, \u2013 1860 P 31 \/ 655 <a rel=\"noreferrer noopener\" href=\"https:\/\/archivesdepartementales.lenord.fr\/ark:\/33518\/lznhqs08rdwx\/ffa6b2c3-75b4-4dd5-b31a-118ad0128231\" target=\"_blank\">Vue 2\/20<\/a> <a rel=\"noreferrer noopener\" href=\"https:\/\/archivesdepartementales.lenord.fr\/ark:\/33518\/lznhqs08rdwx\/038aa0a9-ea48-4de6-a433-5835cedb389b\" target=\"_blank\">Vue 10\/20<\/a><\/figcaption><\/figure><\/div>\n\n\n\n<div class=\"wp-block-image\"><figure class=\"aligncenter size-full\"><img data-recalc-dims=\"1\" loading=\"lazy\" decoding=\"async\" width=\"840\" height=\"631\" src=\"https:\/\/i0.wp.com\/patrimoine-avesnois.fr\/fontaines\/wp-content\/uploads\/2021\/07\/Fontaine-Hennequin-BACHANT.webp?resize=840%2C631&#038;ssl=1\" alt=\"\" class=\"wp-image-645\" srcset=\"https:\/\/i0.wp.com\/patrimoine-avesnois.fr\/fontaines\/wp-content\/uploads\/2021\/07\/Fontaine-Hennequin-BACHANT.webp?w=840&amp;ssl=1 840w, https:\/\/i0.wp.com\/patrimoine-avesnois.fr\/fontaines\/wp-content\/uploads\/2021\/07\/Fontaine-Hennequin-BACHANT.webp?resize=300%2C225&amp;ssl=1 300w, https:\/\/i0.wp.com\/patrimoine-avesnois.fr\/fontaines\/wp-content\/uploads\/2021\/07\/Fontaine-Hennequin-BACHANT.webp?resize=768%2C577&amp;ssl=1 768w\" sizes=\"auto, (max-width: 709px) 85vw, (max-width: 909px) 67vw, (max-width: 1362px) 62vw, 840px\" \/><figcaption>Rue de la Fontaine en 2016<\/figcaption><\/figure><\/div>\n\n\n\n<div class=\"wp-block-image\"><figure class=\"aligncenter size-full is-resized\"><img data-recalc-dims=\"1\" decoding=\"async\" src=\"https:\/\/i0.wp.com\/patrimoine-avesnois.fr\/fontaines\/wp-content\/uploads\/2021\/07\/Fontaine-Bertrand-BACHANT.webp?w=840&#038;ssl=1\" alt=\"\" class=\"wp-image-647\"  srcset=\"https:\/\/i0.wp.com\/patrimoine-avesnois.fr\/fontaines\/wp-content\/uploads\/2021\/07\/Fontaine-Bertrand-BACHANT.webp?w=839&amp;ssl=1 839w, https:\/\/i0.wp.com\/patrimoine-avesnois.fr\/fontaines\/wp-content\/uploads\/2021\/07\/Fontaine-Bertrand-BACHANT.webp?resize=300%2C225&amp;ssl=1 300w, https:\/\/i0.wp.com\/patrimoine-avesnois.fr\/fontaines\/wp-content\/uploads\/2021\/07\/Fontaine-Bertrand-BACHANT.webp?resize=768%2C576&amp;ssl=1 768w\" sizes=\"(max-width: 839px) 85vw, 839px\" \/><figcaption>Ruelle Bertrand de nos jours<\/figcaption><\/figure><\/div>\n\n\n\n<p>Les Bachinois disposaient de deux fontaines. Le cadastre de 1860 en r\u00e9v\u00e8le le nom : la fontaine Hennequin (ant\u00e9rieure \u00e0 1806) et la fontaine Bertrand (am\u00e9nag\u00e9e entre 1806 et 1812) .<\/p>\n","protected":false},"excerpt":{"rendered":"<p>Les Bachinois disposaient de deux fontaines. Le cadastre de 1860 en r\u00e9v\u00e8le le nom : la fontaine Hennequin (ant\u00e9rieure \u00e0 1806) et la fontaine Bertrand (am\u00e9nag\u00e9e entre 1806 et 1812) .<\/p>\n","protected":false},"author":2,"featured_media":0,"parent":0,"menu_order":0,"comment_status":"closed","ping_status":"closed","template":"","meta":{"footnotes":""},"class_list":["post-40","page","type-page","status-publish","hentry"],"jetpack_sharing_enabled":true,"_links":{"self":[{"href":"https:\/\/patrimoine-avesnois.fr\/fontaines\/wp-json\/wp\/v2\/pages\/40","targetHints":{"allow":["GET"]}}],"collection":[{"href":"https:\/\/patrimoine-avesnois.fr\/fontaines\/wp-json\/wp\/v2\/pages"}],"about":[{"href":"https:\/\/patrimoine-avesnois.fr\/fontaines\/wp-json\/wp\/v2\/types\/page"}],"author":[{"embeddable":true,"href":"https:\/\/patrimoine-avesnois.fr\/fontaines\/wp-json\/wp\/v2\/users\/2"}],"replies":[{"embeddable":true,"href":"https:\/\/patrimoine-avesnois.fr\/fontaines\/wp-json\/wp\/v2\/comments?post=40"}],"version-history":[{"count":4,"href":"https:\/\/patrimoine-avesnois.fr\/fontaines\/wp-json\/wp\/v2\/pages\/40\/revisions"}],"predecessor-version":[{"id":1152,"href":"https:\/\/patrimoine-avesnois.fr\/fontaines\/wp-json\/wp\/v2\/pages\/40\/revisions\/1152"}],"wp:attachment":[{"href":"https:\/\/patrimoine-avesnois.fr\/fontaines\/wp-json\/wp\/v2\/media?parent=40"}],"curies":[{"name":"wp","href":"https:\/\/api.w.org\/{rel}","templated":true}]}}

<div class="wp-block-image"><figure class="aligncenter"><img decoding="async" src="https://i1.wp.com/patrimoine-avesnois.fr/chemin/wp-content/uploads/2021/06/Capture-4.jpg?resize=630%2C473" alt="" class="wp-image-13286"/><figcaption>Cadastre de Bachant 1812, – 1860 P 31 / 655 <a rel="noreferrer noopener" href="https://archivesdepartementales.lenord.fr/ark:/33518/lznhqs08rdwx/ffa6b2c3-75b4-4dd5-b31a-118ad0128231" target="_blank">Vue 2/20</a> <a rel="noreferrer noopener" href="https://archivesdepartementales.lenord.fr/ark:/33518/lznhqs08rdwx/038aa0a9-ea48-4de6-a433-5835cedb389b" target="_blank">Vue 10/20</a></figcaption></figure></div>



<div class="wp-block-image"><figure class="aligncenter size-full"><img data-recalc-dims="1" loading="lazy" decoding="async" width="840" height="631" src="https://i0.wp.com/patrimoine-avesnois.fr/fontaines/wp-content/uploads/2021/07/Fontaine-Hennequin-BACHANT.webp?resize=840%2C631&#038;ssl=1" alt="" class="wp-image-645" srcset="https://i0.wp.com/patrimoine-avesnois.fr/fontaines/wp-content/uploads/2021/07/Fontaine-Hennequin-BACHANT.webp?w=840&amp;ssl=1 840w, https://i0.wp.com/patrimoine-avesnois.fr/fontaines/wp-content/uploads/2021/07/Fontaine-Hennequin-BACHANT.webp?resize=300%2C225&amp;ssl=1 300w, https://i0.wp.com/patrimoine-avesnois.fr/fontaines/wp-content/uploads/2021/07/Fontaine-Hennequin-BACHANT.webp?resize=768%2C577&amp;ssl=1 768w" sizes="auto, (max-width: 709px) 85vw, (max-width: 909px) 67vw, (max-width: 1362px) 62vw, 840px" /><figcaption>Rue de la Fontaine en 2016</figcaption></figure></div>



<div class="wp-block-image"><figure class="aligncenter size-full is-resized"><img data-recalc-dims="1" decoding="async" src="https://i0.wp.com/patrimoine-avesnois.fr/fontaines/wp-content/uploads/2021/07/Fontaine-Bertrand-BACHANT.webp?w=840&#038;ssl=1" alt="" class="wp-image-647"  srcset="https://i0.wp.com/patrimoine-avesnois.fr/fontaines/wp-content/uploads/2021/07/Fontaine-Bertrand-BACHANT.webp?w=839&amp;ssl=1 839w, https://i0.wp.com/patrimoine-avesnois.fr/fontaines/wp-content/uploads/2021/07/Fontaine-Bertrand-BACHANT.webp?resize=300%2C225&amp;ssl=1 300w, https://i0.wp.com/patrimoine-avesnois.fr/fontaines/wp-content/uploads/2021/07/Fontaine-Bertrand-BACHANT.webp?resize=768%2C576&amp;ssl=1 768w" sizes="(max-width: 839px) 85vw, 839px" /><figcaption>Ruelle Bertrand de nos jours</figcaption></figure></div>



<p>Les Bachinois disposaient de deux fontaines. Le cadastre de 1860 en révèle le nom : la fontaine Hennequin (antérieure à 1806) et la fontaine Bertrand (aménagée entre 1806 et 1812) .</p>

<p>Les Bachinois disposaient de deux fontaines. Le cadastre de 1860 en révèle le nom : la fontaine Hennequin (antérieure à 1806) et la fontaine Bertrand (aménagée entre 1806 et 1812) .</p>
