{"id":412,"date":"2021-07-07T14:30:18","date_gmt":"2021-07-07T12:30:18","guid":{"rendered":"https:\/\/patrimoine-avesnois.fr\/fontaines\/?page_id=412"},"modified":"2023-05-15T18:54:49","modified_gmt":"2023-05-15T16:54:49","slug":"rousies-place-de-labreuvoir","status":"publish","type":"page","link":"https:\/\/patrimoine-avesnois.fr\/fontaines\/rousies-place-de-labreuvoir\/","title":{"rendered":"Rousies : Place de l&rsquo;abreuvoir"},"content":{"rendered":"<div class=\"wp-block-image\">\n<figure class=\"aligncenter size-full\"><img data-recalc-dims=\"1\" loading=\"lazy\" decoding=\"async\" width=\"735\" height=\"463\" src=\"https:\/\/i0.wp.com\/patrimoine-avesnois.fr\/fontaines\/wp-content\/uploads\/2021\/07\/Place-de-lAbreuvoir-Rousies.webp?resize=735%2C463&#038;ssl=1\" alt=\"\" class=\"wp-image-1055\" srcset=\"https:\/\/i0.wp.com\/patrimoine-avesnois.fr\/fontaines\/wp-content\/uploads\/2021\/07\/Place-de-lAbreuvoir-Rousies.webp?w=735&amp;ssl=1 735w, https:\/\/i0.wp.com\/patrimoine-avesnois.fr\/fontaines\/wp-content\/uploads\/2021\/07\/Place-de-lAbreuvoir-Rousies.webp?resize=300%2C189&amp;ssl=1 300w\" sizes=\"auto, (max-width: 735px) 85vw, 735px\" \/><figcaption class=\"wp-element-caption\">Place de l\u2019Abreuvoir<\/figcaption><\/figure>\n<\/div>\n\n<div class=\"wp-block-image\">\n<figure class=\"aligncenter size-full\"><img data-recalc-dims=\"1\" loading=\"lazy\" decoding=\"async\" width=\"735\" height=\"462\" src=\"https:\/\/i0.wp.com\/patrimoine-avesnois.fr\/fontaines\/wp-content\/uploads\/2021\/07\/Rue-de-lAbreuvoir-Rousies.webp?resize=735%2C462&#038;ssl=1\" alt=\"\" class=\"wp-image-1057\" srcset=\"https:\/\/i0.wp.com\/patrimoine-avesnois.fr\/fontaines\/wp-content\/uploads\/2021\/07\/Rue-de-lAbreuvoir-Rousies.webp?w=735&amp;ssl=1 735w, https:\/\/i0.wp.com\/patrimoine-avesnois.fr\/fontaines\/wp-content\/uploads\/2021\/07\/Rue-de-lAbreuvoir-Rousies.webp?resize=300%2C189&amp;ssl=1 300w\" sizes=\"auto, (max-width: 735px) 85vw, 735px\" \/><figcaption class=\"wp-element-caption\">Rue de l\u2019Abreuvoir Rousies<\/figcaption><\/figure>\n<\/div>\n\n\n<p>La photo est prise \u00e0 l\u2019entr\u00e9e de la rue de Maubeuge. Situ\u00e9e apr\u00e8s le pont de la Solre on voit la place de l&rsquo;abreuvoir de laquelle partent, \u00e0 droite, la rue de la Berlandi\u00e8re, devenue rue Cl\u00e9menceau, en ligne droite la rue du moulin, devenue rue du caillou, et on devine la nouvelle rue : la rue de la mairie.<\/p>\n\n\n<div class=\"wp-block-image\">\n<figure class=\"aligncenter size-full is-resized\"><img data-recalc-dims=\"1\" loading=\"lazy\" decoding=\"async\" src=\"https:\/\/i0.wp.com\/patrimoine-avesnois.fr\/fontaines\/wp-content\/uploads\/2021\/07\/Place-de-lAbreuvoir-Rousies-1.webp?resize=735%2C478&#038;ssl=1\" alt=\"\" class=\"wp-image-1058\" width=\"735\" height=\"478\" srcset=\"https:\/\/i0.wp.com\/patrimoine-avesnois.fr\/fontaines\/wp-content\/uploads\/2021\/07\/Place-de-lAbreuvoir-Rousies-1.webp?w=840&amp;ssl=1 840w, https:\/\/i0.wp.com\/patrimoine-avesnois.fr\/fontaines\/wp-content\/uploads\/2021\/07\/Place-de-lAbreuvoir-Rousies-1.webp?resize=300%2C195&amp;ssl=1 300w, https:\/\/i0.wp.com\/patrimoine-avesnois.fr\/fontaines\/wp-content\/uploads\/2021\/07\/Place-de-lAbreuvoir-Rousies-1.webp?resize=768%2C500&amp;ssl=1 768w\" sizes=\"auto, (max-width: 735px) 85vw, 735px\" \/><figcaption class=\"wp-element-caption\">Place de l\u2019Abreuvoir Rousies<\/figcaption><\/figure>\n<\/div>\n\n<div class=\"wp-block-image\">\n<figure class=\"aligncenter size-full is-resized\"><img data-recalc-dims=\"1\" loading=\"lazy\" decoding=\"async\" src=\"https:\/\/i0.wp.com\/patrimoine-avesnois.fr\/fontaines\/wp-content\/uploads\/2021\/07\/Place-de-lAbreuvoir-Rousies.png?resize=735%2C460&#038;ssl=1\" alt=\"\" class=\"wp-image-1059\" width=\"735\" height=\"460\" srcset=\"https:\/\/i0.wp.com\/patrimoine-avesnois.fr\/fontaines\/wp-content\/uploads\/2021\/07\/Place-de-lAbreuvoir-Rousies.png?w=857&amp;ssl=1 857w, https:\/\/i0.wp.com\/patrimoine-avesnois.fr\/fontaines\/wp-content\/uploads\/2021\/07\/Place-de-lAbreuvoir-Rousies.png?resize=300%2C188&amp;ssl=1 300w, https:\/\/i0.wp.com\/patrimoine-avesnois.fr\/fontaines\/wp-content\/uploads\/2021\/07\/Place-de-lAbreuvoir-Rousies.png?resize=768%2C480&amp;ssl=1 768w\" sizes=\"auto, (max-width: 735px) 85vw, 735px\" \/><figcaption class=\"wp-element-caption\">Place de l&rsquo;Abreuvoir Rousies dans les ann\u00e9es 1950<\/figcaption><\/figure>\n<\/div>\n\n<div class=\"wp-block-image\">\n<figure class=\"aligncenter size-full\"><img data-recalc-dims=\"1\" loading=\"lazy\" decoding=\"async\" width=\"735\" height=\"550\" src=\"https:\/\/i0.wp.com\/patrimoine-avesnois.fr\/fontaines\/wp-content\/uploads\/2021\/07\/Place-de-lAbreuvoir-Rousies-2.webp?resize=735%2C550&#038;ssl=1\" alt=\"\" class=\"wp-image-1060\" srcset=\"https:\/\/i0.wp.com\/patrimoine-avesnois.fr\/fontaines\/wp-content\/uploads\/2021\/07\/Place-de-lAbreuvoir-Rousies-2.webp?w=735&amp;ssl=1 735w, https:\/\/i0.wp.com\/patrimoine-avesnois.fr\/fontaines\/wp-content\/uploads\/2021\/07\/Place-de-lAbreuvoir-Rousies-2.webp?resize=300%2C224&amp;ssl=1 300w\" sizes=\"auto, (max-width: 735px) 85vw, 735px\" \/><figcaption class=\"wp-element-caption\">Place de l\u2019abreuvoir Rousies<a href=\"https:\/\/www.google.fr\/maps\/@50.2719985,4.0035993,3a,75y,120.59h,81.54t\/data=!3m6!1e1!3m4!1s4xHrY4EeeVbtLK0sj6m6ew!2e0!7i16384!8i8192\" target=\"_blank\" rel=\"noreferrer noopener\"> Rue de Maubeuge<\/a><\/figcaption><\/figure>\n<\/div>\n\n<div class=\"wp-block-image\">\n<figure class=\"aligncenter size-large is-resized\"><img data-recalc-dims=\"1\" loading=\"lazy\" decoding=\"async\" src=\"https:\/\/i0.wp.com\/patrimoine-avesnois.fr\/fontaines\/wp-content\/uploads\/2021\/07\/image-10.png?resize=690%2C450&#038;ssl=1\" alt=\"\" class=\"wp-image-427\" width=\"690\" height=\"450\" srcset=\"https:\/\/i0.wp.com\/patrimoine-avesnois.fr\/fontaines\/wp-content\/uploads\/2021\/07\/image-10.png?w=921&amp;ssl=1 921w, https:\/\/i0.wp.com\/patrimoine-avesnois.fr\/fontaines\/wp-content\/uploads\/2021\/07\/image-10.png?resize=300%2C196&amp;ssl=1 300w, https:\/\/i0.wp.com\/patrimoine-avesnois.fr\/fontaines\/wp-content\/uploads\/2021\/07\/image-10.png?resize=768%2C501&amp;ssl=1 768w\" sizes=\"auto, (max-width: 690px) 85vw, 690px\" \/><figcaption class=\"wp-element-caption\">Une autre vue de la place de l&rsquo;abreuvoir; le photographe se trouve \u00e0 l\u2019entr\u00e9e de la rue de la<br>berlandi\u00e8re. Renseignement fourni par M Alain Delfosse Pr\u00e9sident de l&rsquo;Association <a rel=\"noreferrer noopener\" href=\"http:\/\/alain.delfosse.free.fr\/bulletin\/rp27.pdf\" data-type=\"URL\" data-id=\"http:\/\/alain.delfosse.free.fr\/bulletin\/rp27.pdf\" target=\"_blank\">Racines et Patrimoine<\/a><\/figcaption><\/figure>\n<\/div>\n\n<div class=\"wp-block-image\">\n<figure class=\"aligncenter size-large is-resized\"><img data-recalc-dims=\"1\" loading=\"lazy\" decoding=\"async\" src=\"https:\/\/i0.wp.com\/patrimoine-avesnois.fr\/fontaines\/wp-content\/uploads\/2021\/07\/image-12.png?resize=690%2C441&#038;ssl=1\" alt=\"\" class=\"wp-image-429\" width=\"690\" height=\"441\"\/><figcaption class=\"wp-element-caption\">Vue sur l\u2019abreuvoir, avec son muret en mauvais \u00e9tat.<\/figcaption><\/figure>\n<\/div>","protected":false},"excerpt":{"rendered":"<p>La photo est prise \u00e0 l\u2019entr\u00e9e de la rue de Maubeuge. Situ\u00e9e apr\u00e8s le pont de la Solre on voit la place de l&rsquo;abreuvoir de laquelle partent, \u00e0 droite, la rue de la Berlandi\u00e8re, devenue rue Cl\u00e9menceau, en ligne droite la rue du moulin, devenue rue du caillou, et on devine la nouvelle rue : &hellip; <a href=\"https:\/\/patrimoine-avesnois.fr\/fontaines\/rousies-place-de-labreuvoir\/\" class=\"more-link\">Continuer la lecture<span class=\"screen-reader-text\"> de &laquo;&nbsp;Rousies : Place de l&rsquo;abreuvoir&nbsp;&raquo;<\/span><\/a><\/p>\n","protected":false},"author":2,"featured_media":0,"parent":0,"menu_order":0,"comment_status":"closed","ping_status":"closed","template":"","meta":{"footnotes":""},"class_list":["post-412","page","type-page","status-publish","hentry"],"jetpack_sharing_enabled":true,"_links":{"self":[{"href":"https:\/\/patrimoine-avesnois.fr\/fontaines\/wp-json\/wp\/v2\/pages\/412","targetHints":{"allow":["GET"]}}],"collection":[{"href":"https:\/\/patrimoine-avesnois.fr\/fontaines\/wp-json\/wp\/v2\/pages"}],"about":[{"href":"https:\/\/patrimoine-avesnois.fr\/fontaines\/wp-json\/wp\/v2\/types\/page"}],"author":[{"embeddable":true,"href":"https:\/\/patrimoine-avesnois.fr\/fontaines\/wp-json\/wp\/v2\/users\/2"}],"replies":[{"embeddable":true,"href":"https:\/\/patrimoine-avesnois.fr\/fontaines\/wp-json\/wp\/v2\/comments?post=412"}],"version-history":[{"count":8,"href":"https:\/\/patrimoine-avesnois.fr\/fontaines\/wp-json\/wp\/v2\/pages\/412\/revisions"}],"predecessor-version":[{"id":1933,"href":"https:\/\/patrimoine-avesnois.fr\/fontaines\/wp-json\/wp\/v2\/pages\/412\/revisions\/1933"}],"wp:attachment":[{"href":"https:\/\/patrimoine-avesnois.fr\/fontaines\/wp-json\/wp\/v2\/media?parent=412"}],"curies":[{"name":"wp","href":"https:\/\/api.w.org\/{rel}","templated":true}]}}