{"id":43,"date":"2021-07-01T17:13:56","date_gmt":"2021-07-01T15:13:56","guid":{"rendered":"https:\/\/patrimoine-avesnois.fr\/fontaines\/?page_id=43"},"modified":"2023-05-15T13:20:05","modified_gmt":"2023-05-15T11:20:05","slug":"baives-et-la-fontaine-pachis","status":"publish","type":"page","link":"https:\/\/patrimoine-avesnois.fr\/fontaines\/baives-et-la-fontaine-pachis\/","title":{"rendered":"Baives et la fontaine Pachis"},"content":{"rendered":"\n<p>Les cadastres de 1828 et de 1882 indiquent une fontaine ou une pompe \u00e0 bras dont l\u2019eau provient d\u2019une source situ\u00e9e dans le pr\u00e9 Pachis.<\/p>\n\n\n<div class=\"wp-block-image\">\n<figure class=\"aligncenter\"><img decoding=\"async\" src=\"https:\/\/i2.wp.com\/patrimoine-avesnois.fr\/chemin\/wp-content\/uploads\/2021\/06\/Capture-11.jpg?resize=630%2C472\" alt=\"\" class=\"wp-image-13300\"\/><figcaption class=\"wp-element-caption\">Cadastre Baives ADN P 31 \/ 656 <a href=\"https:\/\/archivesdepartementales.lenord.fr\/ark:\/33518\/l3r7ph8ckf56\/bf5a9c44-da3d-42a7-9ef2-32175584e9dd\" target=\"_blank\" rel=\"noreferrer noopener\">Vue 6\/15<\/a><\/figcaption><\/figure>\n<\/div>\n\n<div class=\"wp-block-image\">\n<figure class=\"aligncenter\"><img decoding=\"async\" src=\"https:\/\/i1.wp.com\/patrimoine-avesnois.fr\/chemin\/wp-content\/uploads\/2021\/06\/Capture-12.jpg?resize=630%2C473\" alt=\"\" class=\"wp-image-13301\"\/><figcaption class=\"wp-element-caption\"><em>Cadastre Baives ADN P 31 \/ 656<\/em> <a href=\"https:\/\/archivesdepartementales.lenord.fr\/ark:\/33518\/l3r7ph8ckf56\/5df3ff57-72ec-46f4-838d-f69b77de3f3e\" target=\"_blank\" rel=\"noreferrer noopener\">Vue 14\/15<\/a><\/figcaption><\/figure>\n<\/div>\n\n<div class=\"wp-block-image\">\n<figure class=\"aligncenter size-full\"><img data-recalc-dims=\"1\" loading=\"lazy\" decoding=\"async\" width=\"630\" height=\"474\" src=\"https:\/\/i0.wp.com\/patrimoine-avesnois.fr\/fontaines\/wp-content\/uploads\/2021\/07\/Fontaine-Pachis-BAIVES.webp?resize=630%2C474&#038;ssl=1\" alt=\"\" class=\"wp-image-649\" srcset=\"https:\/\/i0.wp.com\/patrimoine-avesnois.fr\/fontaines\/wp-content\/uploads\/2021\/07\/Fontaine-Pachis-BAIVES.webp?w=630&amp;ssl=1 630w, https:\/\/i0.wp.com\/patrimoine-avesnois.fr\/fontaines\/wp-content\/uploads\/2021\/07\/Fontaine-Pachis-BAIVES.webp?resize=300%2C226&amp;ssl=1 300w\" sizes=\"auto, (max-width: 630px) 85vw, 630px\" \/><figcaption class=\"wp-element-caption\">De nos jours c\u2019est une pompe \u00e0 eau \u00e9lectrique situ\u00e9e \u00e0 cet endroit, proche du ruisseau de Baives.(<a rel=\"noreferrer noopener\" href=\"https:\/\/www.google.com\/maps\/@50.0632528,4.1989965,3a,37.5y,265.83h,80.83t\/data=!3m6!1e1!3m4!1sxFPfuyk7-wo1phZc7UxONA!2e0!7i16384!8i8192?hl=fr\" target=\"_blank\">Route d\u2019Ohain<\/a>)<\/figcaption><\/figure>\n<\/div>\n\n\n<p>Le nom du lieu <em>Pachis <\/em>repr\u00e9sente une variante r\u00e9gionale du fran\u00e7ais <em>p\u00e2turage<\/em> ou <em>pacage<\/em>. <\/p>\n\n\n\n<p class=\"has-text-align-center\">***<\/p>\n\n\n\n<p>En 1879 on supprima l&rsquo;abreuvoir situ\u00e9 pr\u00e8s de l&rsquo;\u00e9cole (ADN S\u00e9rie 2 O 45\/58). <\/p>\n","protected":false},"excerpt":{"rendered":"<p>Les cadastres de 1828 et de 1882 indiquent une fontaine ou une pompe \u00e0 bras dont l\u2019eau provient d\u2019une source situ\u00e9e dans le pr\u00e9 Pachis. Le nom du lieu Pachis repr\u00e9sente une variante r\u00e9gionale du fran\u00e7ais p\u00e2turage ou pacage. *** En 1879 on supprima l&rsquo;abreuvoir situ\u00e9 pr\u00e8s de l&rsquo;\u00e9cole (ADN S\u00e9rie 2 O 45\/58).<\/p>\n","protected":false},"author":2,"featured_media":0,"parent":0,"menu_order":0,"comment_status":"closed","ping_status":"closed","template":"","meta":{"footnotes":""},"class_list":["post-43","page","type-page","status-publish","hentry"],"jetpack_sharing_enabled":true,"_links":{"self":[{"href":"https:\/\/patrimoine-avesnois.fr\/fontaines\/wp-json\/wp\/v2\/pages\/43","targetHints":{"allow":["GET"]}}],"collection":[{"href":"https:\/\/patrimoine-avesnois.fr\/fontaines\/wp-json\/wp\/v2\/pages"}],"about":[{"href":"https:\/\/patrimoine-avesnois.fr\/fontaines\/wp-json\/wp\/v2\/types\/page"}],"author":[{"embeddable":true,"href":"https:\/\/patrimoine-avesnois.fr\/fontaines\/wp-json\/wp\/v2\/users\/2"}],"replies":[{"embeddable":true,"href":"https:\/\/patrimoine-avesnois.fr\/fontaines\/wp-json\/wp\/v2\/comments?post=43"}],"version-history":[{"count":6,"href":"https:\/\/patrimoine-avesnois.fr\/fontaines\/wp-json\/wp\/v2\/pages\/43\/revisions"}],"predecessor-version":[{"id":1857,"href":"https:\/\/patrimoine-avesnois.fr\/fontaines\/wp-json\/wp\/v2\/pages\/43\/revisions\/1857"}],"wp:attachment":[{"href":"https:\/\/patrimoine-avesnois.fr\/fontaines\/wp-json\/wp\/v2\/media?parent=43"}],"curies":[{"name":"wp","href":"https:\/\/api.w.org\/{rel}","templated":true}]}}

<p>Les cadastres de 1828 et de 1882 indiquent une fontaine ou une pompe à bras dont l’eau provient d’une source située dans le pré Pachis.</p>


<div class="wp-block-image">
<figure class="aligncenter"><img decoding="async" src="https://i2.wp.com/patrimoine-avesnois.fr/chemin/wp-content/uploads/2021/06/Capture-11.jpg?resize=630%2C472" alt="" class="wp-image-13300"/><figcaption class="wp-element-caption">Cadastre Baives ADN P 31 / 656 <a href="https://archivesdepartementales.lenord.fr/ark:/33518/l3r7ph8ckf56/bf5a9c44-da3d-42a7-9ef2-32175584e9dd" target="_blank" rel="noreferrer noopener">Vue 6/15</a></figcaption></figure>
</div>

<div class="wp-block-image">
<figure class="aligncenter"><img decoding="async" src="https://i1.wp.com/patrimoine-avesnois.fr/chemin/wp-content/uploads/2021/06/Capture-12.jpg?resize=630%2C473" alt="" class="wp-image-13301"/><figcaption class="wp-element-caption"><em>Cadastre Baives ADN P 31 / 656</em> <a href="https://archivesdepartementales.lenord.fr/ark:/33518/l3r7ph8ckf56/5df3ff57-72ec-46f4-838d-f69b77de3f3e" target="_blank" rel="noreferrer noopener">Vue 14/15</a></figcaption></figure>
</div>

<div class="wp-block-image">
<figure class="aligncenter size-full"><img data-recalc-dims="1" loading="lazy" decoding="async" width="630" height="474" src="https://i0.wp.com/patrimoine-avesnois.fr/fontaines/wp-content/uploads/2021/07/Fontaine-Pachis-BAIVES.webp?resize=630%2C474&#038;ssl=1" alt="" class="wp-image-649" srcset="https://i0.wp.com/patrimoine-avesnois.fr/fontaines/wp-content/uploads/2021/07/Fontaine-Pachis-BAIVES.webp?w=630&amp;ssl=1 630w, https://i0.wp.com/patrimoine-avesnois.fr/fontaines/wp-content/uploads/2021/07/Fontaine-Pachis-BAIVES.webp?resize=300%2C226&amp;ssl=1 300w" sizes="auto, (max-width: 630px) 85vw, 630px" /><figcaption class="wp-element-caption">De nos jours c’est une pompe à eau électrique située à cet endroit, proche du ruisseau de Baives.(<a rel="noreferrer noopener" href="https://www.google.com/maps/@50.0632528,4.1989965,3a,37.5y,265.83h,80.83t/data=!3m6!1e1!3m4!1sxFPfuyk7-wo1phZc7UxONA!2e0!7i16384!8i8192?hl=fr" target="_blank">Route d’Ohain</a>)</figcaption></figure>
</div>


<p>Le nom du lieu <em>Pachis </em>représente une variante régionale du français <em>pâturage</em> ou <em>pacage</em>. </p>



<p class="has-text-align-center">***</p>



<p>En 1879 on supprima l&rsquo;abreuvoir situé près de l&rsquo;école (ADN Série 2 O 45/58). </p>

<p>Les cadastres de 1828 et de 1882 indiquent une fontaine ou une pompe à bras dont l’eau provient d’une source située dans le pré Pachis. Le nom du lieu Pachis représente une variante régionale du français pâturage ou pacage. *** En 1879 on supprima l&rsquo;abreuvoir situé près de l&rsquo;école (ADN Série 2 O 45/58).</p>
