{"id":437,"date":"2021-07-12T13:05:01","date_gmt":"2021-07-12T11:05:01","guid":{"rendered":"https:\/\/patrimoine-avesnois.fr\/fontaines\/?page_id=437"},"modified":"2021-07-27T14:12:20","modified_gmt":"2021-07-27T12:12:20","slug":"saint-hilaire-sur-helpe-douze-fontaines","status":"publish","type":"page","link":"https:\/\/patrimoine-avesnois.fr\/fontaines\/saint-hilaire-sur-helpe-douze-fontaines\/","title":{"rendered":"Saint-Hilaire-sur-Helpe : douze fontaines volatilis\u00e9es  (Belle Fontaine, l&rsquo;Ermitage, la ferme du cur\u00e9, la Carpette, la Cressonni\u00e8re, les Warennes, les Hayettes, le pont Arcole&#8230;)"},"content":{"rendered":"\n<p>Saint-Hilaire-sur-Helpe est le village qui disposait le plus de fontaines : une douzaine dont un lavoir. Certaines \u00e9taient am\u00e9nag\u00e9es soit au bord de la rivi\u00e8re de l\u2019Helpe Majeure, soit le long du ruisseau de la Cressonni\u00e8re ou bien encore de celui de la Croisette. D\u2019autres servaient de point d\u2019eau pour des fermes. Enfin des fontaines \u00e9taient dispos\u00e9es au sein du bocage \u00e0 proximit\u00e9 de mares. Elles ont toutes disparues apr\u00e8s la seconde guerre mondiale.<\/p>\n\n\n\n<p><strong><em>Belle Fontaine<\/em><\/strong><\/p>\n\n\n\n<div class=\"wp-block-image\"><figure class=\"aligncenter\"><img decoding=\"async\" src=\"https:\/\/i1.wp.com\/patrimoine-avesnois.fr\/chemin\/wp-content\/uploads\/2021\/07\/Fontaine-24.jpg?resize=750%2C563\" alt=\"\" class=\"wp-image-14160\"\/><figcaption>Fontaine \u00e0 la Fache de Belle Fontaine Saint-Hilaire-sur-Helpe Cadastre 1868 ADN P 31 \/ 772<a rel=\"noreferrer noopener\" href=\"https:\/\/archivesdepartementales.lenord.fr\/ark:\/33518\/5l2rshx1jw6m\/8feff31c-faa7-440f-9a18-a4e37eb4e865\" target=\"_blank\"> Vue 24\/43<\/a><\/figcaption><\/figure><\/div>\n\n\n\n<div class=\"wp-block-image\"><figure class=\"aligncenter\"><img decoding=\"async\" src=\"https:\/\/i2.wp.com\/patrimoine-avesnois.fr\/chemin\/wp-content\/uploads\/2021\/07\/Fontaine-41.jpg?resize=750%2C562\" alt=\"L\u2019attribut alt de cette image est vide, son nom de fichier est Fontaine-41.jpg.\"\/><figcaption>Fontaine Saint-Hilaire-sur-Helpe Cadastre 1939 ADN P 31 \/ 772 <a rel=\"noreferrer noopener\" href=\"https:\/\/archivesdepartementales.lenord.fr\/ark:\/33518\/5l2rshx1jw6m\/b05986b7-078a-4164-ae89-b106e010c139\" target=\"_blank\">Vue 41\/43<\/a><\/figcaption><\/figure><\/div>\n\n\n\n<div class=\"wp-block-image\"><figure class=\"aligncenter\"><img decoding=\"async\" src=\"https:\/\/i1.wp.com\/patrimoine-avesnois.fr\/chemin\/wp-content\/uploads\/2021\/07\/St-Hilaire-Belle-Fontaine.jpg?resize=840%2C630\" alt=\"\" class=\"wp-image-14177\"\/><figcaption>Fache de Belle Fontaine <a rel=\"noreferrer noopener\" href=\"https:\/\/www.google.fr\/maps\/@50.1235143,3.9144636,3a,30y,336.02h,87.73t\/data=!3m6!1e1!3m4!1sgQ1unx5tAwVd9VtPDwFQUQ!2e0!7i16384!8i8192\" target=\"_blank\">Ch\u00e2teau Gaillard X Rue du Coll\u00e8ge<\/a><\/figcaption><\/figure><\/div>\n\n\n\n<p class=\"has-text-align-center\">***<\/p>\n\n\n\n<p><strong><em>Fontaines de la Cressonni\u00e8re<\/em><\/strong><\/p>\n\n\n\n<div class=\"wp-block-image\"><figure class=\"aligncenter\"><img decoding=\"async\" src=\"https:\/\/i1.wp.com\/patrimoine-avesnois.fr\/chemin\/wp-content\/uploads\/2021\/07\/Fontaines-25.jpg?resize=750%2C560\" alt=\"\" class=\"wp-image-14161\"\/><figcaption>Fontaines de la Cressonni\u00e8re Saint-Hilaire-sur-Helpe Cadastre 1868 ADN P 31 \/ 772 <a rel=\"noreferrer noopener\" href=\"https:\/\/archivesdepartementales.lenord.fr\/ark:\/33518\/5l2rshx1jw6m\/6d748116-129d-47a8-a077-7c701157154f\" target=\"_blank\">Vue 25\/43<\/a><\/figcaption><\/figure><\/div>\n\n\n\n<div class=\"wp-block-image\"><figure class=\"aligncenter\"><img decoding=\"async\" src=\"https:\/\/i1.wp.com\/patrimoine-avesnois.fr\/chemin\/wp-content\/uploads\/2021\/07\/Fontaine42.jpg?resize=750%2C562\" alt=\"L\u2019attribut alt de cette image est vide, son nom de fichier est Fontaine42.jpg.\"\/><figcaption>Fontaine de la Cressionni\u00e8re Saint-Hilaire-sur-Helpe Cadastre 1939 ADN P 31 \/ 772 <a rel=\"noreferrer noopener\" href=\"https:\/\/archivesdepartementales.lenord.fr\/ark:\/33518\/5l2rshx1jw6m\/eef25390-006e-4edb-8a19-98dbfb3c549d\" target=\"_blank\">Vue 42\/43<\/a><br>Une des deux fontaines a disparu entre  1868 et 1939 (celle en aval du ruisseau)<\/figcaption><\/figure><\/div>\n\n\n\n<div class=\"wp-block-image\"><figure class=\"aligncenter size-full\"><img data-recalc-dims=\"1\" loading=\"lazy\" decoding=\"async\" width=\"840\" height=\"630\" src=\"https:\/\/i0.wp.com\/patrimoine-avesnois.fr\/fontaines\/wp-content\/uploads\/2021\/07\/Fontaines-cressonniere-Saint-Hilaire-sur-Helpe.webp?resize=840%2C630&#038;ssl=1\" alt=\"\" class=\"wp-image-1105\" srcset=\"https:\/\/i0.wp.com\/patrimoine-avesnois.fr\/fontaines\/wp-content\/uploads\/2021\/07\/Fontaines-cressonniere-Saint-Hilaire-sur-Helpe.webp?w=840&amp;ssl=1 840w, https:\/\/i0.wp.com\/patrimoine-avesnois.fr\/fontaines\/wp-content\/uploads\/2021\/07\/Fontaines-cressonniere-Saint-Hilaire-sur-Helpe.webp?resize=300%2C225&amp;ssl=1 300w, https:\/\/i0.wp.com\/patrimoine-avesnois.fr\/fontaines\/wp-content\/uploads\/2021\/07\/Fontaines-cressonniere-Saint-Hilaire-sur-Helpe.webp?resize=768%2C576&amp;ssl=1 768w\" sizes=\"auto, (max-width: 709px) 85vw, (max-width: 909px) 67vw, (max-width: 1362px) 62vw, 840px\" \/><figcaption>Emplacement des anciennes fontaines de la Cressonni\u00e8re <a href=\"https:\/\/www.google.fr\/maps\/place\/59440+Saint-Hilaire-sur-Helpe\/@50.1182098,3.9040806,15z\/data=!4m5!3m4!1s0x47c2655c49f38e3b:0x40af13e81645850!8m2!3d50.13178!4d3.90433\" target=\"_blank\" rel=\"noreferrer noopener\">Carri\u00e8res Bocahut<\/a><\/figcaption><\/figure><\/div>\n\n\n\n<p class=\"has-text-align-center\">***<\/p>\n\n\n\n<p><strong><em>Fontaines de la Carpette<\/em><\/strong><\/p>\n\n\n\n<div class=\"wp-block-image\"><figure class=\"aligncenter\"><img decoding=\"async\" src=\"https:\/\/i2.wp.com\/patrimoine-avesnois.fr\/chemin\/wp-content\/uploads\/2021\/07\/Fontaines-31.jpg?resize=750%2C561\" alt=\"\" class=\"wp-image-14162\"\/><figcaption>Fontaines Saint-Hilaire-sur-Helpe Cadastre 1939 ADN P 31 \/ 772 <a href=\"https:\/\/archivesdepartementales.lenord.fr\/ark:\/33518\/5l2rshx1jw6m\/090a89ee-e277-4b3b-ad3e-c06642b08aad\" target=\"_blank\" rel=\"noreferrer noopener\">Vue 31\/43<\/a><\/figcaption><\/figure><\/div>\n\n\n\n<div class=\"wp-block-image\"><figure class=\"aligncenter size-full\"><img data-recalc-dims=\"1\" loading=\"lazy\" decoding=\"async\" width=\"840\" height=\"630\" src=\"https:\/\/i0.wp.com\/patrimoine-avesnois.fr\/fontaines\/wp-content\/uploads\/2021\/07\/fontaine-de-la-Carpette-Saint-Hilaire-sur-Helpe.webp?resize=840%2C630&#038;ssl=1\" alt=\"\" class=\"wp-image-1107\" srcset=\"https:\/\/i0.wp.com\/patrimoine-avesnois.fr\/fontaines\/wp-content\/uploads\/2021\/07\/fontaine-de-la-Carpette-Saint-Hilaire-sur-Helpe.webp?w=840&amp;ssl=1 840w, https:\/\/i0.wp.com\/patrimoine-avesnois.fr\/fontaines\/wp-content\/uploads\/2021\/07\/fontaine-de-la-Carpette-Saint-Hilaire-sur-Helpe.webp?resize=300%2C225&amp;ssl=1 300w, https:\/\/i0.wp.com\/patrimoine-avesnois.fr\/fontaines\/wp-content\/uploads\/2021\/07\/fontaine-de-la-Carpette-Saint-Hilaire-sur-Helpe.webp?resize=768%2C576&amp;ssl=1 768w\" sizes=\"auto, (max-width: 709px) 85vw, (max-width: 909px) 67vw, (max-width: 1362px) 62vw, 840px\" \/><figcaption>Emplacement de la fontaine de la Carpette Saint-Hilaire-sur-Helpe <a href=\"https:\/\/www.google.com\/maps\/@50.1417699,3.8900941,3a,90y,107.78h,83.24t\/data=!3m7!1e1!3m5!1sZkTWqtK-cWJEKE78lGGSfA!2e0!6shttps:%2F%2Fstreetviewpixels-pa.googleapis.com%2Fv1%2Fthumbnail%3Fpanoid%3DZkTWqtK-cWJEKE78lGGSfA%26cb_client%3Dsearch.revgeo_and_fetch.gps%26w%3D96%26h%3D64%26yaw%3D111.62781%26pitch%3D0%26thumbfov%3D100!7i13312!8i6656?hl=fr\" target=\"_blank\" rel=\"noreferrer noopener\">La Carpette<\/a><\/figcaption><\/figure><\/div>\n\n\n\n<p class=\"has-text-align-center\">***<\/p>\n\n\n\n<p><em><strong>Fontaines de l&rsquo;Ermitage<\/strong><\/em><\/p>\n\n\n\n<div class=\"wp-block-image\"><figure class=\"aligncenter\"><img decoding=\"async\" src=\"https:\/\/i2.wp.com\/patrimoine-avesnois.fr\/chemin\/wp-content\/uploads\/2021\/07\/Fontaines-32.jpg?resize=750%2C564\" alt=\"\" class=\"wp-image-14164\"\/><figcaption>Fontaines Saint-Hilaire-sur-Helpe Cadastre 1939 ADN P 31 \/ 772 <a rel=\"noreferrer noopener\" href=\"https:\/\/archivesdepartementales.lenord.fr\/ark:\/33518\/5l2rshx1jw6m\/10c38226-5858-4dbf-8131-9c5ba1f9c038\" target=\"_blank\">Vue 32\/43<\/a><\/figcaption><\/figure><\/div>\n\n\n\n<div class=\"wp-block-image\"><figure class=\"aligncenter size-full\"><img data-recalc-dims=\"1\" loading=\"lazy\" decoding=\"async\" width=\"840\" height=\"630\" src=\"https:\/\/i0.wp.com\/patrimoine-avesnois.fr\/fontaines\/wp-content\/uploads\/2021\/07\/Fontaine-Ermitage-Saint-Hilaire-sur-Helpe.webp?resize=840%2C630&#038;ssl=1\" alt=\"\" class=\"wp-image-1108\" srcset=\"https:\/\/i0.wp.com\/patrimoine-avesnois.fr\/fontaines\/wp-content\/uploads\/2021\/07\/Fontaine-Ermitage-Saint-Hilaire-sur-Helpe.webp?w=840&amp;ssl=1 840w, https:\/\/i0.wp.com\/patrimoine-avesnois.fr\/fontaines\/wp-content\/uploads\/2021\/07\/Fontaine-Ermitage-Saint-Hilaire-sur-Helpe.webp?resize=300%2C225&amp;ssl=1 300w, https:\/\/i0.wp.com\/patrimoine-avesnois.fr\/fontaines\/wp-content\/uploads\/2021\/07\/Fontaine-Ermitage-Saint-Hilaire-sur-Helpe.webp?resize=768%2C576&amp;ssl=1 768w\" sizes=\"auto, (max-width: 709px) 85vw, (max-width: 909px) 67vw, (max-width: 1362px) 62vw, 840px\" \/><figcaption>La Fontaine de l\u2019Ermitage<\/figcaption><\/figure><\/div>\n\n\n\n<div class=\"wp-block-image\"><figure class=\"aligncenter size-full\"><img data-recalc-dims=\"1\" loading=\"lazy\" decoding=\"async\" width=\"840\" height=\"634\" src=\"https:\/\/i0.wp.com\/patrimoine-avesnois.fr\/fontaines\/wp-content\/uploads\/2021\/07\/Fontaine-de-lErmitage-Saint-Hilaire-sur-Helpe.webp?resize=840%2C634&#038;ssl=1\" alt=\"\" class=\"wp-image-1109\" srcset=\"https:\/\/i0.wp.com\/patrimoine-avesnois.fr\/fontaines\/wp-content\/uploads\/2021\/07\/Fontaine-de-lErmitage-Saint-Hilaire-sur-Helpe.webp?w=840&amp;ssl=1 840w, https:\/\/i0.wp.com\/patrimoine-avesnois.fr\/fontaines\/wp-content\/uploads\/2021\/07\/Fontaine-de-lErmitage-Saint-Hilaire-sur-Helpe.webp?resize=300%2C226&amp;ssl=1 300w, https:\/\/i0.wp.com\/patrimoine-avesnois.fr\/fontaines\/wp-content\/uploads\/2021\/07\/Fontaine-de-lErmitage-Saint-Hilaire-sur-Helpe.webp?resize=768%2C580&amp;ssl=1 768w\" sizes=\"auto, (max-width: 709px) 85vw, (max-width: 909px) 67vw, (max-width: 1362px) 62vw, 840px\" \/><figcaption>Fontaine de l\u2019Ermitage Saint-Hilaire-sur-Helpe <a rel=\"noreferrer noopener\" href=\"https:\/\/www.google.com\/maps\/@50.1517047,3.9036993,3a,37.5y,179.43h,81.36t\/data=!3m6!1e1!3m4!1sNCPtGrIPQ2ZAJ1iSG6UvEg!2e0!7i16384!8i8192?hl=fr\" target=\"_blank\">L\u2019Ermitage<\/a><\/figcaption><\/figure><\/div>\n\n\n\n<p class=\"has-text-align-center\">***<\/p>\n\n\n\n<p><em><strong>Lavoir <\/strong><\/em><\/p>\n\n\n\n<div class=\"wp-block-image\"><figure class=\"aligncenter\"><img decoding=\"async\" src=\"https:\/\/i1.wp.com\/patrimoine-avesnois.fr\/chemin\/wp-content\/uploads\/2021\/07\/Lavoir-34.jpg?resize=750%2C562\" alt=\"\" class=\"wp-image-14165\"\/><figcaption>Lavoir Saint-Hilaire-sur-Helpe Cadastre 1939 ADN P 31 \/ 772<a href=\"https:\/\/archivesdepartementales.lenord.fr\/ark:\/33518\/5l2rshx1jw6m\/dd07e2b7-a249-49e4-a373-1bb80aca6344\" target=\"_blank\" rel=\"noreferrer noopener\"> Vue 34\/43<\/a><\/figcaption><\/figure><\/div>\n\n\n\n<div class=\"wp-block-image\"><figure class=\"aligncenter\"><img decoding=\"async\" src=\"https:\/\/i2.wp.com\/patrimoine-avesnois.fr\/chemin\/wp-content\/uploads\/2021\/07\/Lavoir-ST-Hilaire-.jpg?resize=840%2C630\" alt=\"\" class=\"wp-image-14190\"\/><figcaption>Emplacement de l\u2019ancien lavoir de Saint-Hiaire-sur-Helpe <a rel=\"noreferrer noopener\" href=\"https:\/\/www.google.fr\/maps\/@50.1304382,3.9031391,18.75z\" target=\"_blank\">Rue du Lavoir<\/a><\/figcaption><\/figure><\/div>\n\n\n\n<p class=\"has-text-align-center\">***<\/p>\n\n\n\n<p><strong><em>Fontaine des Hayettes et Fontaine des Warennes<\/em><\/strong><\/p>\n\n\n\n<div class=\"wp-block-image\"><figure class=\"aligncenter\"><img decoding=\"async\" src=\"https:\/\/i2.wp.com\/patrimoine-avesnois.fr\/chemin\/wp-content\/uploads\/2021\/07\/Capture-16.jpg?resize=750%2C490\" alt=\"\" class=\"wp-image-14197\"\/><figcaption>Fontaine des Hayettes et Fontaine des Warennes Saint-Hilaire-sur-Helpe Cadastre 1939 ADN P 31 \/ 772 <a rel=\"noreferrer noopener\" href=\"https:\/\/archivesdepartementales.lenord.fr\/ark:\/33518\/5l2rshx1jw6m\/ed9fa6ab-e0a7-458f-a52e-e2479c2142bf\" target=\"_blank\">Vue 35\/43<\/a><\/figcaption><\/figure><\/div>\n\n\n\n<div class=\"wp-block-image\"><figure class=\"aligncenter size-full\"><img data-recalc-dims=\"1\" loading=\"lazy\" decoding=\"async\" width=\"840\" height=\"630\" src=\"https:\/\/i0.wp.com\/patrimoine-avesnois.fr\/fontaines\/wp-content\/uploads\/2021\/07\/Saint-Hilaire-sur-Helpe-Fontaine-Les-Hayettes.webp?resize=840%2C630&#038;ssl=1\" alt=\"\" class=\"wp-image-1110\" srcset=\"https:\/\/i0.wp.com\/patrimoine-avesnois.fr\/fontaines\/wp-content\/uploads\/2021\/07\/Saint-Hilaire-sur-Helpe-Fontaine-Les-Hayettes.webp?w=840&amp;ssl=1 840w, https:\/\/i0.wp.com\/patrimoine-avesnois.fr\/fontaines\/wp-content\/uploads\/2021\/07\/Saint-Hilaire-sur-Helpe-Fontaine-Les-Hayettes.webp?resize=300%2C225&amp;ssl=1 300w, https:\/\/i0.wp.com\/patrimoine-avesnois.fr\/fontaines\/wp-content\/uploads\/2021\/07\/Saint-Hilaire-sur-Helpe-Fontaine-Les-Hayettes.webp?resize=768%2C576&amp;ssl=1 768w\" sizes=\"auto, (max-width: 709px) 85vw, (max-width: 909px) 67vw, (max-width: 1362px) 62vw, 840px\" \/><figcaption>Saint-Hilaire-sur-Helpe <a href=\"https:\/\/www.google.com\/maps\/@50.1355004,3.900327,3a,75y,260.25h,80.15t\/data=!3m6!1e1!3m4!1sdR0bNtTAKlve7I5IU1pV4Q!2e0!7i16384!8i8192?hl=fr\" target=\"_blank\" rel=\"noreferrer noopener\">Les Hayettes<\/a><\/figcaption><\/figure><\/div>\n\n\n\n<div class=\"wp-block-image\"><figure class=\"aligncenter size-full\"><img data-recalc-dims=\"1\" loading=\"lazy\" decoding=\"async\" width=\"840\" height=\"592\" src=\"https:\/\/i0.wp.com\/patrimoine-avesnois.fr\/fontaines\/wp-content\/uploads\/2021\/07\/Saint-Hilaire-sur-Helpe-Fontaine-Les-Warennes-.webp?resize=840%2C592&#038;ssl=1\" alt=\"\" class=\"wp-image-1111\" srcset=\"https:\/\/i0.wp.com\/patrimoine-avesnois.fr\/fontaines\/wp-content\/uploads\/2021\/07\/Saint-Hilaire-sur-Helpe-Fontaine-Les-Warennes-.webp?w=840&amp;ssl=1 840w, https:\/\/i0.wp.com\/patrimoine-avesnois.fr\/fontaines\/wp-content\/uploads\/2021\/07\/Saint-Hilaire-sur-Helpe-Fontaine-Les-Warennes-.webp?resize=300%2C211&amp;ssl=1 300w, https:\/\/i0.wp.com\/patrimoine-avesnois.fr\/fontaines\/wp-content\/uploads\/2021\/07\/Saint-Hilaire-sur-Helpe-Fontaine-Les-Warennes-.webp?resize=768%2C541&amp;ssl=1 768w\" sizes=\"auto, (max-width: 709px) 85vw, (max-width: 909px) 67vw, (max-width: 1362px) 62vw, 840px\" \/><figcaption>Saint-Hilaire-sur-Helpe Les Warennes pr\u00e8s de <a rel=\"noreferrer noopener\" href=\"https:\/\/www.google.com\/maps\/@50.1323255,3.9141352,3a,90y,21.75h,82.17t\/data=!3m6!1e1!3m4!1sBgu-1qM_QeLLLIlSsdBw8w!2e0!7i16384!8i8192?hl=fr\" target=\"_blank\">Rue de Malakoff X D 951<\/a><br>La Fontaine se trouvait dans la p\u00e2ture derri\u00e8re le mur situ\u00e9 \u00e0 la droite de cette habitation Route d\u2019Avesnes<\/figcaption><\/figure><\/div>\n\n\n\n<p class=\"has-text-align-center\">***<\/p>\n\n\n\n<p><strong><em>Fontaine de la ferme du Cur\u00e9<\/em><\/strong><\/p>\n\n\n\n<div class=\"wp-block-image\"><figure class=\"aligncenter\"><img decoding=\"async\" src=\"https:\/\/i1.wp.com\/patrimoine-avesnois.fr\/chemin\/wp-content\/uploads\/2021\/07\/Fontaine-37.jpg?resize=750%2C562\" alt=\"\" class=\"wp-image-14168\"\/><figcaption>Fontaine Ferme du Cur\u00e9 Saint-Hilaire-sur-Helpe Cadastre 1939 ADN P 31 \/ 772 <a rel=\"noreferrer noopener\" href=\"https:\/\/archivesdepartementales.lenord.fr\/ark:\/33518\/5l2rshx1jw6m\/868e25c6-ae4e-47f0-b8e8-e7089e0762fa\" target=\"_blank\">Vue 37\/43<\/a><\/figcaption><\/figure><\/div>\n\n\n\n<div class=\"wp-block-image\"><figure class=\"aligncenter size-full\"><img data-recalc-dims=\"1\" loading=\"lazy\" decoding=\"async\" width=\"840\" height=\"628\" src=\"https:\/\/i0.wp.com\/patrimoine-avesnois.fr\/fontaines\/wp-content\/uploads\/2021\/07\/Fontaine-Ferme-du-Cure-Saint-Hilaire-sur-Helpe-.webp?resize=840%2C628&#038;ssl=1\" alt=\"\" class=\"wp-image-1112\" srcset=\"https:\/\/i0.wp.com\/patrimoine-avesnois.fr\/fontaines\/wp-content\/uploads\/2021\/07\/Fontaine-Ferme-du-Cure-Saint-Hilaire-sur-Helpe-.webp?w=840&amp;ssl=1 840w, https:\/\/i0.wp.com\/patrimoine-avesnois.fr\/fontaines\/wp-content\/uploads\/2021\/07\/Fontaine-Ferme-du-Cure-Saint-Hilaire-sur-Helpe-.webp?resize=300%2C224&amp;ssl=1 300w, https:\/\/i0.wp.com\/patrimoine-avesnois.fr\/fontaines\/wp-content\/uploads\/2021\/07\/Fontaine-Ferme-du-Cure-Saint-Hilaire-sur-Helpe-.webp?resize=768%2C574&amp;ssl=1 768w\" sizes=\"auto, (max-width: 709px) 85vw, (max-width: 909px) 67vw, (max-width: 1362px) 62vw, 840px\" \/><figcaption>Ferme du Cur\u00e9 Saint-Hilaire-sur- Helpe<a rel=\"noreferrer noopener\" href=\"https:\/\/www.google.com\/maps\/place\/Ferme+du+Cur%C3%A9,+59440+Saint-Hilaire-sur-Helpe\/@50.1462461,3.9162272,17.25z\/data=!4m5!3m4!1s0x47c26f88d9f3b063:0x7c0ba5f85d855e9d!8m2!3d50.1459959!4d3.915792?hl=fr\" target=\"_blank\"> La Croisette<\/a><\/figcaption><\/figure><\/div>\n\n\n\n<p class=\"has-text-align-center\">***<\/p>\n\n\n\n<p><strong><em>Fontaines du pont d&rsquo;Arcole<\/em><\/strong><\/p>\n\n\n\n<div class=\"wp-block-image\"><figure class=\"aligncenter\"><img decoding=\"async\" src=\"https:\/\/i0.wp.com\/patrimoine-avesnois.fr\/chemin\/wp-content\/uploads\/2021\/07\/Capture-19.jpg?resize=750%2C561\" alt=\"\" class=\"wp-image-14202\"\/><figcaption>Fontaines du Pont d\u2019Arcole Saint-Hilaire-sur-Helpe Cadastre 1939 ADN P 31 \/ 772 <a rel=\"noreferrer noopener\" href=\"https:\/\/archivesdepartementales.lenord.fr\/ark:\/33518\/5l2rshx1jw6m\/d3c11506-6da2-4aee-b5a4-631b5af8ab80\" target=\"_blank\">Vue 38\/43<\/a><\/figcaption><\/figure><\/div>\n\n\n\n<div class=\"wp-block-image\"><figure class=\"aligncenter\"><img decoding=\"async\" src=\"https:\/\/i0.wp.com\/patrimoine-avesnois.fr\/chemin\/wp-content\/uploads\/2021\/07\/Capture-20.jpg?resize=750%2C562\" alt=\"\" class=\"wp-image-14204\"\/><figcaption>Emplacement des fontaines sur une carte actuelle <a rel=\"noreferrer noopener\" href=\"https:\/\/www.google.com\/maps\/place\/59440+Saint-Hilaire-sur-Helpe\/@50.1527824,3.9316808,17z\/data=!4m5!3m4!1s0x47c2655c49f38e3b:0x40af13e81645850!8m2!3d50.13178!4d3.90433?hl=fr\" target=\"_blank\">Google<\/a><\/figcaption><\/figure><\/div>\n\n\n\n<div class=\"wp-block-image\"><figure class=\"aligncenter size-full\"><img data-recalc-dims=\"1\" loading=\"lazy\" decoding=\"async\" width=\"840\" height=\"628\" src=\"https:\/\/i0.wp.com\/patrimoine-avesnois.fr\/fontaines\/wp-content\/uploads\/2021\/07\/Fontaine-du-Pont-dArcole-Saint-Hilaire-sur-Helpe.webp?resize=840%2C628&#038;ssl=1\" alt=\"\" class=\"wp-image-1113\" srcset=\"https:\/\/i0.wp.com\/patrimoine-avesnois.fr\/fontaines\/wp-content\/uploads\/2021\/07\/Fontaine-du-Pont-dArcole-Saint-Hilaire-sur-Helpe.webp?w=840&amp;ssl=1 840w, https:\/\/i0.wp.com\/patrimoine-avesnois.fr\/fontaines\/wp-content\/uploads\/2021\/07\/Fontaine-du-Pont-dArcole-Saint-Hilaire-sur-Helpe.webp?resize=300%2C224&amp;ssl=1 300w, https:\/\/i0.wp.com\/patrimoine-avesnois.fr\/fontaines\/wp-content\/uploads\/2021\/07\/Fontaine-du-Pont-dArcole-Saint-Hilaire-sur-Helpe.webp?resize=768%2C574&amp;ssl=1 768w\" sizes=\"auto, (max-width: 709px) 85vw, (max-width: 909px) 67vw, (max-width: 1362px) 62vw, 840px\" \/><figcaption><a href=\"https:\/\/www.google.com\/maps\/@50.1527824,3.9316808,3a,75y,307.53h,83.75t\/data=!3m6!1e1!3m4!1sUZVaCMQR3J2Dnm8IXnqYzw!2e0!7i13312!8i6656?hl=fr\" target=\"_blank\" rel=\"noreferrer noopener\">La Thiellerie<\/a><\/figcaption><\/figure><\/div>\n\n\n\n<div class=\"wp-block-image\"><figure class=\"aligncenter size-full\"><img data-recalc-dims=\"1\" loading=\"lazy\" decoding=\"async\" width=\"840\" height=\"630\" src=\"https:\/\/i0.wp.com\/patrimoine-avesnois.fr\/fontaines\/wp-content\/uploads\/2021\/07\/Fontaine-du-Pont-dArcole-Saint-Hilaire-sur-Helpe-1.webp?resize=840%2C630&#038;ssl=1\" alt=\"\" class=\"wp-image-1114\" srcset=\"https:\/\/i0.wp.com\/patrimoine-avesnois.fr\/fontaines\/wp-content\/uploads\/2021\/07\/Fontaine-du-Pont-dArcole-Saint-Hilaire-sur-Helpe-1.webp?w=840&amp;ssl=1 840w, https:\/\/i0.wp.com\/patrimoine-avesnois.fr\/fontaines\/wp-content\/uploads\/2021\/07\/Fontaine-du-Pont-dArcole-Saint-Hilaire-sur-Helpe-1.webp?resize=300%2C225&amp;ssl=1 300w, https:\/\/i0.wp.com\/patrimoine-avesnois.fr\/fontaines\/wp-content\/uploads\/2021\/07\/Fontaine-du-Pont-dArcole-Saint-Hilaire-sur-Helpe-1.webp?resize=768%2C576&amp;ssl=1 768w\" sizes=\"auto, (max-width: 709px) 85vw, (max-width: 909px) 67vw, (max-width: 1362px) 62vw, 840px\" \/><figcaption><a href=\"https:\/\/www.google.com\/maps\/@50.1504257,3.9277734,3a,75y,321.03h,88.04t\/data=!3m6!1e1!3m4!1sjBe6XjGPtNP4vTAMnNxIaA!2e0!7i13312!8i6656?hl=fr\" target=\"_blank\" rel=\"noreferrer noopener\">Les Gripettes<\/a><\/figcaption><\/figure><\/div>\n\n\n\n<p class=\"has-text-align-center\">***<\/p>\n\n\n\n<p><strong><em>Fontaines de la Chauss\u00e9e Brunehaut<\/em><\/strong><\/p>\n\n\n\n<div class=\"wp-block-image\"><figure class=\"aligncenter\"><img decoding=\"async\" src=\"https:\/\/i1.wp.com\/patrimoine-avesnois.fr\/chemin\/wp-content\/uploads\/2021\/07\/Fontaine-40.jpg?resize=748%2C561\" alt=\"\" class=\"wp-image-14171\"\/><figcaption>Fontaine Chauss\u00e9e Brunehaut Saint-Hilaire-sur-Helpe Cadastre 1939 ADN P 31 \/ 772 <a rel=\"noreferrer noopener\" href=\"https:\/\/archivesdepartementales.lenord.fr\/ark:\/33518\/5l2rshx1jw6m\/ea277422-44f6-4954-8234-d3133f95c0e6\" target=\"_blank\">Vue 40\/43<\/a><\/figcaption><\/figure><\/div>\n\n\n\n<div class=\"wp-block-image\"><figure class=\"aligncenter size-full\"><img data-recalc-dims=\"1\" loading=\"lazy\" decoding=\"async\" width=\"840\" height=\"633\" src=\"https:\/\/i0.wp.com\/patrimoine-avesnois.fr\/fontaines\/wp-content\/uploads\/2021\/07\/Fontaine-Chaussee-Brunehaut-Saint-Hilaire-sur-Helpe.webp?resize=840%2C633&#038;ssl=1\" alt=\"\" class=\"wp-image-1115\" srcset=\"https:\/\/i0.wp.com\/patrimoine-avesnois.fr\/fontaines\/wp-content\/uploads\/2021\/07\/Fontaine-Chaussee-Brunehaut-Saint-Hilaire-sur-Helpe.webp?w=840&amp;ssl=1 840w, https:\/\/i0.wp.com\/patrimoine-avesnois.fr\/fontaines\/wp-content\/uploads\/2021\/07\/Fontaine-Chaussee-Brunehaut-Saint-Hilaire-sur-Helpe.webp?resize=300%2C226&amp;ssl=1 300w, https:\/\/i0.wp.com\/patrimoine-avesnois.fr\/fontaines\/wp-content\/uploads\/2021\/07\/Fontaine-Chaussee-Brunehaut-Saint-Hilaire-sur-Helpe.webp?resize=768%2C579&amp;ssl=1 768w\" sizes=\"auto, (max-width: 709px) 85vw, (max-width: 909px) 67vw, (max-width: 1362px) 62vw, 840px\" \/><figcaption>Fontaine <a href=\"https:\/\/www.google.com\/maps\/@50.1214601,3.8941404,3a,90y,219.29h,78.89t\/data=!3m6!1e1!3m4!1s7Sz8HjyovPbsdJ9TDdH1vA!2e0!7i16384!8i8192?hl=fr\" target=\"_blank\" rel=\"noreferrer noopener\">Chauss\u00e9e Brunehaut<\/a><\/figcaption><\/figure><\/div>\n\n\n\n<p class=\"has-text-align-center\">**<\/p>\n\n\n\n<div class=\"wp-block-image\"><figure class=\"aligncenter\"><img decoding=\"async\" src=\"https:\/\/i2.wp.com\/patrimoine-avesnois.fr\/chemin\/wp-content\/uploads\/2021\/07\/Fontaine-42b.jpg?resize=750%2C562\" alt=\"\" class=\"wp-image-14175\"\/><figcaption>Fontaine Saint-Hilaire-sur-Helpe Cadastre 1939 ADN P 31 \/ 772 <a href=\"https:\/\/archivesdepartementales.lenord.fr\/ark:\/33518\/5l2rshx1jw6m\/eef25390-006e-4edb-8a19-98dbfb3c549d\" target=\"_blank\" rel=\"noreferrer noopener\">Vue 42\/43<\/a><\/figcaption><\/figure><\/div>\n\n\n\n<div class=\"wp-block-image\"><figure class=\"aligncenter size-full\"><img data-recalc-dims=\"1\" loading=\"lazy\" decoding=\"async\" width=\"840\" height=\"630\" src=\"https:\/\/i0.wp.com\/patrimoine-avesnois.fr\/fontaines\/wp-content\/uploads\/2021\/07\/Fontaine-Entree-Chaussee-Brunehaut-Saint-Hilaire-sur-Helpe.webp?resize=840%2C630&#038;ssl=1\" alt=\"\" class=\"wp-image-1116\" srcset=\"https:\/\/i0.wp.com\/patrimoine-avesnois.fr\/fontaines\/wp-content\/uploads\/2021\/07\/Fontaine-Entree-Chaussee-Brunehaut-Saint-Hilaire-sur-Helpe.webp?w=840&amp;ssl=1 840w, https:\/\/i0.wp.com\/patrimoine-avesnois.fr\/fontaines\/wp-content\/uploads\/2021\/07\/Fontaine-Entree-Chaussee-Brunehaut-Saint-Hilaire-sur-Helpe.webp?resize=300%2C225&amp;ssl=1 300w, https:\/\/i0.wp.com\/patrimoine-avesnois.fr\/fontaines\/wp-content\/uploads\/2021\/07\/Fontaine-Entree-Chaussee-Brunehaut-Saint-Hilaire-sur-Helpe.webp?resize=768%2C576&amp;ssl=1 768w\" sizes=\"auto, (max-width: 709px) 85vw, (max-width: 909px) 67vw, (max-width: 1362px) 62vw, 840px\" \/><figcaption>Fontaine A l\u2019entr\u00e9e de la <a href=\"https:\/\/www.google.com\/maps\/@50.1224945,3.8936775,3a,30y,180.49h,88.21t\/data=!3m6!1e1!3m4!1snAbZLmOSt_c-Wqm567QECw!2e0!7i16384!8i8192?hl=fr\" target=\"_blank\" rel=\"noreferrer noopener\">Chauss\u00e9e Brunehaut<\/a><\/figcaption><\/figure><\/div>\n","protected":false},"excerpt":{"rendered":"<p>Saint-Hilaire-sur-Helpe est le village qui disposait le plus de fontaines : une douzaine dont un lavoir. Certaines \u00e9taient am\u00e9nag\u00e9es soit au bord de la rivi\u00e8re de l\u2019Helpe Majeure, soit le long du ruisseau de la Cressonni\u00e8re ou bien encore de celui de la Croisette. D\u2019autres servaient de point d\u2019eau pour des fermes. Enfin des fontaines &hellip; <a href=\"https:\/\/patrimoine-avesnois.fr\/fontaines\/saint-hilaire-sur-helpe-douze-fontaines\/\" class=\"more-link\">Continuer la lecture<span class=\"screen-reader-text\"> de &laquo;&nbsp;Saint-Hilaire-sur-Helpe : douze fontaines volatilis\u00e9es  (Belle Fontaine, l&rsquo;Ermitage, la ferme du cur\u00e9, la Carpette, la Cressonni\u00e8re, les Warennes, les Hayettes, le pont Arcole&#8230;)&nbsp;&raquo;<\/span><\/a><\/p>\n","protected":false},"author":2,"featured_media":0,"parent":0,"menu_order":0,"comment_status":"closed","ping_status":"closed","template":"","meta":{"footnotes":""},"class_list":["post-437","page","type-page","status-publish","hentry"],"jetpack_sharing_enabled":true,"_links":{"self":[{"href":"https:\/\/patrimoine-avesnois.fr\/fontaines\/wp-json\/wp\/v2\/pages\/437","targetHints":{"allow":["GET"]}}],"collection":[{"href":"https:\/\/patrimoine-avesnois.fr\/fontaines\/wp-json\/wp\/v2\/pages"}],"about":[{"href":"https:\/\/patrimoine-avesnois.fr\/fontaines\/wp-json\/wp\/v2\/types\/page"}],"author":[{"embeddable":true,"href":"https:\/\/patrimoine-avesnois.fr\/fontaines\/wp-json\/wp\/v2\/users\/2"}],"replies":[{"embeddable":true,"href":"https:\/\/patrimoine-avesnois.fr\/fontaines\/wp-json\/wp\/v2\/comments?post=437"}],"version-history":[{"count":11,"href":"https:\/\/patrimoine-avesnois.fr\/fontaines\/wp-json\/wp\/v2\/pages\/437\/revisions"}],"predecessor-version":[{"id":1117,"href":"https:\/\/patrimoine-avesnois.fr\/fontaines\/wp-json\/wp\/v2\/pages\/437\/revisions\/1117"}],"wp:attachment":[{"href":"https:\/\/patrimoine-avesnois.fr\/fontaines\/wp-json\/wp\/v2\/media?parent=437"}],"curies":[{"name":"wp","href":"https:\/\/api.w.org\/{rel}","templated":true}]}}