{"id":537,"date":"2021-07-17T22:27:53","date_gmt":"2021-07-17T20:27:53","guid":{"rendered":"https:\/\/patrimoine-avesnois.fr\/fontaines\/?page_id=537"},"modified":"2023-05-15T19:15:21","modified_gmt":"2023-05-15T17:15:21","slug":"sepmeries-la-fontaine-actuelle-eugenie-les-fontaines-huquenie-et-de-lhirondelle-disparues-labreuvoir-devenu-rond-point","status":"publish","type":"page","link":"https:\/\/patrimoine-avesnois.fr\/fontaines\/sepmeries-la-fontaine-actuelle-eugenie-les-fontaines-huquenie-et-de-lhirondelle-disparues-labreuvoir-devenu-rond-point\/","title":{"rendered":"Sepmeries : les fontaines Eug\u00e9nie, Huquenie et de l&rsquo;Hirondelle, la Belle fontaine disparue, l&rsquo;abreuvoir devenu rond-point"},"content":{"rendered":"<div class=\"wp-block-image\">\n<figure class=\"aligncenter\"><img decoding=\"async\" src=\"https:\/\/i0.wp.com\/patrimoine-avesnois.fr\/chemin\/wp-content\/uploads\/2021\/07\/Capturesepm2.jpg?resize=630%2C471\" alt=\"\" class=\"wp-image-14241\"\/><figcaption class=\"wp-element-caption\">Fontaine Hucqueni Sepmeries Cadastre 1826 ADN P 31 \/ 781 <a href=\"https:\/\/archivesdepartementales.lenord.fr\/ark:\/33518\/mshqg9308vpb\/b385d452-65e3-4154-bbef-6b6e12942979\" target=\"_blank\" rel=\"noreferrer noopener\">Vue 2\/11<\/a><\/figcaption><\/figure>\n<\/div>\n\n<div class=\"wp-block-image\">\n<figure class=\"aligncenter\"><img decoding=\"async\" src=\"https:\/\/i2.wp.com\/patrimoine-avesnois.fr\/chemin\/wp-content\/uploads\/2021\/07\/CaptureSEPM7.jpg?resize=630%2C471\" alt=\"\" class=\"wp-image-14242\"\/><figcaption class=\"wp-element-caption\">Fontaine Huquenie Sepmeries Cadastre 1898 ADN P 31 \/ 781 <a rel=\"noreferrer noopener\" href=\"https:\/\/archivesdepartementales.lenord.fr\/ark:\/33518\/mshqg9308vpb\/933976fc-590c-489d-9193-3f4a30564a96\" target=\"_blank\">Vue 7\/11<\/a><\/figcaption><\/figure>\n<\/div>\n\n\n<p>La fontaine Hucquenie situ\u00e9e au sud du village alimentait en partie avec le ruisseau des Pr\u00e9chelles et le Rogneau l&rsquo;aqueduc romain de Famars  (<a rel=\"noreferrer noopener\" href=\"https:\/\/www.persee.fr\/doc\/rnord_0035-2624_1960_num_42_168_2376\" data-type=\"URL\" data-id=\"https:\/\/www.persee.fr\/doc\/rnord_0035-2624_1960_num_42_168_2376\" target=\"_blank\">Revue du Nord <\/a>1960 Pers\u00e9e page 359). Elle \u00e9tait encore utilis\u00e9e dans les ann\u00e9es 1990 comme source d&rsquo;eau potable.<\/p>\n\n\n<div class=\"wp-block-image\">\n<figure class=\"aligncenter\"><img decoding=\"async\" src=\"https:\/\/i0.wp.com\/patrimoine-avesnois.fr\/chemin\/wp-content\/uploads\/2021\/07\/Capture-31.jpg?resize=760%2C460\" alt=\"\" class=\"wp-image-14249\"\/><figcaption class=\"wp-element-caption\">Fontaine Huquenie (Source \u00e0 droite) et Fontaine Eug\u00e9nie (\u00e0 gauche du plan) Sepmeries Cadastre 1898 ADN P 31 \/ 781 <a rel=\"noreferrer noopener\" href=\"https:\/\/archivesdepartementales.lenord.fr\/ark:\/33518\/mshqg9308vpb\/933976fc-590c-489d-9193-3f4a30564a96\" target=\"_blank\">Vue 7\/11<\/a><\/figcaption><\/figure>\n<\/div>\n\n<div class=\"wp-block-image\">\n<figure class=\"aligncenter size-full\"><img data-recalc-dims=\"1\" loading=\"lazy\" decoding=\"async\" width=\"683\" height=\"511\" src=\"https:\/\/i0.wp.com\/patrimoine-avesnois.fr\/fontaines\/wp-content\/uploads\/2021\/07\/fontaines-Hucqueni-et-Eugenie-Sepmeries.webp?resize=683%2C511&#038;ssl=1\" alt=\"\" class=\"wp-image-1093\" srcset=\"https:\/\/i0.wp.com\/patrimoine-avesnois.fr\/fontaines\/wp-content\/uploads\/2021\/07\/fontaines-Hucqueni-et-Eugenie-Sepmeries.webp?w=683&amp;ssl=1 683w, https:\/\/i0.wp.com\/patrimoine-avesnois.fr\/fontaines\/wp-content\/uploads\/2021\/07\/fontaines-Hucqueni-et-Eugenie-Sepmeries.webp?resize=300%2C224&amp;ssl=1 300w\" sizes=\"auto, (max-width: 683px) 85vw, 683px\" \/><figcaption class=\"wp-element-caption\"><a href=\"https:\/\/www.nord.gouv.fr\/content\/download\/30223\/220039\/file\/CARTE_HISTO_SEPMERIES_V0.1.pdf\" target=\"_blank\" rel=\"noreferrer noopener\">Cartographie Sepmeries<\/a><\/figcaption><\/figure>\n<\/div>\n\n<div class=\"wp-block-image\">\n<figure class=\"aligncenter size-full\"><img data-recalc-dims=\"1\" loading=\"lazy\" decoding=\"async\" width=\"760\" height=\"561\" src=\"https:\/\/i0.wp.com\/patrimoine-avesnois.fr\/fontaines\/wp-content\/uploads\/2021\/07\/Fontaine-Eugenie-Sepmeries.webp?resize=760%2C561&#038;ssl=1\" alt=\"\" class=\"wp-image-1091\" srcset=\"https:\/\/i0.wp.com\/patrimoine-avesnois.fr\/fontaines\/wp-content\/uploads\/2021\/07\/Fontaine-Eugenie-Sepmeries.webp?w=760&amp;ssl=1 760w, https:\/\/i0.wp.com\/patrimoine-avesnois.fr\/fontaines\/wp-content\/uploads\/2021\/07\/Fontaine-Eugenie-Sepmeries.webp?resize=300%2C221&amp;ssl=1 300w\" sizes=\"auto, (max-width: 760px) 85vw, 760px\" \/><figcaption class=\"wp-element-caption\">Fontaine Eug\u00e9nie du nom du ruisseau Sepmeries <a rel=\"noreferrer noopener\" href=\"https:\/\/www.google.fr\/maps\/@50.2803829,3.5647531,3a,51.7y,156.86h,72.85t\/data=!3m6!1e1!3m4!1sDYK0SId_8ASHA8HEj6Bahg!2e0!7i13312!8i6656\" target=\"_blank\">Rue Cambr\u00e9sienne<\/a> Photo Mairie<\/figcaption><\/figure>\n<\/div>\n\n\n<p class=\"has-text-align-center\">***<\/p>\n\n\n<div class=\"wp-block-image\">\n<figure class=\"aligncenter\"><img decoding=\"async\" src=\"https:\/\/i1.wp.com\/patrimoine-avesnois.fr\/chemin\/wp-content\/uploads\/2021\/07\/CaptureSEPM2B.jpg?resize=630%2C471\" alt=\"\" class=\"wp-image-14243\"\/><figcaption class=\"wp-element-caption\">Fontaine de l\u2019Hirondelle Sepmeries Cadastre 1826 ADN P 31 \/ 781 <a rel=\"noreferrer noopener\" href=\"https:\/\/archivesdepartementales.lenord.fr\/ark:\/33518\/mshqg9308vpb\/b385d452-65e3-4154-bbef-6b6e12942979\" target=\"_blank\">Vue 2\/11<\/a><\/figcaption><\/figure>\n<\/div>\n\n<div class=\"wp-block-image\">\n<figure class=\"aligncenter size-full is-resized\"><img data-recalc-dims=\"1\" loading=\"lazy\" decoding=\"async\" src=\"https:\/\/i0.wp.com\/patrimoine-avesnois.fr\/fontaines\/wp-content\/uploads\/2022\/01\/image-15.png?resize=672%2C408&#038;ssl=1\" alt=\"\" class=\"wp-image-1703\" width=\"672\" height=\"408\" srcset=\"https:\/\/i0.wp.com\/patrimoine-avesnois.fr\/fontaines\/wp-content\/uploads\/2022\/01\/image-15.png?w=663&amp;ssl=1 663w, https:\/\/i0.wp.com\/patrimoine-avesnois.fr\/fontaines\/wp-content\/uploads\/2022\/01\/image-15.png?resize=300%2C182&amp;ssl=1 300w\" sizes=\"auto, (max-width: 672px) 85vw, 672px\" \/><figcaption class=\"wp-element-caption\"> Emplacement de l\u2019ancienne Fontaine de l\u2019Hirondelle Sepmeries devenue un \u00e9tang  <a rel=\"noreferrer noopener\" href=\"https:\/\/www.google.fr\/maps\/place\/Sepmeries\/@50.2859827,3.5677092,682m\/data=!3m1!1e3!4m5!3m4!1s0x47c28d41485e7aff:0x40af13e81645670!8m2!3d50.2773759!4d3.560174\" target=\"_blank\">Vue satellite Google<\/a> <\/figcaption><\/figure>\n<\/div>\n\n\n<p>Une Fontaine au lieu-dit Les Marais les Cailloux donnait naissance \u00e0 un ru qui se jetait apr\u00e8s quelques m\u00e9andres dans le ruisseau du Mortry appel\u00e9 en amont le ruisseau du Quesnoy. Il porte de nos jours le nom de ruisseau de l\u2019Hirondelle.<\/p>\n\n\n\n<p class=\"has-text-align-center\">***<\/p>\n\n\n<div class=\"wp-block-image\">\n<figure class=\"aligncenter\"><img decoding=\"async\" src=\"https:\/\/i1.wp.com\/patrimoine-avesnois.fr\/chemin\/wp-content\/uploads\/2021\/07\/CaptureSEPM6.jpg?resize=630%2C471\" alt=\"\" class=\"wp-image-14244\"\/><figcaption class=\"wp-element-caption\">La Belle Fontaine Sepmeries Cadastre 1898 ADN P 31 \/ 781 <a rel=\"noreferrer noopener\" href=\"https:\/\/archivesdepartementales.lenord.fr\/ark:\/33518\/mshqg9308vpb\/1155e39c-60c8-419d-9d56-d69c9ad568f4\" target=\"_blank\">Vue 6\/11<\/a><\/figcaption><\/figure>\n<\/div>\n\n<div class=\"wp-block-image\">\n<figure class=\"aligncenter size-full\"><img data-recalc-dims=\"1\" loading=\"lazy\" decoding=\"async\" width=\"760\" height=\"565\" src=\"https:\/\/i0.wp.com\/patrimoine-avesnois.fr\/fontaines\/wp-content\/uploads\/2021\/07\/Belle-Fontaine-Sepmeries.webp?resize=760%2C565&#038;ssl=1\" alt=\"\" class=\"wp-image-1095\" srcset=\"https:\/\/i0.wp.com\/patrimoine-avesnois.fr\/fontaines\/wp-content\/uploads\/2021\/07\/Belle-Fontaine-Sepmeries.webp?w=760&amp;ssl=1 760w, https:\/\/i0.wp.com\/patrimoine-avesnois.fr\/fontaines\/wp-content\/uploads\/2021\/07\/Belle-Fontaine-Sepmeries.webp?resize=300%2C223&amp;ssl=1 300w\" sizes=\"auto, (max-width: 760px) 85vw, 760px\" \/><figcaption class=\"wp-element-caption\">Emplacement de l\u2019ancienne Belle Fontaine Rue Sauti\u00e8re X Rue Mortiers <a href=\"https:\/\/www.google.fr\/maps\/@50.2831807,3.5610913,128m\/data=!3m1!1e3\" target=\"_blank\" rel=\"noreferrer noopener\">Vue satellite Google<\/a><\/figcaption><\/figure>\n<\/div>\n\n\n<p class=\"has-text-align-center\">***<\/p>\n\n\n<div class=\"wp-block-image\">\n<figure class=\"aligncenter\"><img decoding=\"async\" src=\"https:\/\/i2.wp.com\/patrimoine-avesnois.fr\/chemin\/wp-content\/uploads\/2021\/07\/image-30.png?resize=630%2C492\" alt=\"\" class=\"wp-image-14259\"\/><figcaption class=\"wp-element-caption\">L\u2019Abreuvoir de Sepmeries Cadastre 1898 ADN P 31 \/ 781 <a rel=\"noreferrer noopener\" href=\"https:\/\/archivesdepartementales.lenord.fr\/ark:\/33518\/mshqg9308vpb\/1155e39c-60c8-419d-9d56-d69c9ad568f4\" target=\"_blank\">Vue 6\/11<\/a><\/figcaption><\/figure>\n<\/div>\n\n<div class=\"wp-block-image\">\n<figure class=\"aligncenter size-full\"><img data-recalc-dims=\"1\" loading=\"lazy\" decoding=\"async\" width=\"840\" height=\"536\" src=\"https:\/\/i0.wp.com\/patrimoine-avesnois.fr\/fontaines\/wp-content\/uploads\/2021\/07\/abreuvoir-de-Sepmeries.webp?resize=840%2C536&#038;ssl=1\" alt=\"\" class=\"wp-image-1096\" srcset=\"https:\/\/i0.wp.com\/patrimoine-avesnois.fr\/fontaines\/wp-content\/uploads\/2021\/07\/abreuvoir-de-Sepmeries.webp?w=840&amp;ssl=1 840w, https:\/\/i0.wp.com\/patrimoine-avesnois.fr\/fontaines\/wp-content\/uploads\/2021\/07\/abreuvoir-de-Sepmeries.webp?resize=300%2C191&amp;ssl=1 300w, https:\/\/i0.wp.com\/patrimoine-avesnois.fr\/fontaines\/wp-content\/uploads\/2021\/07\/abreuvoir-de-Sepmeries.webp?resize=768%2C490&amp;ssl=1 768w\" sizes=\"auto, (max-width: 709px) 85vw, (max-width: 909px) 67vw, (max-width: 1362px) 62vw, 840px\" \/><figcaption class=\"wp-element-caption\">L\u2019abreuvoir de Sepmeries<\/figcaption><\/figure>\n<\/div>\n\n<div class=\"wp-block-image\">\n<figure class=\"aligncenter size-full is-resized\"><img data-recalc-dims=\"1\" loading=\"lazy\" decoding=\"async\" src=\"https:\/\/i0.wp.com\/patrimoine-avesnois.fr\/fontaines\/wp-content\/uploads\/2021\/07\/abreuvoir-de-Sepmeries.png?resize=840%2C455&#038;ssl=1\" alt=\"\" class=\"wp-image-1097\" width=\"840\" height=\"455\" srcset=\"https:\/\/i0.wp.com\/patrimoine-avesnois.fr\/fontaines\/wp-content\/uploads\/2021\/07\/abreuvoir-de-Sepmeries.png?w=1015&amp;ssl=1 1015w, https:\/\/i0.wp.com\/patrimoine-avesnois.fr\/fontaines\/wp-content\/uploads\/2021\/07\/abreuvoir-de-Sepmeries.png?resize=300%2C162&amp;ssl=1 300w, https:\/\/i0.wp.com\/patrimoine-avesnois.fr\/fontaines\/wp-content\/uploads\/2021\/07\/abreuvoir-de-Sepmeries.png?resize=768%2C415&amp;ssl=1 768w\" sizes=\"auto, (max-width: 709px) 85vw, (max-width: 909px) 67vw, (max-width: 1362px) 62vw, 840px\" \/><figcaption class=\"wp-element-caption\">Emplacement de l&rsquo;ancien abreuvoir<\/figcaption><\/figure>\n<\/div>\n\n\n<p>Il y eu en 1929 le projet non abouti de construire un nouvel abreuvoir (ADN 2O\/563\/73).<\/p>\n","protected":false},"excerpt":{"rendered":"<p>La fontaine Hucquenie situ\u00e9e au sud du village alimentait en partie avec le ruisseau des Pr\u00e9chelles et le Rogneau l&rsquo;aqueduc romain de Famars (Revue du Nord 1960 Pers\u00e9e page 359). Elle \u00e9tait encore utilis\u00e9e dans les ann\u00e9es 1990 comme source d&rsquo;eau potable. *** Une Fontaine au lieu-dit Les Marais les Cailloux donnait naissance \u00e0 un &hellip; <a href=\"https:\/\/patrimoine-avesnois.fr\/fontaines\/sepmeries-la-fontaine-actuelle-eugenie-les-fontaines-huquenie-et-de-lhirondelle-disparues-labreuvoir-devenu-rond-point\/\" class=\"more-link\">Continuer la lecture<span class=\"screen-reader-text\"> de &laquo;&nbsp;Sepmeries : les fontaines Eug\u00e9nie, Huquenie et de l&rsquo;Hirondelle, la Belle fontaine disparue, l&rsquo;abreuvoir devenu rond-point&nbsp;&raquo;<\/span><\/a><\/p>\n","protected":false},"author":2,"featured_media":0,"parent":0,"menu_order":0,"comment_status":"closed","ping_status":"closed","template":"","meta":{"footnotes":""},"class_list":["post-537","page","type-page","status-publish","hentry"],"jetpack_sharing_enabled":true,"_links":{"self":[{"href":"https:\/\/patrimoine-avesnois.fr\/fontaines\/wp-json\/wp\/v2\/pages\/537","targetHints":{"allow":["GET"]}}],"collection":[{"href":"https:\/\/patrimoine-avesnois.fr\/fontaines\/wp-json\/wp\/v2\/pages"}],"about":[{"href":"https:\/\/patrimoine-avesnois.fr\/fontaines\/wp-json\/wp\/v2\/types\/page"}],"author":[{"embeddable":true,"href":"https:\/\/patrimoine-avesnois.fr\/fontaines\/wp-json\/wp\/v2\/users\/2"}],"replies":[{"embeddable":true,"href":"https:\/\/patrimoine-avesnois.fr\/fontaines\/wp-json\/wp\/v2\/comments?post=537"}],"version-history":[{"count":9,"href":"https:\/\/patrimoine-avesnois.fr\/fontaines\/wp-json\/wp\/v2\/pages\/537\/revisions"}],"predecessor-version":[{"id":1944,"href":"https:\/\/patrimoine-avesnois.fr\/fontaines\/wp-json\/wp\/v2\/pages\/537\/revisions\/1944"}],"wp:attachment":[{"href":"https:\/\/patrimoine-avesnois.fr\/fontaines\/wp-json\/wp\/v2\/media?parent=537"}],"curies":[{"name":"wp","href":"https:\/\/api.w.org\/{rel}","templated":true}]}}