{"id":584,"date":"2021-07-20T11:55:53","date_gmt":"2021-07-20T09:55:53","guid":{"rendered":"https:\/\/patrimoine-avesnois.fr\/fontaines\/?page_id=584"},"modified":"2023-05-15T19:39:57","modified_gmt":"2023-05-15T17:39:57","slug":"trelon-la-fontaine-lavoir-du-bourg-les-fontaines-du-rond-de-bois-la-fontaine-de-la-chapelle-ste-hiltrude","status":"publish","type":"page","link":"https:\/\/patrimoine-avesnois.fr\/fontaines\/trelon-la-fontaine-lavoir-du-bourg-les-fontaines-du-rond-de-bois-la-fontaine-de-la-chapelle-ste-hiltrude\/","title":{"rendered":"Tr\u00e9lon : la fontaine lavoir du Bourg, les fontaines du Rond de Bois, la fontaine de la chapelle Ste Hiltrude, l&rsquo;abreuvoir Ansiau"},"content":{"rendered":"<div class=\"wp-block-image\">\n<figure class=\"aligncenter\"><img decoding=\"async\" src=\"https:\/\/i0.wp.com\/patrimoine-avesnois.fr\/chemin\/wp-content\/uploads\/2021\/07\/CaptureTRELON11.jpg?resize=640%2C479\" alt=\"\" class=\"wp-image-14323\"\/><figcaption class=\"wp-element-caption\">Fontaine du Bourg Cadastre Tr\u00e9lon 1822 ADN P 31 \/ 786 <a rel=\"noreferrer noopener\" href=\"https:\/\/archivesdepartementales.lenord.fr\/ark:\/33518\/jvtb8kg7sxlz\/c08f0674-e651-4836-a662-37399d11dfbe\" target=\"_blank\">Vue 11\/39<\/a><\/figcaption><\/figure>\n<\/div>\n\n\n<p>Des r\u00e9parations de la fontaine et du lavoir  furent entreprises entre 1810 et 1893 (ADN 2O\/599\/114) et on empierra la rue de la Fontaine en 1847.<\/p>\n\n\n<div class=\"wp-block-image\">\n<figure class=\"aligncenter\"><img decoding=\"async\" src=\"https:\/\/i2.wp.com\/patrimoine-avesnois.fr\/chemin\/wp-content\/uploads\/2021\/07\/CaptureTRELON38.jpg?resize=640%2C481\" alt=\"L\u2019attribut alt de cette image est vide, son nom de fichier est CaptureTRELON38.jpg.\"\/><figcaption class=\"wp-element-caption\">Fontaine du Bourg Cadastre Tr\u00e9lon 1882 ADN P 31 \/ 786 <a rel=\"noreferrer noopener\" href=\"https:\/\/archivesdepartementales.lenord.fr\/ark:\/33518\/jvtb8kg7sxlz\/11d892be-cfd5-426d-a31a-11cb3fbc6d41\" target=\"_blank\">Vue 38\/39<\/a><\/figcaption><\/figure>\n<\/div>\n\n<div class=\"wp-block-image\">\n<figure class=\"aligncenter size-full\"><img data-recalc-dims=\"1\" loading=\"lazy\" decoding=\"async\" width=\"733\" height=\"467\" src=\"https:\/\/i0.wp.com\/patrimoine-avesnois.fr\/fontaines\/wp-content\/uploads\/2021\/07\/lavoir-Trelon.webp?resize=733%2C467&#038;ssl=1\" alt=\"\" class=\"wp-image-1040\" srcset=\"https:\/\/i0.wp.com\/patrimoine-avesnois.fr\/fontaines\/wp-content\/uploads\/2021\/07\/lavoir-Trelon.webp?w=733&amp;ssl=1 733w, https:\/\/i0.wp.com\/patrimoine-avesnois.fr\/fontaines\/wp-content\/uploads\/2021\/07\/lavoir-Trelon.webp?resize=300%2C191&amp;ssl=1 300w\" sizes=\"auto, (max-width: 733px) 85vw, 733px\" \/><figcaption class=\"wp-element-caption\">Fontaine du Bourg am\u00e9nag\u00e9e en lavoir<\/figcaption><\/figure>\n<\/div>\n\n<div class=\"wp-block-image\">\n<figure class=\"aligncenter\"><img decoding=\"async\" src=\"https:\/\/i1.wp.com\/patrimoine-avesnois.fr\/chemin\/wp-content\/uploads\/2021\/07\/image-38.png?resize=733%2C475\" alt=\"\" class=\"wp-image-14346\"\/><figcaption class=\"wp-element-caption\">Le Lavoir : b\u00e2timent avec sa toiture en t\u00f4les<\/figcaption><\/figure>\n<\/div>\n\n<div class=\"wp-block-image\">\n<figure class=\"aligncenter size-full\"><img data-recalc-dims=\"1\" loading=\"lazy\" decoding=\"async\" width=\"444\" height=\"615\" src=\"https:\/\/i0.wp.com\/patrimoine-avesnois.fr\/fontaines\/wp-content\/uploads\/2021\/07\/lavoir-Anor.webp?resize=444%2C615&#038;ssl=1\" alt=\"\" class=\"wp-image-1035\" srcset=\"https:\/\/i0.wp.com\/patrimoine-avesnois.fr\/fontaines\/wp-content\/uploads\/2021\/07\/lavoir-Anor.webp?w=444&amp;ssl=1 444w, https:\/\/i0.wp.com\/patrimoine-avesnois.fr\/fontaines\/wp-content\/uploads\/2021\/07\/lavoir-Anor.webp?resize=217%2C300&amp;ssl=1 217w\" sizes=\"auto, (max-width: 444px) 85vw, 444px\" \/><figcaption class=\"wp-element-caption\">Emplacement de l\u2019ancien lavoir Anor <a rel=\"noreferrer noopener\" href=\"https:\/\/www.google.fr\/maps\/@50.0595321,4.1013767,3a,37.5y,345.63h,78.58t\/data=!3m6!1e1!3m4!1sm7JZl5Orxsy8iylBGffMfA!2e0!7i16384!8i8192\" target=\"_blank\">Rue Fran\u00e7ois Ansieau<\/a><\/figcaption><\/figure>\n<\/div>\n\n\n<p class=\"has-text-align-center\">***<\/p>\n\n\n<div class=\"wp-block-image\">\n<figure class=\"aligncenter\"><img decoding=\"async\" src=\"https:\/\/i2.wp.com\/patrimoine-avesnois.fr\/chemin\/wp-content\/uploads\/2021\/07\/CaptureTRELON2.jpg?resize=640%2C481\" alt=\"\" class=\"wp-image-14321\"\/><figcaption class=\"wp-element-caption\">Fontaine du Rond Cadastre Tr\u00e9lon 1822 ADN P 31 \/ 786 <a rel=\"noreferrer noopener\" href=\"https:\/\/archivesdepartementales.lenord.fr\/ark:\/33518\/jvtb8kg7sxlz\/944294e7-dc4d-4f2c-a280-fbed60dafb5b\" target=\"_blank\">Vue 2\/39<\/a><\/figcaption><\/figure>\n<\/div>\n\n<div class=\"wp-block-image\">\n<figure class=\"aligncenter\"><img decoding=\"async\" src=\"https:\/\/i2.wp.com\/patrimoine-avesnois.fr\/chemin\/wp-content\/uploads\/2021\/07\/CaptureTRELON12.jpg?resize=640%2C478\" alt=\"\" class=\"wp-image-14325\"\/><figcaption class=\"wp-element-caption\">Fontaines du Rond de Bois Cadastre Tr\u00e9lon 1822 ADN P 31 \/ 786 <a rel=\"noreferrer noopener\" href=\"https:\/\/archivesdepartementales.lenord.fr\/ark:\/33518\/jvtb8kg7sxlz\/c03d2278-6d31-49f0-90cc-250f50a2142e\" target=\"_blank\">Vue 12\/39<\/a><\/figcaption><\/figure>\n<\/div>\n\n<div class=\"wp-block-image\">\n<figure class=\"aligncenter\"><img decoding=\"async\" src=\"https:\/\/i1.wp.com\/patrimoine-avesnois.fr\/chemin\/wp-content\/uploads\/2021\/07\/CaptureTRELON28.jpg?resize=640%2C480\" alt=\"L\u2019attribut alt de cette image est vide, son nom de fichier est CaptureTRELON28.jpg.\"\/><figcaption class=\"wp-element-caption\">Sources du Rond Bois Cadastre Tr\u00e9lon 1882 ADN P 31 \/ 786 <a rel=\"noreferrer noopener\" href=\"https:\/\/archivesdepartementales.lenord.fr\/ark:\/33518\/jvtb8kg7sxlz\/89b87ab3-e175-4a23-be59-6f0a6f31a45c\" target=\"_blank\">Vue 28\/39<\/a><\/figcaption><\/figure>\n<\/div>\n\n<div class=\"wp-block-image\">\n<figure class=\"aligncenter size-full\"><img data-recalc-dims=\"1\" loading=\"lazy\" decoding=\"async\" width=\"837\" height=\"506\" src=\"https:\/\/i0.wp.com\/patrimoine-avesnois.fr\/fontaines\/wp-content\/uploads\/2021\/07\/Fontaine-du-Rond-de-Bois-Trelon.webp?resize=837%2C506&#038;ssl=1\" alt=\"\" class=\"wp-image-1037\" srcset=\"https:\/\/i0.wp.com\/patrimoine-avesnois.fr\/fontaines\/wp-content\/uploads\/2021\/07\/Fontaine-du-Rond-de-Bois-Trelon.webp?w=837&amp;ssl=1 837w, https:\/\/i0.wp.com\/patrimoine-avesnois.fr\/fontaines\/wp-content\/uploads\/2021\/07\/Fontaine-du-Rond-de-Bois-Trelon.webp?resize=300%2C181&amp;ssl=1 300w, https:\/\/i0.wp.com\/patrimoine-avesnois.fr\/fontaines\/wp-content\/uploads\/2021\/07\/Fontaine-du-Rond-de-Bois-Trelon.webp?resize=768%2C464&amp;ssl=1 768w\" sizes=\"auto, (max-width: 837px) 85vw, 837px\" \/><figcaption class=\"wp-element-caption\">Fontaines du Rond de Bois<\/figcaption><\/figure>\n<\/div>\n\n\n<p class=\"has-text-align-center\">***<\/p>\n\n\n<div class=\"wp-block-image\">\n<figure class=\"aligncenter\"><img decoding=\"async\" src=\"https:\/\/i0.wp.com\/patrimoine-avesnois.fr\/chemin\/wp-content\/uploads\/2021\/07\/CaptureTRELON19.jpg?resize=640%2C480\" alt=\"\" class=\"wp-image-14326\"\/><figcaption class=\"wp-element-caption\">Fontaine du Ruisseau Ste Hiltrude Cadastre Tr\u00e9lon 1882 ADN P 31 \/ 786 <a href=\"https:\/\/archivesdepartementales.lenord.fr\/ark:\/33518\/jvtb8kg7sxlz\/98b7b979-af32-4b15-9336-0f944133bc2d\" target=\"_blank\" rel=\"noreferrer noopener\">Vue 19\/36<\/a><\/figcaption><\/figure>\n<\/div>\n\n<div class=\"wp-block-image\">\n<figure class=\"aligncenter size-full\"><img data-recalc-dims=\"1\" loading=\"lazy\" decoding=\"async\" width=\"840\" height=\"571\" src=\"https:\/\/i0.wp.com\/patrimoine-avesnois.fr\/fontaines\/wp-content\/uploads\/2021\/07\/Fontaine-de-la-Chapelle-Ste-Hiltrude-Trelon.webp?resize=840%2C571&#038;ssl=1\" alt=\"\" class=\"wp-image-1038\" srcset=\"https:\/\/i0.wp.com\/patrimoine-avesnois.fr\/fontaines\/wp-content\/uploads\/2021\/07\/Fontaine-de-la-Chapelle-Ste-Hiltrude-Trelon.webp?w=840&amp;ssl=1 840w, https:\/\/i0.wp.com\/patrimoine-avesnois.fr\/fontaines\/wp-content\/uploads\/2021\/07\/Fontaine-de-la-Chapelle-Ste-Hiltrude-Trelon.webp?resize=300%2C204&amp;ssl=1 300w, https:\/\/i0.wp.com\/patrimoine-avesnois.fr\/fontaines\/wp-content\/uploads\/2021\/07\/Fontaine-de-la-Chapelle-Ste-Hiltrude-Trelon.webp?resize=768%2C522&amp;ssl=1 768w\" sizes=\"auto, (max-width: 709px) 85vw, (max-width: 909px) 67vw, (max-width: 1362px) 62vw, 840px\" \/><figcaption class=\"wp-element-caption\">La Source et la Chapelle Ste Hiltrude<\/figcaption><\/figure>\n<\/div>\n\n\n<p>Selon la l\u00e9gende, Ste Hiltrude se serait d\u00e9salt\u00e9r\u00e9e \u00e0 cette source dont les eaux sont sens\u00e9es gu\u00e9rir les fi\u00e8vres.<\/p>\n\n\n\n<p class=\"has-text-align-center\">***<\/p>\n\n\n\n<p>Un ancien abreuvoir du nom de son propri\u00e9taire Ansiau fut supprim\u00e9 entre 1853 et 1855. La commune acheta alors en 1863 un terrain au sieur Meunier pour la construction d&rsquo;un abreuvoir (ADN 2O 599\/116 et 23). Fut il construit ? Rien ne semble l&rsquo;indiquer. <\/p>\n\n\n\n<p class=\"has-text-align-center\">***<\/p>\n\n\n<div class=\"wp-block-image\">\n<figure class=\"aligncenter size-full\"><img data-recalc-dims=\"1\" loading=\"lazy\" decoding=\"async\" width=\"840\" height=\"536\" src=\"https:\/\/i0.wp.com\/patrimoine-avesnois.fr\/fontaines\/wp-content\/uploads\/2021\/07\/Etang-de-la-Fontaine-Trelon.webp?resize=840%2C536&#038;ssl=1\" alt=\"\" class=\"wp-image-1039\" srcset=\"https:\/\/i0.wp.com\/patrimoine-avesnois.fr\/fontaines\/wp-content\/uploads\/2021\/07\/Etang-de-la-Fontaine-Trelon.webp?w=840&amp;ssl=1 840w, https:\/\/i0.wp.com\/patrimoine-avesnois.fr\/fontaines\/wp-content\/uploads\/2021\/07\/Etang-de-la-Fontaine-Trelon.webp?resize=300%2C191&amp;ssl=1 300w, https:\/\/i0.wp.com\/patrimoine-avesnois.fr\/fontaines\/wp-content\/uploads\/2021\/07\/Etang-de-la-Fontaine-Trelon.webp?resize=768%2C490&amp;ssl=1 768w\" sizes=\"auto, (max-width: 709px) 85vw, (max-width: 909px) 67vw, (max-width: 1362px) 62vw, 840px\" \/><\/figure>\n<\/div>","protected":false},"excerpt":{"rendered":"<p>Des r\u00e9parations de la fontaine et du lavoir furent entreprises entre 1810 et 1893 (ADN 2O\/599\/114) et on empierra la rue de la Fontaine en 1847. *** *** Selon la l\u00e9gende, Ste Hiltrude se serait d\u00e9salt\u00e9r\u00e9e \u00e0 cette source dont les eaux sont sens\u00e9es gu\u00e9rir les fi\u00e8vres. *** Un ancien abreuvoir du nom de son &hellip; <a href=\"https:\/\/patrimoine-avesnois.fr\/fontaines\/trelon-la-fontaine-lavoir-du-bourg-les-fontaines-du-rond-de-bois-la-fontaine-de-la-chapelle-ste-hiltrude\/\" class=\"more-link\">Continuer la lecture<span class=\"screen-reader-text\"> de &laquo;&nbsp;Tr\u00e9lon : la fontaine lavoir du Bourg, les fontaines du Rond de Bois, la fontaine de la chapelle Ste Hiltrude, l&rsquo;abreuvoir Ansiau&nbsp;&raquo;<\/span><\/a><\/p>\n","protected":false},"author":2,"featured_media":0,"parent":0,"menu_order":0,"comment_status":"closed","ping_status":"closed","template":"","meta":{"footnotes":""},"class_list":["post-584","page","type-page","status-publish","hentry"],"jetpack_sharing_enabled":true,"_links":{"self":[{"href":"https:\/\/patrimoine-avesnois.fr\/fontaines\/wp-json\/wp\/v2\/pages\/584","targetHints":{"allow":["GET"]}}],"collection":[{"href":"https:\/\/patrimoine-avesnois.fr\/fontaines\/wp-json\/wp\/v2\/pages"}],"about":[{"href":"https:\/\/patrimoine-avesnois.fr\/fontaines\/wp-json\/wp\/v2\/types\/page"}],"author":[{"embeddable":true,"href":"https:\/\/patrimoine-avesnois.fr\/fontaines\/wp-json\/wp\/v2\/users\/2"}],"replies":[{"embeddable":true,"href":"https:\/\/patrimoine-avesnois.fr\/fontaines\/wp-json\/wp\/v2\/comments?post=584"}],"version-history":[{"count":4,"href":"https:\/\/patrimoine-avesnois.fr\/fontaines\/wp-json\/wp\/v2\/pages\/584\/revisions"}],"predecessor-version":[{"id":1947,"href":"https:\/\/patrimoine-avesnois.fr\/fontaines\/wp-json\/wp\/v2\/pages\/584\/revisions\/1947"}],"wp:attachment":[{"href":"https:\/\/patrimoine-avesnois.fr\/fontaines\/wp-json\/wp\/v2\/media?parent=584"}],"curies":[{"name":"wp","href":"https:\/\/api.w.org\/{rel}","templated":true}]}}

Trélon : la fontaine lavoir du Bourg, les fontaines du Rond de Bois, la fontaine de la chapelle Ste Hiltrude, l&rsquo;abreuvoir Ansiau

<div class="wp-block-image">
<figure class="aligncenter"><img decoding="async" src="https://i0.wp.com/patrimoine-avesnois.fr/chemin/wp-content/uploads/2021/07/CaptureTRELON11.jpg?resize=640%2C479" alt="" class="wp-image-14323"/><figcaption class="wp-element-caption">Fontaine du Bourg Cadastre Trélon 1822 ADN P 31 / 786 <a rel="noreferrer noopener" href="https://archivesdepartementales.lenord.fr/ark:/33518/jvtb8kg7sxlz/c08f0674-e651-4836-a662-37399d11dfbe" target="_blank">Vue 11/39</a></figcaption></figure>
</div>


<p>Des réparations de la fontaine et du lavoir  furent entreprises entre 1810 et 1893 (ADN 2O/599/114) et on empierra la rue de la Fontaine en 1847.</p>


<div class="wp-block-image">
<figure class="aligncenter"><img decoding="async" src="https://i2.wp.com/patrimoine-avesnois.fr/chemin/wp-content/uploads/2021/07/CaptureTRELON38.jpg?resize=640%2C481" alt="L’attribut alt de cette image est vide, son nom de fichier est CaptureTRELON38.jpg."/><figcaption class="wp-element-caption">Fontaine du Bourg Cadastre Trélon 1882 ADN P 31 / 786 <a rel="noreferrer noopener" href="https://archivesdepartementales.lenord.fr/ark:/33518/jvtb8kg7sxlz/11d892be-cfd5-426d-a31a-11cb3fbc6d41" target="_blank">Vue 38/39</a></figcaption></figure>
</div>

<div class="wp-block-image">
<figure class="aligncenter size-full"><img data-recalc-dims="1" loading="lazy" decoding="async" width="733" height="467" src="https://i0.wp.com/patrimoine-avesnois.fr/fontaines/wp-content/uploads/2021/07/lavoir-Trelon.webp?resize=733%2C467&#038;ssl=1" alt="" class="wp-image-1040" srcset="https://i0.wp.com/patrimoine-avesnois.fr/fontaines/wp-content/uploads/2021/07/lavoir-Trelon.webp?w=733&amp;ssl=1 733w, https://i0.wp.com/patrimoine-avesnois.fr/fontaines/wp-content/uploads/2021/07/lavoir-Trelon.webp?resize=300%2C191&amp;ssl=1 300w" sizes="auto, (max-width: 733px) 85vw, 733px" /><figcaption class="wp-element-caption">Fontaine du Bourg aménagée en lavoir</figcaption></figure>
</div>

<div class="wp-block-image">
<figure class="aligncenter"><img decoding="async" src="https://i1.wp.com/patrimoine-avesnois.fr/chemin/wp-content/uploads/2021/07/image-38.png?resize=733%2C475" alt="" class="wp-image-14346"/><figcaption class="wp-element-caption">Le Lavoir : bâtiment avec sa toiture en tôles</figcaption></figure>
</div>

<div class="wp-block-image">
<figure class="aligncenter size-full"><img data-recalc-dims="1" loading="lazy" decoding="async" width="444" height="615" src="https://i0.wp.com/patrimoine-avesnois.fr/fontaines/wp-content/uploads/2021/07/lavoir-Anor.webp?resize=444%2C615&#038;ssl=1" alt="" class="wp-image-1035" srcset="https://i0.wp.com/patrimoine-avesnois.fr/fontaines/wp-content/uploads/2021/07/lavoir-Anor.webp?w=444&amp;ssl=1 444w, https://i0.wp.com/patrimoine-avesnois.fr/fontaines/wp-content/uploads/2021/07/lavoir-Anor.webp?resize=217%2C300&amp;ssl=1 217w" sizes="auto, (max-width: 444px) 85vw, 444px" /><figcaption class="wp-element-caption">Emplacement de l’ancien lavoir Anor <a rel="noreferrer noopener" href="https://www.google.fr/maps/@50.0595321,4.1013767,3a,37.5y,345.63h,78.58t/data=!3m6!1e1!3m4!1sm7JZl5Orxsy8iylBGffMfA!2e0!7i16384!8i8192" target="_blank">Rue François Ansieau</a></figcaption></figure>
</div>


<p class="has-text-align-center">***</p>


<div class="wp-block-image">
<figure class="aligncenter"><img decoding="async" src="https://i2.wp.com/patrimoine-avesnois.fr/chemin/wp-content/uploads/2021/07/CaptureTRELON2.jpg?resize=640%2C481" alt="" class="wp-image-14321"/><figcaption class="wp-element-caption">Fontaine du Rond Cadastre Trélon 1822 ADN P 31 / 786 <a rel="noreferrer noopener" href="https://archivesdepartementales.lenord.fr/ark:/33518/jvtb8kg7sxlz/944294e7-dc4d-4f2c-a280-fbed60dafb5b" target="_blank">Vue 2/39</a></figcaption></figure>
</div>

<div class="wp-block-image">
<figure class="aligncenter"><img decoding="async" src="https://i2.wp.com/patrimoine-avesnois.fr/chemin/wp-content/uploads/2021/07/CaptureTRELON12.jpg?resize=640%2C478" alt="" class="wp-image-14325"/><figcaption class="wp-element-caption">Fontaines du Rond de Bois Cadastre Trélon 1822 ADN P 31 / 786 <a rel="noreferrer noopener" href="https://archivesdepartementales.lenord.fr/ark:/33518/jvtb8kg7sxlz/c03d2278-6d31-49f0-90cc-250f50a2142e" target="_blank">Vue 12/39</a></figcaption></figure>
</div>

<div class="wp-block-image">
<figure class="aligncenter"><img decoding="async" src="https://i1.wp.com/patrimoine-avesnois.fr/chemin/wp-content/uploads/2021/07/CaptureTRELON28.jpg?resize=640%2C480" alt="L’attribut alt de cette image est vide, son nom de fichier est CaptureTRELON28.jpg."/><figcaption class="wp-element-caption">Sources du Rond Bois Cadastre Trélon 1882 ADN P 31 / 786 <a rel="noreferrer noopener" href="https://archivesdepartementales.lenord.fr/ark:/33518/jvtb8kg7sxlz/89b87ab3-e175-4a23-be59-6f0a6f31a45c" target="_blank">Vue 28/39</a></figcaption></figure>
</div>

<div class="wp-block-image">
<figure class="aligncenter size-full"><img data-recalc-dims="1" loading="lazy" decoding="async" width="837" height="506" src="https://i0.wp.com/patrimoine-avesnois.fr/fontaines/wp-content/uploads/2021/07/Fontaine-du-Rond-de-Bois-Trelon.webp?resize=837%2C506&#038;ssl=1" alt="" class="wp-image-1037" srcset="https://i0.wp.com/patrimoine-avesnois.fr/fontaines/wp-content/uploads/2021/07/Fontaine-du-Rond-de-Bois-Trelon.webp?w=837&amp;ssl=1 837w, https://i0.wp.com/patrimoine-avesnois.fr/fontaines/wp-content/uploads/2021/07/Fontaine-du-Rond-de-Bois-Trelon.webp?resize=300%2C181&amp;ssl=1 300w, https://i0.wp.com/patrimoine-avesnois.fr/fontaines/wp-content/uploads/2021/07/Fontaine-du-Rond-de-Bois-Trelon.webp?resize=768%2C464&amp;ssl=1 768w" sizes="auto, (max-width: 837px) 85vw, 837px" /><figcaption class="wp-element-caption">Fontaines du Rond de Bois</figcaption></figure>
</div>


<p class="has-text-align-center">***</p>


<div class="wp-block-image">
<figure class="aligncenter"><img decoding="async" src="https://i0.wp.com/patrimoine-avesnois.fr/chemin/wp-content/uploads/2021/07/CaptureTRELON19.jpg?resize=640%2C480" alt="" class="wp-image-14326"/><figcaption class="wp-element-caption">Fontaine du Ruisseau Ste Hiltrude Cadastre Trélon 1882 ADN P 31 / 786 <a href="https://archivesdepartementales.lenord.fr/ark:/33518/jvtb8kg7sxlz/98b7b979-af32-4b15-9336-0f944133bc2d" target="_blank" rel="noreferrer noopener">Vue 19/36</a></figcaption></figure>
</div>

<div class="wp-block-image">
<figure class="aligncenter size-full"><img data-recalc-dims="1" loading="lazy" decoding="async" width="840" height="571" src="https://i0.wp.com/patrimoine-avesnois.fr/fontaines/wp-content/uploads/2021/07/Fontaine-de-la-Chapelle-Ste-Hiltrude-Trelon.webp?resize=840%2C571&#038;ssl=1" alt="" class="wp-image-1038" srcset="https://i0.wp.com/patrimoine-avesnois.fr/fontaines/wp-content/uploads/2021/07/Fontaine-de-la-Chapelle-Ste-Hiltrude-Trelon.webp?w=840&amp;ssl=1 840w, https://i0.wp.com/patrimoine-avesnois.fr/fontaines/wp-content/uploads/2021/07/Fontaine-de-la-Chapelle-Ste-Hiltrude-Trelon.webp?resize=300%2C204&amp;ssl=1 300w, https://i0.wp.com/patrimoine-avesnois.fr/fontaines/wp-content/uploads/2021/07/Fontaine-de-la-Chapelle-Ste-Hiltrude-Trelon.webp?resize=768%2C522&amp;ssl=1 768w" sizes="auto, (max-width: 709px) 85vw, (max-width: 909px) 67vw, (max-width: 1362px) 62vw, 840px" /><figcaption class="wp-element-caption">La Source et la Chapelle Ste Hiltrude</figcaption></figure>
</div>


<p>Selon la légende, Ste Hiltrude se serait désaltérée à cette source dont les eaux sont sensées guérir les fièvres.</p>



<p class="has-text-align-center">***</p>



<p>Un ancien abreuvoir du nom de son propriétaire Ansiau fut supprimé entre 1853 et 1855. La commune acheta alors en 1863 un terrain au sieur Meunier pour la construction d&rsquo;un abreuvoir (ADN 2O 599/116 et 23). Fut il construit ? Rien ne semble l&rsquo;indiquer. </p>



<p class="has-text-align-center">***</p>


<div class="wp-block-image">
<figure class="aligncenter size-full"><img data-recalc-dims="1" loading="lazy" decoding="async" width="840" height="536" src="https://i0.wp.com/patrimoine-avesnois.fr/fontaines/wp-content/uploads/2021/07/Etang-de-la-Fontaine-Trelon.webp?resize=840%2C536&#038;ssl=1" alt="" class="wp-image-1039" srcset="https://i0.wp.com/patrimoine-avesnois.fr/fontaines/wp-content/uploads/2021/07/Etang-de-la-Fontaine-Trelon.webp?w=840&amp;ssl=1 840w, https://i0.wp.com/patrimoine-avesnois.fr/fontaines/wp-content/uploads/2021/07/Etang-de-la-Fontaine-Trelon.webp?resize=300%2C191&amp;ssl=1 300w, https://i0.wp.com/patrimoine-avesnois.fr/fontaines/wp-content/uploads/2021/07/Etang-de-la-Fontaine-Trelon.webp?resize=768%2C490&amp;ssl=1 768w" sizes="auto, (max-width: 709px) 85vw, (max-width: 909px) 67vw, (max-width: 1362px) 62vw, 840px" /></figure>
</div>

<p>Des réparations de la fontaine et du lavoir furent entreprises entre 1810 et 1893 (ADN 2O/599/114) et on empierra la rue de la Fontaine en 1847. *** *** Selon la légende, Ste Hiltrude se serait désaltérée à cette source dont les eaux sont sensées guérir les fièvres. *** Un ancien abreuvoir du nom de son &hellip; <a href="https://patrimoine-avesnois.fr/fontaines/trelon-la-fontaine-lavoir-du-bourg-les-fontaines-du-rond-de-bois-la-fontaine-de-la-chapelle-ste-hiltrude/" class="more-link">Continuer la lecture<span class="screen-reader-text"> de &laquo;&nbsp;Trélon : la fontaine lavoir du Bourg, les fontaines du Rond de Bois, la fontaine de la chapelle Ste Hiltrude, l&rsquo;abreuvoir Ansiau&nbsp;&raquo;</span></a></p>
