{"id":593,"date":"2021-07-23T13:56:59","date_gmt":"2021-07-23T11:56:59","guid":{"rendered":"https:\/\/patrimoine-avesnois.fr\/fontaines\/?page_id=593"},"modified":"2022-01-23T11:12:00","modified_gmt":"2022-01-23T10:12:00","slug":"vieux-reng-la-fontaine-le-mazy","status":"publish","type":"page","link":"https:\/\/patrimoine-avesnois.fr\/fontaines\/vieux-reng-la-fontaine-le-mazy\/","title":{"rendered":"Vieux-Reng : les fontaines le Mazy"},"content":{"rendered":"\n<div class=\"wp-block-image\"><figure class=\"aligncenter\"><img decoding=\"async\" src=\"https:\/\/i1.wp.com\/patrimoine-avesnois.fr\/chemin\/wp-content\/uploads\/2021\/07\/CaptureVR19-1.jpg?resize=644%2C484\" alt=\"\" class=\"wp-image-14362\"\/><figcaption>Fontaines Le Mazy Cadastre Vieux-Reng 1845 ADN P 31 \/ 789 <a href=\"https:\/\/archivesdepartementales.lenord.fr\/ark:\/33518\/qchnjfvk38d7\/09205862-501c-49b1-a5a7-efa32294b73b\" target=\"_blank\" rel=\"noreferrer noopener\">Vue 19\/20<\/a><\/figcaption><\/figure><\/div>\n\n\n\n<p>Ces fontaines alimentaient la Trouille dont la source se situe \u00e0 quelques centaines de m\u00e8tres, c\u00f4t\u00e9 Grand-Reng en Belgique. L&rsquo;endroit y \u00e9tait mar\u00e9cageux car les eaux de la Trouille rencontrant un terrain d&rsquo;une pente presque nulle s&rsquo;infiltraient dans les prairies avoisinantes. Ce lieu-dit appel\u00e9 le Mazy, diminutif du latin mansus, renfermait alors un petit domaine rural et les fontaines constituaient un r\u00e9sidu de ces mar\u00e9cages.<\/p>\n\n\n\n<div class=\"wp-block-image\"><figure class=\"aligncenter size-full\"><img data-recalc-dims=\"1\" loading=\"lazy\" decoding=\"async\" width=\"748\" height=\"584\" src=\"https:\/\/i0.wp.com\/patrimoine-avesnois.fr\/fontaines\/wp-content\/uploads\/2021\/12\/Capture.jpg?resize=748%2C584&#038;ssl=1\" alt=\"\" class=\"wp-image-1468\" srcset=\"https:\/\/i0.wp.com\/patrimoine-avesnois.fr\/fontaines\/wp-content\/uploads\/2021\/12\/Capture.jpg?w=748&amp;ssl=1 748w, https:\/\/i0.wp.com\/patrimoine-avesnois.fr\/fontaines\/wp-content\/uploads\/2021\/12\/Capture.jpg?resize=300%2C234&amp;ssl=1 300w\" sizes=\"auto, (max-width: 748px) 85vw, 748px\" \/><figcaption>Emplacement des anciennes Fontaines Le Mazy <a rel=\"noreferrer noopener\" href=\"https:\/\/www.google.fr\/maps\/place\/59600+Vieux-Reng\/@50.3207302,4.0749839,682m\/data=!3m1!1e3!4m5!3m4!1s0x47c2416fee4529b3:0x1bae25da7dc52577!8m2!3d50.329579!4d4.04612\" target=\"_blank\">Vue satellite Google<\/a><\/figcaption><\/figure><\/div>\n\n\n\n<p><\/p>\n","protected":false},"excerpt":{"rendered":"<p>Ces fontaines alimentaient la Trouille dont la source se situe \u00e0 quelques centaines de m\u00e8tres, c\u00f4t\u00e9 Grand-Reng en Belgique. L&rsquo;endroit y \u00e9tait mar\u00e9cageux car les eaux de la Trouille rencontrant un terrain d&rsquo;une pente presque nulle s&rsquo;infiltraient dans les prairies avoisinantes. Ce lieu-dit appel\u00e9 le Mazy, diminutif du latin mansus, renfermait alors un petit domaine &hellip; <a href=\"https:\/\/patrimoine-avesnois.fr\/fontaines\/vieux-reng-la-fontaine-le-mazy\/\" class=\"more-link\">Continuer la lecture<span class=\"screen-reader-text\"> de &laquo;&nbsp;Vieux-Reng : les fontaines le Mazy&nbsp;&raquo;<\/span><\/a><\/p>\n","protected":false},"author":2,"featured_media":0,"parent":0,"menu_order":0,"comment_status":"closed","ping_status":"closed","template":"","meta":{"footnotes":""},"class_list":["post-593","page","type-page","status-publish","hentry"],"jetpack_sharing_enabled":true,"_links":{"self":[{"href":"https:\/\/patrimoine-avesnois.fr\/fontaines\/wp-json\/wp\/v2\/pages\/593","targetHints":{"allow":["GET"]}}],"collection":[{"href":"https:\/\/patrimoine-avesnois.fr\/fontaines\/wp-json\/wp\/v2\/pages"}],"about":[{"href":"https:\/\/patrimoine-avesnois.fr\/fontaines\/wp-json\/wp\/v2\/types\/page"}],"author":[{"embeddable":true,"href":"https:\/\/patrimoine-avesnois.fr\/fontaines\/wp-json\/wp\/v2\/users\/2"}],"replies":[{"embeddable":true,"href":"https:\/\/patrimoine-avesnois.fr\/fontaines\/wp-json\/wp\/v2\/comments?post=593"}],"version-history":[{"count":6,"href":"https:\/\/patrimoine-avesnois.fr\/fontaines\/wp-json\/wp\/v2\/pages\/593\/revisions"}],"predecessor-version":[{"id":1685,"href":"https:\/\/patrimoine-avesnois.fr\/fontaines\/wp-json\/wp\/v2\/pages\/593\/revisions\/1685"}],"wp:attachment":[{"href":"https:\/\/patrimoine-avesnois.fr\/fontaines\/wp-json\/wp\/v2\/media?parent=593"}],"curies":[{"name":"wp","href":"https:\/\/api.w.org\/{rel}","templated":true}]}}