{"id":72,"date":"2021-07-01T18:06:22","date_gmt":"2021-07-01T16:06:22","guid":{"rendered":"https:\/\/patrimoine-avesnois.fr\/fontaines\/?page_id=72"},"modified":"2021-12-18T13:30:36","modified_gmt":"2021-12-18T12:30:36","slug":"bellignies-labreuvoir-de-breaugies","status":"publish","type":"page","link":"https:\/\/patrimoine-avesnois.fr\/fontaines\/bellignies-labreuvoir-de-breaugies\/","title":{"rendered":"Bellignies : l&rsquo;abreuvoir de Br\u00e9augies"},"content":{"rendered":"\n<div class=\"wp-block-image\"><figure class=\"aligncenter\"><img decoding=\"async\" src=\"https:\/\/i1.wp.com\/patrimoine-avesnois.fr\/chemin\/wp-content\/uploads\/2021\/06\/Capture-48.jpg?resize=630%2C471\" alt=\"\" class=\"wp-image-13383\"\/><figcaption>Abreuvoir et Puits Section Unique 6\u00e8me feuille N\u00b0 1472 Cadastre de Bellignies 1901 ADN P 31 \/ 663<br><a rel=\"noreferrer noopener\" href=\"https:\/\/archivesdepartementales.lenord.fr\/ark:\/33518\/s1v5z8kqhlbg\/c44f8e0b-4faa-4e78-852e-01ae3b9e8190\" target=\"_blank\">Vue 15\/15<\/a><\/figcaption><\/figure><\/div>\n\n\n\n<div class=\"wp-block-image\"><figure class=\"aligncenter size-full\"><img data-recalc-dims=\"1\" loading=\"lazy\" decoding=\"async\" width=\"630\" height=\"470\" src=\"https:\/\/i0.wp.com\/patrimoine-avesnois.fr\/fontaines\/wp-content\/uploads\/2021\/07\/Abreuvoir-Breaugies-Bellignies.webp?resize=630%2C470&#038;ssl=1\" alt=\"\" class=\"wp-image-636\" srcset=\"https:\/\/i0.wp.com\/patrimoine-avesnois.fr\/fontaines\/wp-content\/uploads\/2021\/07\/Abreuvoir-Breaugies-Bellignies.webp?w=630&amp;ssl=1 630w, https:\/\/i0.wp.com\/patrimoine-avesnois.fr\/fontaines\/wp-content\/uploads\/2021\/07\/Abreuvoir-Breaugies-Bellignies.webp?resize=300%2C224&amp;ssl=1 300w\" sizes=\"auto, (max-width: 630px) 85vw, 630px\" \/><figcaption>L\u2019abreuvoir et le puits <a href=\"https:\/\/www.google.com\/maps\/@50.3181546,3.7670702,3a,37.5y,60.17h,78.09t\/data=!3m6!1e1!3m4!1sqU2n6lzDGEmS_nVqNx_lSQ!2e0!7i13312!8i6656?hl=fr\" target=\"_blank\" rel=\"noreferrer noopener\">2 Hameau de Br\u00e9augies<\/a><\/figcaption><\/figure><\/div>\n\n\n\n<p>Assez exceptionnel de par sa forme de goutte d\u2019eau ou de fer \u00e0 cheval selon son imagination, cet abreuvoir aliment\u00e9 par deux sources est r\u00e9alis\u00e9 \u00e0 base de moellons et de pav\u00e9s de pierre bleue. Il a \u00e9t\u00e9 restaur\u00e9 en quatre phases entre juillet 2008 et fin 2011 gr\u00e2ce \u00e0 une \u00e9quipe de jeunes b\u00e9n\u00e9voles, la participation de la mairie de Bellignies, la collaboration du Parc naturel r\u00e9gional de l\u2019Avesnois, et celle du Club du vieux manoir.<\/p>\n","protected":false},"excerpt":{"rendered":"<p>Assez exceptionnel de par sa forme de goutte d\u2019eau ou de fer \u00e0 cheval selon son imagination, cet abreuvoir aliment\u00e9 par deux sources est r\u00e9alis\u00e9 \u00e0 base de moellons et de pav\u00e9s de pierre bleue. Il a \u00e9t\u00e9 restaur\u00e9 en quatre phases entre juillet 2008 et fin 2011 gr\u00e2ce \u00e0 une \u00e9quipe de jeunes b\u00e9n\u00e9voles, &hellip; <a href=\"https:\/\/patrimoine-avesnois.fr\/fontaines\/bellignies-labreuvoir-de-breaugies\/\" class=\"more-link\">Continuer la lecture<span class=\"screen-reader-text\"> de &laquo;&nbsp;Bellignies : l&rsquo;abreuvoir de Br\u00e9augies&nbsp;&raquo;<\/span><\/a><\/p>\n","protected":false},"author":2,"featured_media":0,"parent":0,"menu_order":0,"comment_status":"closed","ping_status":"closed","template":"","meta":{"footnotes":""},"class_list":["post-72","page","type-page","status-publish","hentry"],"jetpack_sharing_enabled":true,"_links":{"self":[{"href":"https:\/\/patrimoine-avesnois.fr\/fontaines\/wp-json\/wp\/v2\/pages\/72","targetHints":{"allow":["GET"]}}],"collection":[{"href":"https:\/\/patrimoine-avesnois.fr\/fontaines\/wp-json\/wp\/v2\/pages"}],"about":[{"href":"https:\/\/patrimoine-avesnois.fr\/fontaines\/wp-json\/wp\/v2\/types\/page"}],"author":[{"embeddable":true,"href":"https:\/\/patrimoine-avesnois.fr\/fontaines\/wp-json\/wp\/v2\/users\/2"}],"replies":[{"embeddable":true,"href":"https:\/\/patrimoine-avesnois.fr\/fontaines\/wp-json\/wp\/v2\/comments?post=72"}],"version-history":[{"count":4,"href":"https:\/\/patrimoine-avesnois.fr\/fontaines\/wp-json\/wp\/v2\/pages\/72\/revisions"}],"predecessor-version":[{"id":1481,"href":"https:\/\/patrimoine-avesnois.fr\/fontaines\/wp-json\/wp\/v2\/pages\/72\/revisions\/1481"}],"wp:attachment":[{"href":"https:\/\/patrimoine-avesnois.fr\/fontaines\/wp-json\/wp\/v2\/media?parent=72"}],"curies":[{"name":"wp","href":"https:\/\/api.w.org\/{rel}","templated":true}]}}

Bellignies : l&rsquo;abreuvoir de Bréaugies

<div class="wp-block-image"><figure class="aligncenter"><img decoding="async" src="https://i1.wp.com/patrimoine-avesnois.fr/chemin/wp-content/uploads/2021/06/Capture-48.jpg?resize=630%2C471" alt="" class="wp-image-13383"/><figcaption>Abreuvoir et Puits Section Unique 6ème feuille N° 1472 Cadastre de Bellignies 1901 ADN P 31 / 663<br><a rel="noreferrer noopener" href="https://archivesdepartementales.lenord.fr/ark:/33518/s1v5z8kqhlbg/c44f8e0b-4faa-4e78-852e-01ae3b9e8190" target="_blank">Vue 15/15</a></figcaption></figure></div>



<div class="wp-block-image"><figure class="aligncenter size-full"><img data-recalc-dims="1" loading="lazy" decoding="async" width="630" height="470" src="https://i0.wp.com/patrimoine-avesnois.fr/fontaines/wp-content/uploads/2021/07/Abreuvoir-Breaugies-Bellignies.webp?resize=630%2C470&#038;ssl=1" alt="" class="wp-image-636" srcset="https://i0.wp.com/patrimoine-avesnois.fr/fontaines/wp-content/uploads/2021/07/Abreuvoir-Breaugies-Bellignies.webp?w=630&amp;ssl=1 630w, https://i0.wp.com/patrimoine-avesnois.fr/fontaines/wp-content/uploads/2021/07/Abreuvoir-Breaugies-Bellignies.webp?resize=300%2C224&amp;ssl=1 300w" sizes="auto, (max-width: 630px) 85vw, 630px" /><figcaption>L’abreuvoir et le puits <a href="https://www.google.com/maps/@50.3181546,3.7670702,3a,37.5y,60.17h,78.09t/data=!3m6!1e1!3m4!1sqU2n6lzDGEmS_nVqNx_lSQ!2e0!7i13312!8i6656?hl=fr" target="_blank" rel="noreferrer noopener">2 Hameau de Bréaugies</a></figcaption></figure></div>



<p>Assez exceptionnel de par sa forme de goutte d’eau ou de fer à cheval selon son imagination, cet abreuvoir alimenté par deux sources est réalisé à base de moellons et de pavés de pierre bleue. Il a été restauré en quatre phases entre juillet 2008 et fin 2011 grâce à une équipe de jeunes bénévoles, la participation de la mairie de Bellignies, la collaboration du Parc naturel régional de l’Avesnois, et celle du Club du vieux manoir.</p>

<p>Assez exceptionnel de par sa forme de goutte d’eau ou de fer à cheval selon son imagination, cet abreuvoir alimenté par deux sources est réalisé à base de moellons et de pavés de pierre bleue. Il a été restauré en quatre phases entre juillet 2008 et fin 2011 grâce à une équipe de jeunes bénévoles, &hellip; <a href="https://patrimoine-avesnois.fr/fontaines/bellignies-labreuvoir-de-breaugies/" class="more-link">Continuer la lecture<span class="screen-reader-text"> de &laquo;&nbsp;Bellignies : l&rsquo;abreuvoir de Bréaugies&nbsp;&raquo;</span></a></p>
