{"id":75,"date":"2021-07-01T18:10:35","date_gmt":"2021-07-01T16:10:35","guid":{"rendered":"https:\/\/patrimoine-avesnois.fr\/fontaines\/?page_id=75"},"modified":"2021-12-28T21:10:31","modified_gmt":"2021-12-28T20:10:31","slug":"berelles-la-fontaine-du-village-et-la-fontaine-colau","status":"publish","type":"page","link":"https:\/\/patrimoine-avesnois.fr\/fontaines\/berelles-la-fontaine-du-village-et-la-fontaine-colau\/","title":{"rendered":"B\u00e9relles : la fontaine du Village et la fontaine Colau"},"content":{"rendered":"\n<div class=\"wp-block-image\"><figure class=\"aligncenter\"><img decoding=\"async\" src=\"https:\/\/i1.wp.com\/patrimoine-avesnois.fr\/chemin\/wp-content\/uploads\/2021\/06\/Capture-49.jpg?resize=630%2C468\" alt=\"\" class=\"wp-image-13387\"\/><figcaption>Cadastre de B\u00e9relles 1828 ADN P 31 \/ 664 <a href=\"https:\/\/archivesdepartementales.lenord.fr\/ark:\/33518\/kx4rbsp5tghl\/c159c31b-7f0f-4a4a-82da-46f2b789f296\" target=\"_blank\" rel=\"noreferrer noopener\">Vue 1\/10<\/a><\/figcaption><\/figure><\/div>\n\n\n\n<p>B\u00e9relles s&rsquo;\u00e9crivait au XII e si\u00e8cle <em>Berella<\/em> qui pourrait provenir du terme latin <em>berula<\/em> signifiant cresson de fontaine. En tout cas B\u00e9relles dispose encore aujourd\u2019hui de deux fontaines, la fontaine du village et la fontaine Colau.<\/p>\n\n\n\n<div class=\"wp-block-image\"><figure class=\"aligncenter size-full\"><img data-recalc-dims=\"1\" loading=\"lazy\" decoding=\"async\" width=\"630\" height=\"472\" src=\"https:\/\/i0.wp.com\/patrimoine-avesnois.fr\/fontaines\/wp-content\/uploads\/2021\/07\/Fontaine-du-village-BERELLES.webp?resize=630%2C472&#038;ssl=1\" alt=\"\" class=\"wp-image-665\" srcset=\"https:\/\/i0.wp.com\/patrimoine-avesnois.fr\/fontaines\/wp-content\/uploads\/2021\/07\/Fontaine-du-village-BERELLES.webp?w=630&amp;ssl=1 630w, https:\/\/i0.wp.com\/patrimoine-avesnois.fr\/fontaines\/wp-content\/uploads\/2021\/07\/Fontaine-du-village-BERELLES.webp?resize=300%2C225&amp;ssl=1 300w\" sizes=\"auto, (max-width: 630px) 85vw, 630px\" \/><figcaption>Source de la Fontaine du village (au niveau du bosquet) <a href=\"https:\/\/www.google.com\/maps\/@50.2191157,4.096922,3a,37.6y,32.49h,83.11t\/data=!3m6!1e1!3m4!1slQLIQL2yFhZESOznUqggOA!2e0!7i16384!8i8192?hl=fr\" target=\"_blank\" rel=\"noreferrer noopener\">Route de Jeumont<\/a> \u00e0 B\u00e9relles<\/figcaption><\/figure><\/div>\n\n\n\n<div class=\"wp-block-image\"><figure class=\"aligncenter\"><img decoding=\"async\" src=\"https:\/\/i1.wp.com\/patrimoine-avesnois.fr\/chemin\/wp-content\/uploads\/2021\/06\/image-26.png?resize=630%2C394\" alt=\"\" class=\"wp-image-13389\"\/><figcaption>Carte IGN <a href=\"https:\/\/www.geoportail.gouv.fr\/\">g\u00e9oportail.gouv.fr<\/a><\/figcaption><\/figure><\/div>\n\n\n\n<p>Une source se trouvant en bordure de la route de Jeumont traverse plusieurs petits \u00e9tangs avant d\u2019alimenter la Fontaine du village.<\/p>\n\n\n\n<div class=\"wp-block-image\"><figure class=\"aligncenter\"><img decoding=\"async\" src=\"https:\/\/i0.wp.com\/patrimoine-avesnois.fr\/chemin\/wp-content\/uploads\/2021\/06\/4.Fontaine-rue-de-Cousolre-\u00e0-Berelles-1.jpg?fit=638%2C1024\" alt=\"\" class=\"wp-image-13540\"\/><figcaption>Fontaine du village <a rel=\"noreferrer noopener\" href=\"https:\/\/www.google.com\/maps\/@50.2157402,4.0986379,3a,15y,8.54h,86.71t\/data=!3m6!1e1!3m4!1sK489ApHs1QYwdUuf1kV5uw!2e0!7i16384!8i8192?hl=fr\" target=\"_blank\">Route de Cousolre<\/a> 5D80 \u00e0 B\u00e9relles<\/figcaption><\/figure><\/div>\n\n\n\n<p class=\"has-text-align-center\">***<\/p>\n\n\n\n<div class=\"wp-block-image\"><figure class=\"aligncenter\"><img decoding=\"async\" src=\"https:\/\/i1.wp.com\/patrimoine-avesnois.fr\/chemin\/wp-content\/uploads\/2021\/06\/Capture-52.jpg?w=840\" alt=\"\" class=\"wp-image-13395\"\/><figcaption>Carte IGN <a rel=\"noreferrer noopener\" href=\"https:\/\/www.geoportail.gouv.fr\/\" target=\"_blank\">g\u00e9oportail.gouv.fr<\/a><\/figcaption><\/figure><\/div>\n\n\n\n<div class=\"wp-block-image\"><figure class=\"aligncenter\"><img decoding=\"async\" src=\"https:\/\/i0.wp.com\/patrimoine-avesnois.fr\/chemin\/wp-content\/uploads\/2021\/06\/3Bis.Fontaine-Colau-\u00e0-Berelles-2.jpg?resize=630%2C630\" alt=\"\" class=\"wp-image-13544\"\/><figcaption>La Fontaine Colau \u00e0 B\u00e9relles<\/figcaption><\/figure><\/div>\n\n\n\n<p>La fontaine Colau prend sa source pr\u00e9cis\u00e9ment dans le bois de Boutigny au lieu-dit Lorifontaine (carte IGN). Le cadastre de 1828 indique la source \u00e0 un endroit l\u00e9g\u00e8rement diff\u00e9rent, dans un pr\u00e9 Section B de la Rati\u00e8re N\u00b0 221. Doit-elle son nouveau nom \u00e0 un propri\u00e9taire appel\u00e9 Colau ?<\/p>\n","protected":false},"excerpt":{"rendered":"<p>B\u00e9relles s&rsquo;\u00e9crivait au XII e si\u00e8cle Berella qui pourrait provenir du terme latin berula signifiant cresson de fontaine. En tout cas B\u00e9relles dispose encore aujourd\u2019hui de deux fontaines, la fontaine du village et la fontaine Colau. Une source se trouvant en bordure de la route de Jeumont traverse plusieurs petits \u00e9tangs avant d\u2019alimenter la Fontaine &hellip; <a href=\"https:\/\/patrimoine-avesnois.fr\/fontaines\/berelles-la-fontaine-du-village-et-la-fontaine-colau\/\" class=\"more-link\">Continuer la lecture<span class=\"screen-reader-text\"> de &laquo;&nbsp;B\u00e9relles : la fontaine du Village et la fontaine Colau&nbsp;&raquo;<\/span><\/a><\/p>\n","protected":false},"author":2,"featured_media":0,"parent":0,"menu_order":0,"comment_status":"closed","ping_status":"closed","template":"","meta":{"footnotes":""},"class_list":["post-75","page","type-page","status-publish","hentry"],"jetpack_sharing_enabled":true,"_links":{"self":[{"href":"https:\/\/patrimoine-avesnois.fr\/fontaines\/wp-json\/wp\/v2\/pages\/75","targetHints":{"allow":["GET"]}}],"collection":[{"href":"https:\/\/patrimoine-avesnois.fr\/fontaines\/wp-json\/wp\/v2\/pages"}],"about":[{"href":"https:\/\/patrimoine-avesnois.fr\/fontaines\/wp-json\/wp\/v2\/types\/page"}],"author":[{"embeddable":true,"href":"https:\/\/patrimoine-avesnois.fr\/fontaines\/wp-json\/wp\/v2\/users\/2"}],"replies":[{"embeddable":true,"href":"https:\/\/patrimoine-avesnois.fr\/fontaines\/wp-json\/wp\/v2\/comments?post=75"}],"version-history":[{"count":4,"href":"https:\/\/patrimoine-avesnois.fr\/fontaines\/wp-json\/wp\/v2\/pages\/75\/revisions"}],"predecessor-version":[{"id":1509,"href":"https:\/\/patrimoine-avesnois.fr\/fontaines\/wp-json\/wp\/v2\/pages\/75\/revisions\/1509"}],"wp:attachment":[{"href":"https:\/\/patrimoine-avesnois.fr\/fontaines\/wp-json\/wp\/v2\/media?parent=75"}],"curies":[{"name":"wp","href":"https:\/\/api.w.org\/{rel}","templated":true}]}}

Bérelles : la fontaine du Village et la fontaine Colau

<div class="wp-block-image"><figure class="aligncenter"><img decoding="async" src="https://i1.wp.com/patrimoine-avesnois.fr/chemin/wp-content/uploads/2021/06/Capture-49.jpg?resize=630%2C468" alt="" class="wp-image-13387"/><figcaption>Cadastre de Bérelles 1828 ADN P 31 / 664 <a href="https://archivesdepartementales.lenord.fr/ark:/33518/kx4rbsp5tghl/c159c31b-7f0f-4a4a-82da-46f2b789f296" target="_blank" rel="noreferrer noopener">Vue 1/10</a></figcaption></figure></div>



<p>Bérelles s&rsquo;écrivait au XII e siècle <em>Berella</em> qui pourrait provenir du terme latin <em>berula</em> signifiant cresson de fontaine. En tout cas Bérelles dispose encore aujourd’hui de deux fontaines, la fontaine du village et la fontaine Colau.</p>



<div class="wp-block-image"><figure class="aligncenter size-full"><img data-recalc-dims="1" loading="lazy" decoding="async" width="630" height="472" src="https://i0.wp.com/patrimoine-avesnois.fr/fontaines/wp-content/uploads/2021/07/Fontaine-du-village-BERELLES.webp?resize=630%2C472&#038;ssl=1" alt="" class="wp-image-665" srcset="https://i0.wp.com/patrimoine-avesnois.fr/fontaines/wp-content/uploads/2021/07/Fontaine-du-village-BERELLES.webp?w=630&amp;ssl=1 630w, https://i0.wp.com/patrimoine-avesnois.fr/fontaines/wp-content/uploads/2021/07/Fontaine-du-village-BERELLES.webp?resize=300%2C225&amp;ssl=1 300w" sizes="auto, (max-width: 630px) 85vw, 630px" /><figcaption>Source de la Fontaine du village (au niveau du bosquet) <a href="https://www.google.com/maps/@50.2191157,4.096922,3a,37.6y,32.49h,83.11t/data=!3m6!1e1!3m4!1slQLIQL2yFhZESOznUqggOA!2e0!7i16384!8i8192?hl=fr" target="_blank" rel="noreferrer noopener">Route de Jeumont</a> à Bérelles</figcaption></figure></div>



<div class="wp-block-image"><figure class="aligncenter"><img decoding="async" src="https://i1.wp.com/patrimoine-avesnois.fr/chemin/wp-content/uploads/2021/06/image-26.png?resize=630%2C394" alt="" class="wp-image-13389"/><figcaption>Carte IGN <a href="https://www.geoportail.gouv.fr/">géoportail.gouv.fr</a></figcaption></figure></div>



<p>Une source se trouvant en bordure de la route de Jeumont traverse plusieurs petits étangs avant d’alimenter la Fontaine du village.</p>



<div class="wp-block-image"><figure class="aligncenter"><img decoding="async" src="https://i0.wp.com/patrimoine-avesnois.fr/chemin/wp-content/uploads/2021/06/4.Fontaine-rue-de-Cousolre-à-Berelles-1.jpg?fit=638%2C1024" alt="" class="wp-image-13540"/><figcaption>Fontaine du village <a rel="noreferrer noopener" href="https://www.google.com/maps/@50.2157402,4.0986379,3a,15y,8.54h,86.71t/data=!3m6!1e1!3m4!1sK489ApHs1QYwdUuf1kV5uw!2e0!7i16384!8i8192?hl=fr" target="_blank">Route de Cousolre</a> 5D80 à Bérelles</figcaption></figure></div>



<p class="has-text-align-center">***</p>



<div class="wp-block-image"><figure class="aligncenter"><img decoding="async" src="https://i1.wp.com/patrimoine-avesnois.fr/chemin/wp-content/uploads/2021/06/Capture-52.jpg?w=840" alt="" class="wp-image-13395"/><figcaption>Carte IGN <a rel="noreferrer noopener" href="https://www.geoportail.gouv.fr/" target="_blank">géoportail.gouv.fr</a></figcaption></figure></div>



<div class="wp-block-image"><figure class="aligncenter"><img decoding="async" src="https://i0.wp.com/patrimoine-avesnois.fr/chemin/wp-content/uploads/2021/06/3Bis.Fontaine-Colau-à-Berelles-2.jpg?resize=630%2C630" alt="" class="wp-image-13544"/><figcaption>La Fontaine Colau à Bérelles</figcaption></figure></div>



<p>La fontaine Colau prend sa source précisément dans le bois de Boutigny au lieu-dit Lorifontaine (carte IGN). Le cadastre de 1828 indique la source à un endroit légèrement différent, dans un pré Section B de la Ratière N° 221. Doit-elle son nouveau nom à un propriétaire appelé Colau ?</p>

<p>Bérelles s&rsquo;écrivait au XII e siècle Berella qui pourrait provenir du terme latin berula signifiant cresson de fontaine. En tout cas Bérelles dispose encore aujourd’hui de deux fontaines, la fontaine du village et la fontaine Colau. Une source se trouvant en bordure de la route de Jeumont traverse plusieurs petits étangs avant d’alimenter la Fontaine &hellip; <a href="https://patrimoine-avesnois.fr/fontaines/berelles-la-fontaine-du-village-et-la-fontaine-colau/" class="more-link">Continuer la lecture<span class="screen-reader-text"> de &laquo;&nbsp;Bérelles : la fontaine du Village et la fontaine Colau&nbsp;&raquo;</span></a></p>
