{"id":89,"date":"2021-07-01T18:39:30","date_gmt":"2021-07-01T16:39:30","guid":{"rendered":"https:\/\/patrimoine-avesnois.fr\/fontaines\/?page_id=89"},"modified":"2021-09-13T11:53:19","modified_gmt":"2021-09-13T09:53:19","slug":"bettrechies-et-sa-fontaine-communale-restauree","status":"publish","type":"page","link":"https:\/\/patrimoine-avesnois.fr\/fontaines\/bettrechies-et-sa-fontaine-communale-restauree\/","title":{"rendered":"Bettrechies et sa fontaine communale restaur\u00e9e"},"content":{"rendered":"\n<div class=\"wp-block-image\"><figure class=\"aligncenter\"><img decoding=\"async\" src=\"https:\/\/i1.wp.com\/patrimoine-avesnois.fr\/chemin\/wp-content\/uploads\/2021\/06\/Capture-61.jpg?resize=630%2C471\" alt=\"\" class=\"wp-image-13424\"\/><figcaption>La Fontaine de Bettrechies Cadastre 1913 ADN P 31 \/ 669 <a rel=\"noreferrer noopener\" href=\"https:\/\/archivesdepartementales.lenord.fr\/ark:\/33518\/f064mh9cnqwb\/5ffbe2f9-e38e-4242-958a-59dc5581afb4\" target=\"_blank\">Vue 6\/8<\/a><br>Le cadastre de 1831 ne fait pas \u00e9tat de la fontaine mais d\u2019une parcelle priv\u00e9e sans construction avec une configuration diff\u00e9rente de la ferme actuelle<\/figcaption><\/figure><\/div>\n\n\n\n<div class=\"wp-block-image\"><figure class=\"aligncenter is-resized\"><img loading=\"lazy\" decoding=\"async\" src=\"https:\/\/i2.wp.com\/patrimoine-avesnois.fr\/chemin\/wp-content\/uploads\/2021\/06\/image-32.png?fit=840%2C632\" alt=\"\" class=\"wp-image-13421\" width=\"630\" height=\"474\"\/><figcaption>Fontaine avant restauration Photo CAUE du Nord. Initialement, la fontaine \u00e9tait constitu\u00e9e d\u2019un seul bassin. Il s\u2019agissait de l\u2019actuel second bassin qui se prolongeait en amont.<\/figcaption><\/figure><\/div>\n\n\n\n<div class=\"wp-block-image\"><figure class=\"aligncenter size-full\"><img data-recalc-dims=\"1\" loading=\"lazy\" decoding=\"async\" width=\"630\" height=\"478\" src=\"https:\/\/i0.wp.com\/patrimoine-avesnois.fr\/fontaines\/wp-content\/uploads\/2021\/07\/Fontaine-BETTRECHIES-2.webp?resize=630%2C478&#038;ssl=1\" alt=\"\" class=\"wp-image-673\" srcset=\"https:\/\/i0.wp.com\/patrimoine-avesnois.fr\/fontaines\/wp-content\/uploads\/2021\/07\/Fontaine-BETTRECHIES-2.webp?w=630&amp;ssl=1 630w, https:\/\/i0.wp.com\/patrimoine-avesnois.fr\/fontaines\/wp-content\/uploads\/2021\/07\/Fontaine-BETTRECHIES-2.webp?resize=300%2C228&amp;ssl=1 300w\" sizes=\"auto, (max-width: 630px) 85vw, 630px\" \/><figcaption><em>Fontaine apr\u00e8s restauration Photo CAUE du Nord<\/em>. Un bassin plus petit a \u00e9t\u00e9 cr\u00e9\u00e9 en amont afin d\u2019approvisionner un puits priv\u00e9 dans la ferme.<\/figcaption><\/figure><\/div>\n\n\n\n<div class=\"wp-block-image\"><figure class=\"aligncenter size-full is-resized\"><img data-recalc-dims=\"1\" loading=\"lazy\" decoding=\"async\" src=\"https:\/\/i0.wp.com\/patrimoine-avesnois.fr\/fontaines\/wp-content\/uploads\/2021\/09\/Bettrechies-Fontaine-de-la-Place-1-2.jpg?resize=498%2C498&#038;ssl=1\" alt=\"\" class=\"wp-image-1385\" width=\"498\" height=\"498\" srcset=\"https:\/\/i0.wp.com\/patrimoine-avesnois.fr\/fontaines\/wp-content\/uploads\/2021\/09\/Bettrechies-Fontaine-de-la-Place-1-2.jpg?w=996&amp;ssl=1 996w, https:\/\/i0.wp.com\/patrimoine-avesnois.fr\/fontaines\/wp-content\/uploads\/2021\/09\/Bettrechies-Fontaine-de-la-Place-1-2.jpg?resize=300%2C300&amp;ssl=1 300w, https:\/\/i0.wp.com\/patrimoine-avesnois.fr\/fontaines\/wp-content\/uploads\/2021\/09\/Bettrechies-Fontaine-de-la-Place-1-2.jpg?resize=150%2C150&amp;ssl=1 150w, https:\/\/i0.wp.com\/patrimoine-avesnois.fr\/fontaines\/wp-content\/uploads\/2021\/09\/Bettrechies-Fontaine-de-la-Place-1-2.jpg?resize=768%2C768&amp;ssl=1 768w\" sizes=\"auto, (max-width: 498px) 85vw, 498px\" \/><figcaption> Photo Fontaine de Bettrechies 10 Septembre 2021 <\/figcaption><\/figure><\/div>\n\n\n\n<div class=\"wp-block-image\"><figure class=\"aligncenter size-large is-resized\"><img data-recalc-dims=\"1\" loading=\"lazy\" decoding=\"async\" src=\"https:\/\/i0.wp.com\/patrimoine-avesnois.fr\/fontaines\/wp-content\/uploads\/2021\/09\/Bettrechies-Fontaine-de-la-Place-3.jpg?resize=630%2C301&#038;ssl=1\" alt=\"\" class=\"wp-image-1364\" width=\"630\" height=\"301\" srcset=\"https:\/\/i0.wp.com\/patrimoine-avesnois.fr\/fontaines\/wp-content\/uploads\/2021\/09\/Bettrechies-Fontaine-de-la-Place-3.jpg?resize=300%2C144&amp;ssl=1 300w, https:\/\/i0.wp.com\/patrimoine-avesnois.fr\/fontaines\/wp-content\/uploads\/2021\/09\/Bettrechies-Fontaine-de-la-Place-3.jpg?zoom=2&amp;resize=630%2C301&amp;ssl=1 1260w, https:\/\/i0.wp.com\/patrimoine-avesnois.fr\/fontaines\/wp-content\/uploads\/2021\/09\/Bettrechies-Fontaine-de-la-Place-3.jpg?zoom=3&amp;resize=630%2C301&amp;ssl=1 1890w\" sizes=\"auto, (max-width: 630px) 85vw, 630px\" \/><figcaption>Photo Fontaine de Bettrechies 10 Septembre 2021<\/figcaption><\/figure><\/div>\n\n\n\n<div class=\"wp-block-image\"><figure class=\"aligncenter size-full\"><img data-recalc-dims=\"1\" loading=\"lazy\" decoding=\"async\" width=\"630\" height=\"474\" src=\"https:\/\/i0.wp.com\/patrimoine-avesnois.fr\/fontaines\/wp-content\/uploads\/2021\/07\/Fontaine-BETTRECHIES.webp?resize=630%2C474&#038;ssl=1\" alt=\"\" class=\"wp-image-671\" srcset=\"https:\/\/i0.wp.com\/patrimoine-avesnois.fr\/fontaines\/wp-content\/uploads\/2021\/07\/Fontaine-BETTRECHIES.webp?w=630&amp;ssl=1 630w, https:\/\/i0.wp.com\/patrimoine-avesnois.fr\/fontaines\/wp-content\/uploads\/2021\/07\/Fontaine-BETTRECHIES.webp?resize=300%2C226&amp;ssl=1 300w\" sizes=\"auto, (max-width: 630px) 85vw, 630px\" \/><figcaption>Fontaine de Bettrechies <a rel=\"noreferrer noopener\" href=\"https:\/\/www.google.com\/maps\/@50.3217118,3.7461766,3a,49y,339.29h,83.5t\/data=!3m6!1e1!3m4!1s3qgrThE16WLld0tVPliQow!2e0!7i13312!8i6656?hl=fr\" target=\"_blank\">Voie Communale de la Place<\/a><\/figcaption><\/figure><\/div>\n\n\n\n<div class=\"wp-block-image\"><figure class=\"aligncenter size-full\"><img data-recalc-dims=\"1\" loading=\"lazy\" decoding=\"async\" width=\"504\" height=\"613\" src=\"https:\/\/i0.wp.com\/patrimoine-avesnois.fr\/fontaines\/wp-content\/uploads\/2021\/09\/Capture.jpg?resize=504%2C613&#038;ssl=1\" alt=\"\" class=\"wp-image-1389\" srcset=\"https:\/\/i0.wp.com\/patrimoine-avesnois.fr\/fontaines\/wp-content\/uploads\/2021\/09\/Capture.jpg?w=504&amp;ssl=1 504w, https:\/\/i0.wp.com\/patrimoine-avesnois.fr\/fontaines\/wp-content\/uploads\/2021\/09\/Capture.jpg?resize=247%2C300&amp;ssl=1 247w\" sizes=\"auto, (max-width: 504px) 85vw, 504px\" \/><\/figure><\/div>\n\n\n\n<p>Restauration de la fontaine en 2011 dans le cadre du projet Trans-formation du patrimoine 2010-2013 r\u00e9unissant six partenaires belges (GAL de la Botte du Hainaut, Maison de l\u2019urbanisme de l\u2019Arrondissement de Philippeville, Institut du Patrimoine Wallon) et fran\u00e7ais (Parc naturel r\u00e9gional de l\u2019Avesnois, CAUE du Nord, ENRx) pour une meilleure prise en compte du b\u00e2ti ancien sur les territoires du Parc naturel r\u00e9gional de l\u2019Avesnois, de la Botte du Hainaut et de l\u2019Arrondissement de Philippeville. R\u00e9alisation et fiche technique : voir le site <a rel=\"noreferrer noopener\" href=\"https:\/\/www.caue-nord.com\/fr\/portail\/41\/observatoire\/1779\/restauration-de-la-fontaine-bettrechies-59.html\" target=\"_blank\">Conseil d\u2019Architecture, d\u2019Urbanisme et de l\u2019Environnement du Nord<\/a><\/p>\n","protected":false},"excerpt":{"rendered":"<p>Restauration de la fontaine en 2011 dans le cadre du projet Trans-formation du patrimoine 2010-2013 r\u00e9unissant six partenaires belges (GAL de la Botte du Hainaut, Maison de l\u2019urbanisme de l\u2019Arrondissement de Philippeville, Institut du Patrimoine Wallon) et fran\u00e7ais (Parc naturel r\u00e9gional de l\u2019Avesnois, CAUE du Nord, ENRx) pour une meilleure prise en compte du b\u00e2ti &hellip; <a href=\"https:\/\/patrimoine-avesnois.fr\/fontaines\/bettrechies-et-sa-fontaine-communale-restauree\/\" class=\"more-link\">Continuer la lecture<span class=\"screen-reader-text\"> de &laquo;&nbsp;Bettrechies et sa fontaine communale restaur\u00e9e&nbsp;&raquo;<\/span><\/a><\/p>\n","protected":false},"author":2,"featured_media":0,"parent":0,"menu_order":0,"comment_status":"closed","ping_status":"closed","template":"","meta":{"footnotes":""},"class_list":["post-89","page","type-page","status-publish","hentry"],"jetpack_sharing_enabled":true,"_links":{"self":[{"href":"https:\/\/patrimoine-avesnois.fr\/fontaines\/wp-json\/wp\/v2\/pages\/89","targetHints":{"allow":["GET"]}}],"collection":[{"href":"https:\/\/patrimoine-avesnois.fr\/fontaines\/wp-json\/wp\/v2\/pages"}],"about":[{"href":"https:\/\/patrimoine-avesnois.fr\/fontaines\/wp-json\/wp\/v2\/types\/page"}],"author":[{"embeddable":true,"href":"https:\/\/patrimoine-avesnois.fr\/fontaines\/wp-json\/wp\/v2\/users\/2"}],"replies":[{"embeddable":true,"href":"https:\/\/patrimoine-avesnois.fr\/fontaines\/wp-json\/wp\/v2\/comments?post=89"}],"version-history":[{"count":9,"href":"https:\/\/patrimoine-avesnois.fr\/fontaines\/wp-json\/wp\/v2\/pages\/89\/revisions"}],"predecessor-version":[{"id":1390,"href":"https:\/\/patrimoine-avesnois.fr\/fontaines\/wp-json\/wp\/v2\/pages\/89\/revisions\/1390"}],"wp:attachment":[{"href":"https:\/\/patrimoine-avesnois.fr\/fontaines\/wp-json\/wp\/v2\/media?parent=89"}],"curies":[{"name":"wp","href":"https:\/\/api.w.org\/{rel}","templated":true}]}}